--
-- Host: localhost    Database: frotaclic
-- ------------------------------------------------------


--
-- Table structure for table `abastecimento`
--

CREATE TABLE `abastecimento` (
  `id_abastecimento` int(10) NOT NULL AUTO_INCREMENT,
  `id_veiculo` int(10) DEFAULT NULL,
  `id_motorista` int(10) DEFAULT NULL,
  `id_empresa` int(10) DEFAULT NULL,
  `data` date DEFAULT NULL,
  `km` int(10) DEFAULT NULL,
  `litros` float DEFAULT NULL,
  `preco_litro` float DEFAULT NULL,
  `total` float DEFAULT NULL,
  PRIMARY KEY (`id_abastecimento`)
) ENGINE=InnoDB AUTO_INCREMENT=2997 DEFAULT CHARSET=latin1;

--
-- Dumping data for table `abastecimento`
--

INSERT INTO `abastecimento` VALUES (1371,70,53,40,'2018-07-02',41232,31.322,4.789,150.001),(1376,60,55,39,'2018-07-02',NULL,39,4.69846,183.24),(1377,68,49,36,'2018-07-02',NULL,39.66,4.67196,185.29),(1378,74,56,40,'2018-07-03',60301,41.001,4.879,200.044),(1379,73,54,40,'2018-07-04',43429,55.18,4.879,269.223),(1380,59,55,39,'2018-07-04',NULL,50.14,4.69844,235.58),(1381,65,45,39,'2018-07-04',NULL,46.95,4.6984,220.59),(1382,62,42,39,'2018-07-04',NULL,40.58,4.69837,190.66),(1383,61,45,39,'2018-07-06',NULL,36.63,4.6984,172.102),(1384,72,52,40,'2018-07-07',40750,44.28,4.879,216.042),(1385,67,46,36,'2018-07-09',NULL,NULL,NULL,0),(1386,65,45,39,'2018-07-02',82209,34.89,4.2999,150.024),(1387,76,44,42,'2018-07-07',NULL,21.282,4.699,100.004),(1388,76,44,36,'2018-07-09',NULL,57.997,4.672,270.962),(1389,74,56,40,'2018-07-10',60677,41.38,4.879,201.893),(1391,68,49,36,'2018-07-10',36746,39.537,4.672,184.717),(1392,70,53,40,'2018-07-10',41467,24.77,4.879,120.853),(1393,66,48,36,'2018-07-11',43243,41.257,4.672,192.753),(1395,63,47,39,'2018-07-11',44557,44.49,4.6,204.654),(1396,62,45,36,'2018-07-12',72235,34.32,4.6719,160.34),(1397,71,51,40,'2018-07-12',37662,57.83,4.998,289.034),(1398,59,55,39,'2018-07-13',100023,45.49,4.60079,209.29),(1399,76,44,36,'2018-07-13',561499,45.262,4.794,216.986),(1400,62,45,36,'2018-07-16',72644,43.882,4.794,210.37),(1402,60,40,39,'2018-07-17',48773,44.68,4.947,221.032),(1403,68,49,36,'2018-07-18',37089,40.3,4.794,193.198),(1404,70,53,40,'2018-07-18',41779,28.17,4.899,138.005),(1405,59,55,39,'2018-07-20',100598,52.31,4.947,258.778),(1406,62,45,36,'2018-07-20',73036,40.09,4.794,192.191),(1407,67,46,36,'2018-07-20',66137,43.97,4.794,210.792),(1408,72,52,40,'2018-07-20',40750,44.71,4.899,219.034),(1409,73,54,40,'2018-07-23',43985,54.201,4.899,265.531),(1411,60,40,39,'2018-07-23',49227,42.13,5.052,212.841),(1412,64,48,39,'2018-07-23',45498,36.75,4.794,176.18),(1413,74,56,40,'2018-07-23',61362,40.421,4.899,198.022),(1414,62,45,36,'2018-07-24',73505,43.71,4.794,209.546),(1415,68,49,36,'2018-07-26',37443,38.862,4.794,186.304),(1416,76,44,36,'2018-07-28',56668,32.77,4.794,157.099),(1417,65,42,39,'2018-07-28',82802,41,4.794,196.554),(1419,63,47,39,'2018-07-30',44928,44.14,5.05,222.907),(1420,72,52,40,'2018-07-30',40750,23.281,4.899,114.054),(1421,62,45,40,'2018-07-30',73980,48.18,4.899,236.034),(1422,70,53,40,'2018-07-30',42171,36.341,4.899,178.035),(1423,74,56,40,'2018-07-31',61738,40.831,4.899,200.031),(1424,59,55,36,'2018-08-01',100998,50.36,4.794,241.426),(1425,71,51,40,'2018-08-01',38114,50.011,4.998,249.955),(1426,61,57,36,'2018-08-02',54292,49.582,4.794,237.696),(1427,67,46,36,'2018-08-02',66478,42.73,4.813,205.659),(1428,62,45,36,'2018-08-03',74445,47.787,4.794,229.091),(1429,68,49,36,'2018-08-03',37750,34.99,4.794,167.742),(1430,60,55,36,'2018-08-06',49549,44.215,4.794,211.967),(1432,76,52,40,'2018-08-06',57085,56.761,4.899,278.072),(1433,66,39,36,'2018-08-07',45905,36.19,4.794,173.495),(1434,72,56,40,'2018-08-07',40750,41.54,4.899,203.504),(1435,66,48,36,'2018-08-08',43542,39.46,4.794,189.171),(1436,62,45,36,'2018-08-09',74955,51.94,4.794,249),(1437,73,54,40,'2018-08-10',44516,57.5,4.899,281.693),(1438,70,53,40,'2018-08-13',42564,35.73,4.899,175.041),(1439,63,47,36,'2018-08-13',45279,40.3,4.784,192.795),(1440,62,45,40,'2018-08-14',75506,52.26,4.899,256.022),(1441,72,56,40,'2018-08-14',40750,41.65,4.899,204.043),(1442,68,57,36,'2018-08-17',38129,36.16,4.784,172.989),(1443,64,46,39,'2018-08-17',46204,39.6,5.052,200.059),(1444,62,45,36,'2018-08-17',75858,35.772,4.784,171.133),(1445,62,45,36,'2018-08-20',76231,36.246,4.784,173.401),(1447,60,55,39,'2018-08-21',50049,45.94,5.052,232.089),(1448,59,39,39,'2018-08-21',101420,50.17,5.052,253.459),(1450,76,52,40,'2018-08-21',57563,48.99,4.899,240.002),(1451,72,56,40,'2018-08-22',40750,40831,4.899,200031),(1452,66,48,36,'2018-08-22',43836,37.9,4.784,181.314),(1453,61,42,39,'2018-08-22',54705,51.48,5.052,260.077),(1454,62,45,40,'2018-08-23',76471,23.481,4.899,115.033),(1455,61,44,39,'2018-08-23',54969,23.77,5.052,120.086),(1456,70,53,40,'2018-08-27',42938,38,4.899,186.162),(1457,63,47,39,'2018-08-27',45655,44.64,5.157,230.208),(1458,68,57,36,'2018-08-27',38444,38.15,4.849,184.989),(1459,60,55,39,'2018-08-28',50542,42.29,4.936,208.743),(1460,62,42,36,'2018-08-29',76970,47.53,4.8449,230.278),(1461,61,44,39,'2018-08-29',55625,53.62,4.936,264.668),(1462,72,56,40,'2018-08-29',40750,40.011,4.899,196.014),(1463,65,45,36,'2018-08-30',83766,50.15,4.849,243.177),(1464,67,46,36,'2018-08-30',66785,40.5,4.849,196.385),(1465,73,54,40,'2018-08-31',45041,41.101,4.989,205.053),(1467,59,39,39,'2018-09-01',101849,49.89,5.052,252.044),(1468,76,52,40,'2018-09-04',57957,47.511,4.989,237.032),(1469,70,53,40,'2018-09-04',43276,33621,4.989,167735),(1470,72,56,40,'2018-09-04',40750,40.091,4.989,200.014),(1471,66,48,36,'2018-09-05',44145,38.44,4.78,183.743),(1472,79,45,40,'2018-09-06',77412,40.011,4.989,199.615),(1473,68,57,36,'2018-09-10',38749,41.507,4.78,198.403),(1474,65,45,39,'2018-09-10',84288,44.55,5.21,232.105),(1476,62,42,39,'2018-09-10',77805,45.52,5.21,237.159),(1477,63,47,39,'2018-09-10',45987,38.19,5.21,198.97),(1479,64,50,39,'2018-09-11',46516,40.331,5.21,210.125),(1480,59,39,39,'2018-09-12',102016,28.48,5.21,148.381),(1481,67,46,36,'2018-09-12',62098,42.69,4.885,208.541),(1482,59,39,39,'2018-09-13',102533,49.43,5.21,257.53),(1483,75,56,40,'2018-09-13',40750,46.61,4.989,232.537),(1484,61,60,39,'2018-09-13',56453,52.43,5.21,273.16),(1485,62,42,39,'2018-09-13',78295,46.94,5.21,244.557),(1486,70,58,40,'2018-09-13',43661,38.251,5.098,195.004),(1487,71,51,40,'2018-09-14',38920,56.811,5.198,295.304),(1488,65,45,40,'2018-09-17',84781,46311,5.098,236093),(1489,76,52,40,'2018-09-17',23429,44.141,5.098,225.031),(1490,60,55,39,'2018-09-18',51550,43.93,5.26,231.072),(1491,73,54,40,'2018-09-18',45438,57.49,5.098,293.084),(1492,75,56,40,'2018-09-21',62112,41.991,5.098,214.07),(1493,68,57,36,'2018-09-21',39074,38.587,4.885,188.497),(1494,63,47,39,'2018-09-21',46422,45.29,5.262,238.316),(1495,65,45,40,'2018-09-24',85256,48.49,5.098,247.202),(1496,66,48,36,'2018-09-24',44447,39,39,1521),(1497,67,46,36,'2018-09-24',67389,39.14,4.885,191.199),(1498,72,58,40,'2018-09-24',40771,40.41,5.098,206.01),(1499,61,60,39,'2018-09-25',56872,50.05,5.262,263.363),(1500,60,55,39,'2018-09-27',NULL,NULL,NULL,0),(1501,65,45,40,'2018-09-27',85611,33.551,5.098,171.043),(1502,62,42,36,'2018-09-28',78840,45.47,4.88,221.894),(1503,75,56,40,'2018-09-28',62469,42.57,5.098,217.022),(1504,76,52,40,'2018-09-28',58653,42270,5.098,215492),(1505,59,40,39,'2018-10-01',102980,52.65,5.309,279.519),(1506,73,54,40,'2018-10-04',45866,45.601,5.269,240.272),(1507,68,57,36,'2018-10-04',39407,39.58,4.946,195.763),(1508,65,45,40,'2018-10-04',86061,47.22,5.169,244.08),(1509,71,51,40,'2018-10-05',39366,56.951,5.269,300.075),(1510,75,56,40,'2018-10-05',62834,41.991,5.169,217.051),(1511,67,46,36,'2018-10-05',67717,41.19,4.946,203.726),(1512,72,58,40,'2018-10-08',41150,38.71,5.169,200.092),(1513,65,45,40,'2018-10-09',86495,41941,5.169,216793),(1514,60,55,39,'2018-10-09',52327,48.07,5.309,255.204),(1515,61,60,39,'2018-10-09',57301,50.71,5.309,269.219),(1516,63,47,39,'2018-10-09',46779,44.02,5.309,233.702),(1517,76,52,40,'2018-10-10',58987,39.08,5.169,202.005),(1518,62,42,39,'2018-10-10',79705,48.97,5.412,265.026),(1519,64,50,39,'2018-10-10',46878,41.43,5.412,224.219),(1522,65,45,39,'2018-10-11',96000,34.91,5.3,185.023),(1523,66,57,36,'2018-10-13',44738,37.85,4.946,187.206),(1524,65,45,40,'2018-10-15',87127,47.22,5.169,244.08),(1525,75,56,40,'2018-10-15',63205,41.79,5.169,216.013),(1526,73,54,40,'2018-10-15',55470,55.47,5.169,286.724),(1527,59,40,36,'2018-10-15',103419,52.19,5.309,277.077),(1528,68,57,36,'2018-10-17',39760,40.487,4.946,200.249),(1529,67,46,36,'2018-10-18',68040,40.58,4.946,200.709),(1530,65,45,40,'2018-10-19',87732,23.421,5.169,121.063),(1531,75,56,40,'2018-10-19',63510,41.02,5.169,212.032),(1532,76,52,40,'2018-10-22',59334,46.35,5.169,239.583),(1533,60,55,39,'2018-10-23',52751,50.81,5.309,269.75),(1534,70,60,39,'2018-10-23',44052,38.01,5.309,201.795),(1535,65,45,40,'2018-10-23',49120,5.169,49.12,253.901),(1536,62,42,36,'2018-10-23',80235,52.675,4.946,260.531),(1537,72,58,40,'2018-10-23',40240,40.24,5.169,208.001),(1538,61,60,39,'2018-10-24',57799,50.76,5.309,269.485),(1539,75,56,40,'2018-10-25',63933,44.021,5.169,227.545),(1540,71,51,40,'2018-10-26',39817,57.89,5.269,305.022),(1541,63,47,36,'2018-10-26',47116,39.51,5.057,199.802),(1542,73,54,40,'2018-10-26',47008,54.901,5.169,283.783),(1543,68,57,36,'2018-10-29',40069,39.09,4.946,193.339),(1544,65,45,40,'2018-10-29',88674,50.311,5.148,259.001),(1545,62,42,39,'2018-10-30',80668,47.65,5.309,252.974),(1546,59,40,39,'2018-10-30',0,46.4,5.309,246.338),(1547,64,50,39,'2018-10-30',47228,33.5,5.309,177.852),(1549,76,58,40,'2018-10-31',59605,38.77,4.979,193.036),(1550,60,55,39,'2018-11-01',53200,46.93,5.309,249.151),(1551,61,60,39,'2018-11-01',58057,31.47,5.309,167.074),(1552,75,56,40,'2018-11-05',64336,45.002,4.979,224.065),(1553,65,45,40,'2018-11-05',89104,45911,4.979,228591),(1554,62,42,36,'2018-11-05',81238,49.892,4.946,246.766),(1555,66,48,36,'2018-11-05',45089,40.47,4.946,200.165),(1556,59,46,39,'2018-11-06',104367,49.62,5.366,266.261),(1557,62,42,39,'2018-11-07',81641,34.07,5.255,179.038),(1558,61,60,39,'2018-11-08',58589,51.38,5.255,270.002),(1559,62,42,39,'2018-11-08',82247,48.24,5.255,253.501),(1560,60,55,39,'2018-11-09',53667,48.97,5.255,257.337),(1561,59,46,39,'2018-11-10',104742,45.78,5.255,240.574),(1562,72,52,40,'2018-11-10',41902,41.12,4.879,200.624),(1563,76,58,40,'2018-11-10',59993,46.631,4.879,227.513),(1564,68,57,36,'2018-11-12',40437,40.01,4.796,191.888),(1565,65,45,40,'2018-11-12',89562,51.47,4.879,251.122),(1566,70,58,40,'2018-11-12',44494,39.97,4.879,195.014),(1567,64,50,39,'2018-11-12',47539,41.69,5.109,212.994),(1568,75,56,40,'2018-11-12',64756,42.04,4.879,205.113),(1569,63,47,39,'2018-11-13',47452,42.68,5.109,218.052),(1570,62,42,39,NULL,NULL,NULL,NULL,0),(1571,62,42,39,'2018-11-13',82753,43.09,5.109,220.147),(1572,73,54,40,'2018-11-14',47580,58.381,4.879,284.841),(1573,60,55,39,'2018-11-16',54043,35.65,5.109,182.136),(1574,65,45,40,'2018-11-16',89877,39,4.799,187.161),(1575,59,46,39,'2018-11-20',105230,43.62,5.109,222.855),(1576,65,45,40,'2018-11-21',90283,44.601,4.799,214.04),(1577,71,51,40,'2018-11-21',40259,60.89,4.979,303.171),(1578,62,42,39,'2018-11-21',83216,43.47,5.109,222.088),(1579,76,55,36,'2018-11-22',60382,39.79,5.109,203.287),(1580,75,56,40,'2018-11-22',65135,41.27,4.799,198.055),(1582,61,60,39,'2018-11-22',59008,49.72,5.109,254.019),(1583,68,57,36,'2018-11-23',40752,39.985,4.696,187.77),(1584,70,58,40,'2018-11-23',44880,39.8,4.699,187.02),(1585,72,52,40,'2018-11-24',42294,42.141,4.699,198.021),(1586,59,46,39,'2018-11-26',105664,41.04,5.109,209.673),(1587,65,45,40,'2018-11-26',90704,47.521,4.699,223.301),(1588,69,44,39,'2018-11-26',0,21,5.109,107.289),(1589,66,48,36,'2018-11-27',45417,41.79,4.696,196.246),(1590,64,50,39,'2018-11-27',47905,43.27,5.109,221.066),(1591,73,54,40,'2018-11-27',48101,51.079,4.699,240.02),(1592,60,55,39,'2018-11-28',54423,41.62,5.109,212.637),(1593,63,47,39,'2018-11-28',47820,43.33,5.109,221.373),(1595,75,56,40,'2018-11-29',65532,41.501,4.699,195.013),(1596,62,61,39,'2018-11-29',83844,51.45,4.999,257.199),(1597,59,46,39,'2018-11-29',106129,46.6,4.999,232.953),(1598,76,44,39,'2018-11-30',60724,36,4.999,179.964),(1599,65,45,40,'2018-11-30',91130,50.12,4.699,235.514),(1600,68,57,36,'2018-12-03',41095,4.696,4.696,22.0524),(1601,67,60,36,'2018-12-03',68362,39.38,4.696,184.928),(1602,61,45,39,'2018-12-04',59409,46.61,4.999,233.003),(1603,62,42,39,'2018-12-04',84441,46.62,4.999,233.053),(1604,70,58,40,'2018-12-06',45271,40.662,4.599,187.005),(1605,75,56,40,'2018-12-07',65919,41.331,4.599,190.081),(1606,59,46,39,'2018-12-07',106515,39.39,4.999,196.911),(1607,65,45,40,'2018-12-07',91545,49.581,4.599,228.023),(1608,61,60,39,'2018-12-08',59950,49.81,4.999,249),(1609,72,52,40,'2018-12-08',42690,43.49,4.599,200.011),(1610,64,50,39,'2018-12-10',48262,39.1,4.999,195.461),(1611,60,55,39,'2018-12-11',54873,49.13,5.099,250.514),(1612,63,47,36,'2018-12-11',48096,32.62,4.639,151.324),(1613,59,46,39,'2018-12-12',106909,39.09,4.999,195.411),(1614,68,57,36,'2018-12-12',41452,41.393,4.639,192.022),(1615,71,51,40,'2018-12-12',40738,58.15,4.799,279.062),(1616,75,56,40,'2018-12-14',66277,40.89,4.599,188.053),(1617,60,55,39,'2018-12-18',55440,50.45,4.999,252.2),(1618,59,46,39,'2018-12-18',107375,48.9,4.999,244.451),(1619,70,58,40,'2018-12-18',45656,40.411,4.599,185.85),(1620,73,54,40,'2018-12-19',48619,54.03,4.599,248.484),(1621,65,45,40,'2018-12-19',92268,47.8,4.599,219.832),(1622,65,45,40,'2018-12-13',91879,51.951,4.599,238.923),(1623,76,44,36,'2018-12-20',60138,40.173,4.639,186.363),(1624,72,52,40,'2018-12-21',43093,43.271,4.599,199.003),(1625,75,56,40,'2018-12-21',66618,40.011,4.799,192.013),(1626,61,60,39,'2018-12-21',60353,49.22,4.999,246.051),(1627,68,57,36,'2018-12-24',41796,41.3,4.639,191.591),(1628,63,47,36,'2018-12-26',48430,44.85,4.639,208.059),(1629,64,50,36,'2018-12-26',48619,41.594,4.639,192.955),(1630,65,45,40,'2018-12-26',92656,42.86,4.599,197.113),(1631,66,48,36,'2018-12-27',45733,38.26,4.639,177.488),(1632,62,44,39,'2018-12-27',85472,50.01,4.999,250),(1633,70,58,40,'2018-12-28',46091,43.271,4.599,199.003),(1634,71,51,40,'2018-12-31',41204,58.571,4.799,281.082),(1635,60,55,39,'2019-01-02',55840,48.87,4.999,244.301),(1636,59,46,39,'2019-01-03',107767,44.44,4.999,222.156),(1637,65,45,40,'2019-01-03',92999,45.23,4.599,208.013),(1638,75,56,40,'2019-01-04',66994,42.881,4.479,192.064),(1639,69,44,39,'2019-01-07',61462,70.1,4.999,350.43),(1640,72,52,40,'2019-01-07',44660,44.66,4.479,200.032),(1641,68,57,36,'2019-01-08',42133,40.21,4.639,186.534),(1642,69,61,36,'2019-01-08',0,8,19.5,156),(1643,69,61,36,'2019-01-08',0,30,3.431,102.93),(1644,69,61,36,'2019-01-08',0,30,3.431,102.93),(1645,73,54,40,'2019-01-09',53271,53.271,4.479,238.601),(1646,65,51,40,'2019-01-10',93340,43.68,4.579,200.011),(1647,63,47,36,'2019-01-10',48868,43.712,4.532,198.103),(1648,70,58,40,'2019-01-10',46499,38.381,4.379,168.07),(1649,75,56,40,'2019-01-11',67423,42.94,4.379,188.034),(1650,66,48,36,'2019-01-11',46046,38.8,4.532,175.842),(1651,61,60,39,'2019-01-12',60754,48.25,5.099,246.027),(1652,79,42,39,'2019-01-14',85960,44.1,4.777,210.666),(1653,60,55,39,'2019-01-15',56292,50.05,4.777,239.089),(1654,59,46,39,'2019-01-15',108142,41.9,4.777,200.156),(1655,64,59,36,'2019-01-15',48949,39.361,4.771,187.791),(1656,65,45,40,'2019-01-15',93734,46.819,4.379,205.02),(1657,68,57,36,'2019-01-17',42491,42.2,4.532,191.25),(1658,72,52,40,'2019-01-18',43903,42.711,4.379,187.031),(1659,75,56,40,'2019-01-18',67814,42.25,4.379,185.013),(1661,71,51,40,'2019-01-19',41679,58.701,4.379,257.052),(1662,73,54,40,'2019-01-21',49616,58.951,4.479,264.042),(1663,60,55,39,'2019-01-22',0,48.49,4.777,231.637),(1664,76,46,36,'2019-01-22',61914,44.16,4.532,200.133),(1665,70,58,40,'2019-01-22',46885,41.391,4.479,185.39),(1666,65,45,40,'2019-01-23',94074,48.9,4.479,219.023),(1668,59,59,39,'2019-01-24',108596,46,4.999,229.954),(1669,63,47,36,'2019-01-25',49254,43.93,4.532,199.091),(1670,75,56,40,'2019-01-25',68197,40.86,4.479,183.012),(1671,67,60,39,'2019-01-26',68740,43.9,4.631,203.301),(1672,76,46,36,'2019-01-29',62210,46.12,4.532,209.016),(1673,61,60,39,'2019-01-29',61151,48.96,4.631,226.734),(1674,79,42,39,'2019-01-30',86308,37.37,4.631,173.06),(1675,64,59,36,'2019-01-30',49292,41,4.532,185.812),(1676,65,45,40,'2019-01-30',94403,46.172,4.479,206.804),(1677,68,57,36,'2019-01-31',42815,37.08,4.532,168.047),(1678,72,52,40,'2019-01-31',44304,43.76,4.479,196.001),(1679,66,48,36,'2019-02-01',46373,41.36,4.532,187.444),(1680,75,56,40,'2019-02-01',68592,42.869,4.479,192.01),(1681,65,45,40,'2019-02-04',94714,40.12,4.45,178.534),(1682,60,55,39,'2019-02-04',57270,52.47,4.631,242.989),(1683,70,58,40,'2019-02-06',47290,39.951,4.45,177.782),(1684,76,44,39,'2019-02-08',62610,47.38,4.736,224.392),(1685,65,45,40,'2019-02-09',95069,40421,4.45,179873),(1686,68,57,36,'2019-02-11',43167,41.44,4.488,185.983),(1687,75,56,40,'2019-02-11',69158,41.58,4.455,185.239),(1688,61,60,39,'2019-02-12',61591,48.25,4.736,228.512),(1689,63,47,36,'2019-02-13',49639,45.12,4.622,208.545),(1690,64,50,36,'2019-02-13',49645,42.03,4.488,188.631),(1691,72,52,40,'2019-02-14',44709,42.702,4.45,190.024),(1692,70,58,40,'2019-02-14',47856,27.18,4.45,120.951),(1693,65,45,40,'2019-02-15',95463,45.102,4.45,200.704),(1694,60,40,39,'2019-02-18',57754,47.79,4.432,211.805),(1695,75,56,40,'2019-02-18',69542,41.809,4.45,186.05),(1696,73,54,40,'2019-02-19',50142,56.4,4.399,248.104),(1697,66,48,36,'2019-02-20',46679,37.17,4.488,166.819),(1699,62,44,39,'2019-02-20',86810,50,4.532,226.6),(1700,65,45,40,'2019-02-20',95764,43881,4.399,193033),(1701,76,44,39,'2019-02-22',62961,40.79,4.535,184.983),(1702,68,57,36,'2019-02-22',43514,42.79,4.488,192.042),(1703,60,40,39,'2019-02-23',58234,48,4.532,217.536),(1704,63,47,36,'2019-02-26',49997,42.55,4.488,190.964),(1705,61,60,39,'2019-02-26',62017,47.79,4.535,216.728),(1706,65,45,40,'2019-02-27',96260,43.121,4.499,194.001),(1707,72,52,40,'2019-02-27',45110,42.241,4.499,190.042),(1708,75,56,40,'2019-02-27',69940,43.55,4.499,195.931),(1709,70,58,40,'2019-03-01',48006,41.781,4.499,187.973),(1710,64,50,36,'2019-03-01',50003,42.83,4.488,192.221),(1711,68,57,36,'2019-03-08',43889,42.77,4.588,196.229),(1712,75,56,40,'2019-03-09',70337,41.77,4.549,190.012),(1713,59,48,39,'2019-03-11',108947,40.95,4.699,192.424),(1714,71,51,40,'2019-03-11',42167,4.699,54.71,257.082),(1715,73,54,40,'2019-03-12',50659,58361,4.599,268402),(1716,65,45,40,'2018-03-12',NULL,NULL,NULL,0),(1717,63,47,39,'2019-03-13',50378,46,4.639,213.394),(1718,72,52,40,'2019-03-13',45506,43.93,4.599,202.034),(1719,61,60,39,'2019-03-14',62447,49.4,4.639,229.167),(1720,75,56,40,'2019-03-15',70724,43.51,4.599,200.102),(1721,62,42,39,'2019-03-15',87709,44.78,4.639,207.734),(1722,59,48,39,'2019-03-15',109340,42.51,4.639,197.204),(1723,70,58,40,'2019-03-18',46364,37.841,4.599,174.031),(1724,69,48,36,'2019-03-18',0,30.306,3.531,107.01),(1725,65,45,40,'2019-03-12',96980,39.211,4.599,180.331),(1726,76,44,39,'2019-03-19',63461,39.85,4.74,188.889),(1727,64,50,36,'2019-03-19',50374,39.238,4.588,180.024),(1728,68,57,39,'2019-03-19',44279,43.77,4.742,207.557),(1729,65,45,40,'2019-03-19',97314,44.521,4.599,204.752),(1730,59,48,39,'2019-03-21',109472,42.28,4.742,200.492),(1731,75,56,40,'2019-03-23',71104,41.9,4.679,196.05),(1732,76,44,39,'2019-03-25',63957,46.93,4.74,222.448),(1733,60,61,39,'2019-03-25',58650,45.95,4.74,217.803),(1734,71,62,40,'2019-03-26',42709,55.331,4.679,258.894),(1735,72,52,40,'2019-03-27',45924,43.181,4.679,202.044),(1736,63,47,36,'2019-03-27',40576,43.91,4.59,201.547),(1737,65,45,40,'2019-03-27',97314,49.8,4.679,233.014),(1738,61,60,39,'2019-03-29',62996,49.824,4.69,233.675),(1739,76,44,39,'2019-03-29',64276,33.81,4.69,158.569),(1740,68,57,36,'2019-03-29',44635,43.12,4.69,202.233),(1741,62,60,39,'2019-03-29',88307,47.56,4.69,223.056),(1742,70,58,40,'2019-03-30',48755,41.251,4.679,193.013),(1743,75,56,40,'2019-03-30',71514,41.471,4.679,194.043),(1744,73,54,40,'2019-04-02',51190,59.421,4.679,278.031),(1745,65,45,40,'2019-04-02',98223,48.731,4.679,228.012),(1746,59,48,39,'2019-04-02',110149,51.34,4.69,240.785),(1747,71,62,40,'2019-04-03',43180,55.79,4.679,261.041),(1748,76,44,39,'2019-04-04',64780,51.14,4.69,239.847),(1749,64,50,36,'2019-04-05',50704,39.68,4.69,186.099),(1750,65,45,40,'2019-03-06',96645,46.91,4.549,213.394),(1751,75,56,40,'2019-04-05',71900,44.391,4.799,213.032),(1752,62,42,39,'2019-04-06',88399,13.56,4.69,63.5964),(1753,65,63,40,'2019-04-06',98556,41.001,4.799,196.764),(1754,72,52,40,'2019-04-09',46337,45.17,4.799,216.771),(1755,62,42,39,'2019-04-09',88975,46.18,4.72,217.97),(1756,68,57,36,'2019-04-11',45011,40,4.77,190.8),(1757,71,62,40,'2019-04-11',43669,57.521,4.799,276.043),(1758,65,45,40,'2019-04-12',98937,46.531,4.799,223.302),(1759,61,60,39,'2019-04-12',63385,49.98,4.72,235.906),(1760,75,56,40,'2019-04-13',72283,43.77,4.799,210.052),(1761,76,44,39,'2019-04-15',65188,50.71,4.72,239.351),(1762,63,47,36,'2019-04-15',51099,48.39,4.77,230.82),(1763,70,58,40,'2019-04-17',49169,40.11,4.929,197.702),(1764,66,42,39,'2019-04-17',47058,39.66,4.72,187.195),(1767,65,63,40,'2019-04-18',99366,47.071,4.929,232.013),(1768,62,42,39,'2019-04-18',89428,44.43,4.92,218.596),(1770,76,64,39,'2019-04-22',65667,45.81,4.92,225.385),(1771,72,52,40,'2019-04-22',46758,43.62,4.929,215.003),(1772,75,56,40,'2019-04-23',72672,41.591,4.929,205.002),(1773,59,48,39,'2019-04-24',110482,54.69,4.92,269.075),(1774,68,57,39,NULL,NULL,NULL,NULL,0),(1775,68,57,36,'2019-04-24',45368,41.49,4.87,202.056),(1776,73,54,40,'2019-04-24',51757,62490,4.929,308013),(1777,64,50,36,'2019-04-24',51049,41.66,4.87,202.884),(1778,71,62,40,'2019-04-24',44148,59.25,4.929,292.043),(1779,65,45,40,'2019-04-25',99747,44.33,4.929,218.503),(1780,62,42,39,'2019-04-26',NULL,NULL,NULL,0),(1782,61,60,39,'2019-04-26',63880,48.19,4.97,239.504),(1783,76,64,39,'2019-04-29',66094,46.67,4.97,231.95),(1784,75,56,40,'2019-04-29',72995,35.101,4.929,173.013),(1785,70,58,40,'2019-05-02',49587,40.211,4.999,201.015),(1786,68,65,40,'2019-05-02',45732,38.62,4.999,193.061),(1787,63,47,36,'2019-05-03',51510,43.417,4.997,216.955),(1788,61,60,39,'2019-05-06',64405,49.657,4.976,247.093),(1789,65,63,40,'2019-05-06',100168,44.731,4.999,223.61),(1790,71,62,40,'2019-05-07',44635,57.46,4.999,287.243),(1791,68,56,40,'2019-05-07',46145,40.011,4.999,200.015),(1792,72,51,36,'2019-05-08',47160,20.013,4.997,100.005),(1793,72,52,40,'2019-05-09',73375,43.011,4.999,215.012),(1794,76,64,39,'2019-05-09',66416,44.39,4.976,220.885),(1795,59,48,39,'2019-05-09',110888,49.906,4.976,248.332),(1796,66,57,36,'2019-05-10',47407,37.15,4.997,185.639),(1797,62,42,39,'2019-05-10',91240,47.616,4.976,236.937),(1798,65,63,40,'2019-05-10',100500,44.621,4.999,223.06),(1799,60,54,40,'2019-05-13',59121,52.13,4.949,257.991),(1800,72,56,40,'2019-05-13',47375,39.611,4.949,196.035),(1801,70,58,40,'2019-05-14',49976,37.99,4.949,188.013),(1802,68,57,36,'2019-05-14',46524,38.49,4.997,192.335),(1803,71,62,40,'2019-05-15',45078,53.751,4.949,266.014),(1804,64,61,36,'2019-05-15',51396,44.83,4.997,224.016),(1805,65,45,40,'2019-05-17',100915,41.971,4.94,207.337),(1807,63,47,36,'2019-05-20',51859,41.98,4.997,209.774),(1808,62,42,39,'2019-05-20',91418,16.816,4.976,83.6764),(1809,66,60,36,'2019-05-21',47765,38.56,4.997,192.684),(1810,72,56,40,'2019-05-21',47761,42.531,4.999,212.612),(1811,75,52,40,'2019-05-21',73762,43.611,4.999,218.011),(1812,76,64,39,'2019-05-22',66846,45.77,4.976,227.752),(1813,67,50,36,'2019-05-22',69075,40.04,4.997,200.08),(1814,65,45,40,'2019-05-22',101275,38.01,4.99,189.67),(1815,68,57,36,'2019-05-22',46856,39.98,4.997,199.78),(1816,62,42,39,'2019-05-23',92030,51.014,4.976,253.846),(1817,71,62,40,'2019-05-23',45525,57.62,4.999,288.042),(1818,76,48,58,'2020-09-25',NULL,NULL,NULL,0),(1819,70,58,40,'2019-05-27',50352,38.61,4.999,193.011),(1820,73,54,40,'2019-05-28',59557,50.191,4.999,250.905),(1821,63,47,36,'2019-05-30',52251,48.388,4.993,241.601),(1822,75,56,40,'2019-05-30',74140,41.011,4.999,205.014),(1823,76,64,36,'2019-05-31',67198,35.706,4.943,176.495),(1824,66,60,36,'2019-05-31',48109,36.895,4.943,182.372),(1825,68,57,36,'2019-06-03',47223,41.271,4.943,204.003),(1827,71,62,40,'2019-06-05',45984,55.921,4.829,270.043),(1828,75,56,40,'2019-06-06',74531,43.5,4.829,210.061),(1829,62,42,39,'2019-06-06',92941,36.123,4.87,175.919),(1830,59,59,36,'2019-06-07',111679,56.703,4.889,277.221),(1831,62,42,39,'2019-06-07',93135,16.943,4.87,82.5124),(1832,76,48,39,'2019-06-07',67520,45.9,4.87,223.533),(1833,70,56,40,'2019-06-10',50740,39.05,4.789,187.01),(1834,62,42,39,'2019-06-10',93769,52.091,4.87,253.683),(1835,64,50,36,'2019-06-11',51700,38.133,4.889,186.432),(1836,66,60,36,'2019-06-11',48495,39.966,4.889,195.394),(1837,75,56,40,'2019-06-11',75180,41.771,4.789,200.041),(1838,60,54,40,'2019-06-12',59986,57.15,4.789,273.691),(1839,68,57,36,'2019-06-12',47574,39.833,4.889,194.744),(1840,73,66,40,'2019-06-14',52328,10.551,4.739,50.0012),(1841,62,43,39,'2019-06-15',NULL,37.12,6.031,223.871),(1842,71,62,40,'2019-06-17',46433,58.26,4.739,276.094),(1843,63,47,36,'2019-06-17',52625,42.13,4.783,201.508),(1844,65,63,40,'2019-06-17',102504,45.751,4.739,216.814),(1845,75,56,40,'2019-06-17',75580,41.151,4.739,195.015),(1846,61,61,39,'2019-06-18',64876,51.282,4.87,249.743),(1847,65,63,40,'2019-06-11',102156,48.18,4.789,230.734),(1848,76,48,39,'2019-06-19',67789,33.789,4.87,164.552),(1849,66,60,36,'2019-06-22',48857,37.847,4.783,181.022),(1850,59,59,39,'2019-06-22',112022,44.774,4.87,218.049),(1851,70,62,40,'2019-06-24',51033,32.811,4.739,155.491),(1852,65,63,40,'2019-06-25',102897,46.37,4.699,217.893),(1853,75,56,40,'2019-06-25',75942,42.571,4.699,200.041),(1854,68,57,36,'2019-06-26',47896,39.095,4.783,186.991),(1855,64,50,36,'2019-06-26',52011,39.58,4.783,189.311),(1856,60,51,40,'2019-06-29',60472,50.79,4.699,238.662),(1857,75,56,40,'2019-07-02',76335,43.181,4.679,202.044),(1858,63,47,36,'2019-07-02',52984,44.28,4.783,211.791),(1859,65,63,40,'2019-07-02',103287,48.66,4.679,227.68),(1860,65,45,40,'2019-06-24',102835,4,33.75,135),(1861,62,42,39,'2019-07-02',94918,36.758,4.87,179.011),(1862,76,48,39,'2019-07-04',68112,41.887,4.87,203.99),(1863,59,59,39,'2019-07-04',112374,43.944,4.87,214.007),(1864,70,62,40,'2019-07-04',51370,37.62,4.679,176.024),(1865,61,44,39,'2019-07-04',65197,26.196,4.971,130.22),(1866,66,60,36,'2019-07-05',49222,39.432,4.783,188.603),(1867,65,63,40,'2019-06-01',102,54.101,4.899,265.041),(1868,62,42,39,'2019-07-06',95465,45.095,4.87,219.613),(1869,69,60,36,'2019-07-08',NULL,21692,3.553,77071.7),(1870,62,42,39,'2019-07-07',96044,43.724,4.87,212.936),(1871,65,63,40,'2019-07-08',103726,46.44,4.679,217.293),(1872,68,57,36,'2019-07-09',48230,42.91,4.783,205.239),(1873,67,50,36,'2019-07-09',69409,43.891,4.783,209.931),(1874,75,56,40,'2019-07-09',76717,42.751,4.679,200.032),(1876,62,42,39,'2019-07-09',96305,21.121,4.87,102.859),(1877,62,42,39,'2019-07-11',96896,45.45,4.842,220.069),(1878,73,51,40,'2019-07-12',52371,21.373,4.679,100.004),(1879,59,59,39,'2019-07-13',112807,44.4,4.842,214.985),(1880,70,62,40,'2019-07-15',51718,38.47,4.679,180.001),(1881,65,63,40,'2019-07-15',104159,46.6,4.679,218.041),(1882,61,42,39,'2019-07-15',65743,49.6,4.842,240.163),(1883,63,47,36,'2019-07-16',53348,43.655,4.783,208.802),(1884,75,56,40,'2019-07-16',77129,43.091,4.679,201.623),(1885,71,51,40,'2019-07-17',46979,57.421,4.799,275.563),(1886,68,57,36,'2019-07-18',48562,39.31,4.783,188.02),(1887,76,48,39,'2019-07-18',68400,43.31,4.842,209.707),(1888,62,42,39,'2019-07-19',97267,31.1,4.842,150.586),(1889,65,63,40,'2019-07-19',104569,42.501,4.679,198.862),(1890,66,60,36,'2019-07-20',49597,39.52,4.783,189.024),(1891,59,59,39,'2019-07-22',113161,43.63,4.842,211.256),(1892,70,62,40,'2019-07-23',52071,37.421,4.679,175.093),(1893,75,56,40,'2019-07-23',77537,42.531,4.679,199.003),(1894,62,42,36,'2019-07-25',97852,47.34,5.031,238.168),(1895,61,44,36,'2019-07-25',65966,19.96,5.031,100.419),(1896,59,59,39,'2019-07-26',113495,38.91,4.842,188.402),(1897,62,42,39,'2019-07-26',NULL,NULL,NULL,0),(1898,65,63,40,'2019-07-26',105011,48.351,4.679,226.234),(1899,76,48,36,'2019-07-29',68775,52.988,4.783,253.442),(1900,68,57,36,'2019-07-29',48901,41.42,4.783,198.112),(1901,75,56,40,'2019-07-29',77939,43.39,4.679,203.022),(1902,70,62,40,'2019-08-01',52428,38.47,4.679,180.001),(1903,62,42,39,'2019-08-01',98607,37.19,4.842,180.074),(1904,66,60,36,'2019-08-01',49955,39.03,4.783,186.68),(1905,64,50,36,'2019-08-02',52312,41.786,4.783,199.862),(1906,65,63,40,'2019-08-02',105464,47.04,4.679,220.1),(1907,59,59,39,'2019-08-05',113841,40.21,4.842,194.697),(1908,62,42,39,'2019-08-05',98983,34.1,4.842,165.112),(1909,75,56,40,'2019-08-05',78338,43961,4.679,205694),(1910,76,48,39,'2019-08-07',69068,36.35,4.842,176.007),(1911,71,51,40,'2019-08-07',47494,57.11,4.799,274.071),(1912,62,42,39,'2019-08-08',99476,39.9,4.842,193.196),(1913,70,62,40,'2019-08-09',52780,38.489,4.679,180.09),(1914,68,57,36,'2019-08-09',49266,41.196,4.783,197.04),(1915,63,47,36,'2019-08-12',53695,45.37,4.783,217.005),(1916,75,56,40,'2019-08-12',78732,41.041,4.679,192.031),(1917,69,59,36,'2019-08-12',NULL,30.012,3.553,106.633),(1918,59,59,36,'2019-08-12',114255,56.08,4.783,268.231),(1919,66,60,36,'2019-08-13',50301,37.51,4.783,179.41),(1920,59,42,39,'2019-08-14',69719,42.61,4.842,206.318),(1921,60,62,40,'2019-08-14',60897,44.121,4.679,206.442),(1922,62,42,39,'2019-08-16',99961,36.32,4.735,171.975),(1923,75,56,40,'2019-08-17',79166,42.971,4.679,201.061),(1924,64,50,36,'2019-08-19',52635,42.01,4.683,196.733),(1925,65,45,40,'2019-08-19',106273,49.351,4.679,230.913),(1926,76,59,36,'2019-08-19',69432,42.273,4.683,197.964),(1928,73,54,40,'2019-08-21',152631,45.43,4.57921,208.033),(1929,71,51,40,'2019-08-22',47839,38.521,4.699,181.01),(1930,62,42,39,'2019-08-22',100532,45.43,4.735,215.111),(1931,75,56,40,'2019-08-22',79166,41.831,4.579,191.544),(1932,65,45,40,'2019-08-22',106786,44.56,1.579,70.3602),(1933,66,60,36,'2019-08-23',50671,38.8,4.683,181.7),(1934,70,62,40,'2019-08-23',52780,39.97,4.579,183.023),(1935,63,47,36,'2019-08-23',54047,44.05,4.683,206.286),(1936,60,65,40,'2019-08-23',61312,46.851,4.579,214.531),(1937,76,59,39,'2019-08-26',69764,41.89,4.735,198.349),(1938,65,45,40,'2019-08-26',107180,36.211,4.579,165.81),(1939,65,45,40,'2019-08-10',105823,48.522,4.679,227.034),(1940,62,42,39,'2019-08-27',100676,12.18,4.735,57.6723),(1941,65,45,40,'2019-08-28',107487,27.092,4.579,124.054),(1942,62,42,39,'2019-08-29',101043,27.46,4.735,130.023),(1943,76,48,39,'2019-08-29',70295,46.97,4.735,222.403),(1944,75,56,40,'2019-08-29',79983,40.411,4.579,185.042),(1945,61,45,39,'2019-08-30',66423,49.75,4.735,235.566),(1946,71,63,40,'2019-09-02',48392,55.261,4.579,253.04),(1947,62,42,39,'2019-09-02',101525,38.04,4.735,180.119),(1948,61,45,39,'2019-09-02',66997,48.94,4.735,231.731),(1949,66,60,36,'2019-09-03',51059,38.44,4.683,180.015),(1950,68,57,36,'2019-09-03',49570,40.285,4.683,188.655),(1951,64,50,36,'2019-09-04',52983,41.35,4.683,193.642),(1952,76,48,36,'2019-09-04',70582,38.247,4.683,179.111),(1953,60,62,40,'2019-09-04',61728,48430,4.579,221761),(1954,63,47,36,'2019-09-04',54410,48.963,4.683,229.294),(1955,61,45,39,'2019-09-05',67580,51.78,4.735,245.178),(1956,70,51,40,'2019-09-05',53552,38360,4.699,180254),(1958,75,56,40,'2019-09-06',80370,43.7,4.579,200.102),(1959,65,42,39,'2019-09-06',108019,45.83,4.735,217.005),(1960,61,45,39,'2019-09-09',68249,53.23,4.735,252.044),(1961,65,61,39,'2019-09-10',108697,45.1,4.735,213.548),(1962,67,63,40,'2019-09-11',48135,37.57,4.579,172.033),(1963,71,56,40,'2019-09-11',48786,54.191,4.579,248.141),(1964,68,57,36,'2019-09-12',49953,41.35,4.683,193.642),(1965,61,67,36,'2019-09-12',68789,44.858,4.683,210.07),(1966,62,42,39,'2019-09-12',102086,46.64,4.735,220.84),(1967,75,56,40,'2019-09-12',80846,43.49,4.579,199.141),(1968,61,45,39,'2019-09-13',69435,52.94,4.735,250.671),(1969,66,60,36,'2019-09-13',51418,39.292,4.683,184.004),(1970,76,48,39,'2019-09-16',70958,37.71,4.735,178.557),(1971,59,47,39,'2019-09-16',115441,39.31,4.735,186.133),(1972,72,63,40,'2019-09-16',48474,27.081,4.579,124.004),(1973,65,42,39,'2019-09-17',109077,37.39,4.735,177.042),(1974,61,45,39,'2019-09-18',70021,43.01,4.735,203.652),(1975,69,48,36,'2019-09-18',NULL,33.79,3.553,120.056),(1976,64,50,39,'2019-09-19',53315,41.93,4.735,198.539),(1977,70,51,40,'2019-09-19',53952,39.8,4.699,187.02),(1978,63,47,36,'2019-09-19',54818,49.141,4.783,235.041),(1980,67,60,36,'2019-09-19',70063,40.364,4.683,189.025),(1981,59,59,39,'2019-09-19',115842,40.06,4.735,189.684),(1982,61,45,39,'2019-09-21',75085,46.49,4.818,223.989),(1983,76,48,39,'2019-09-21',71332,38.48,4.818,185.397),(1984,75,63,40,'2019-09-21',81333,44.22,4.659,206.021),(1985,68,57,36,'2019-09-23',50,42.011,4.721,198.334),(1986,71,62,40,'2019-09-24',49104,37.582,4.659,175.095),(1987,59,59,39,'2019-09-24',116,43,5.027,216.161),(1988,65,42,39,'2019-09-25',109401,40.04,5.027,201.281),(1989,61,45,39,'2019-09-25',NULL,NULL,NULL,0),(1990,76,48,39,'2019-09-26',71826,49.96,4.818,240.707),(1991,75,63,40,'2019-09-27',81829,41.539,4.659,193.53),(1992,72,63,40,'2019-09-27',48814,37.142,4.659,173.045),(1993,60,62,40,'2019-09-30',62097,51.741,4.659,241.061),(1994,59,59,39,'2019-09-30',116812,47.75,4.818,230.059),(1995,76,48,39,'2019-10-01',72084,27.33,4.818,131.676),(1996,71,66,40,'2019-10-01',49419,32.84,4.659,153.002),(1997,67,47,39,'2019-10-01',70454,44.63,4.818,215.027),(1998,70,51,40,'2019-10-02',54369,40.23,4.799,193.064),(1999,62,61,36,'2019-10-03',102483,48.084,4.721,227.005),(2000,64,50,36,'2019-10-04',53663,43.527,4.721,205.491),(2001,68,57,36,'2019-10-04',50721,44.09,4.721,208.149),(2002,75,56,40,'2019-10-04',82229,40.79,4.659,190.041),(2003,66,60,36,'2019-10-04',51826,35.58,4.721,167.973),(2004,76,48,39,'2019-10-04',72436,32.96,4.818,158.801),(2005,72,68,40,'2019-10-07',49188,39.2,4.799,188.121),(2006,59,59,39,'2019-10-09',117169,42.11,4.818,202.886),(2007,63,47,36,'2019-10-09',55,43.17,4.821,208.123),(2008,71,51,40,'2019-10-09',49960,53.77,4.799,258.042),(2009,60,62,40,'2019-10-10',62526,47.341,4.659,220.562),(2010,65,67,39,'2019-10-11',109832,48.64,4.818,234.348),(2011,78,61,39,'2019-10-11',0,32.38,4.818,156.007),(2012,75,56,40,'2019-10-14',82666,44.001,4.659,205.001),(2013,76,48,36,'2019-10-14',72833,55.838,4.721,263.611),(2014,59,59,36,'2019-10-15',117605,48.7,4.721,229.913),(2015,67,69,39,'2019-10-15',70759,40.99,5.027,206.057),(2016,68,57,36,'2019-10-15',51150,42.41,4.721,200.218),(2017,61,45,40,'2019-09-28',71515,41.211,4.659,192.002),(2018,66,60,36,'2019-10-15',52182,35.22,4.721,166.274),(2019,70,54,40,'2019-10-17',54771,38.821,4.689,182.032),(2020,76,48,39,'2019-10-18',73267,40.41,4.818,194.695),(2021,71,63,40,'2019-10-18',50531,54.17,4.689,254.003),(2022,72,68,40,'2019-10-18',49547,35.86,4.799,172.092),(2023,64,50,36,'2019-10-21',54000,42.081,4.721,198.664),(2024,59,59,36,'2019-10-21',118158,248.21,4.721,1171.8),(2025,67,47,36,'2019-10-23',71102,44.548,4.721,210.311),(2026,62,66,40,'2019-10-23',102867,49.16,4.699,231.003),(2027,60,62,40,'2019-10-23',62915,49.181,4.699,231.102),(2028,68,57,36,'2019-10-25',51513,43.578,4.721,205.732),(2029,76,48,36,'2019-10-25',73506,37.08,4.721,175.055),(2030,70,56,40,'2019-10-25',55178,39.041,4.699,183.454),(2031,63,47,36,'2019-10-25',55557,41,4.721,193.561),(2032,65,44,39,'2019-10-26',110164,40.84,5.027,205.303),(2033,62,66,40,'2019-10-29',103174,30.441,4.699,143.042),(2034,59,59,36,'2019-10-29',119,43.565,4.721,205.67),(2035,75,56,40,'2019-10-30',83104,42.58,4.699,200.083),(2036,76,48,36,'2019-11-01',74063,58.73,4.721,277.264),(2037,63,47,39,'2019-11-01',55808,31,4.839,150.009),(2038,64,50,36,'2019-11-04',54357,43.87,4.721,207.11),(2039,67,69,36,'2019-11-04',71372,36.27,4.721,171.231),(2040,60,65,40,'2019-11-06',63343,47.811,4.699,224.664),(2041,68,57,36,'2019-11-06',51895,42.506,4.721,200.671),(2042,65,42,39,'2019-11-06',110835,16.84,4.839,81.4888),(2043,70,51,40,'2019-11-06',55546,37.721,4.799,181.023),(2044,71,60,36,'2019-11-07',51020,52.32,4.721,247.003),(2045,62,63,40,'2019-11-07',103598,49.59,4.699,233.023),(2046,72,68,40,'2019-11-07',50276,34.191,4.799,164.083),(2047,66,60,36,'2019-11-07',52503,40.056,4.721,189.104),(2048,76,48,39,'2019-11-08',74472,39.89,4.839,193.028),(2049,75,56,40,'2019-11-08',83505,42.78,4.699,201.023),(2050,72,63,40,'2019-10-30',49934,39.119,4.699,183.82),(2051,60,54,40,'2019-11-06',63343,4,40,160),(2052,65,42,39,'2019-11-11',111124,39.37,4.839,190.511),(2053,63,47,36,'2019-11-13',56233,42.943,4.721,202.734),(2054,76,48,39,'2019-11-14',74766,38.96,4.839,188.527),(2055,71,62,40,'2019-11-16',51543,56.191,4.699,264.042),(2056,72,68,40,'2019-11-16',50621,35.431,4.799,170.033),(2057,70,51,40,'2019-11-18',55937,38.431,4.799,184.43),(2058,64,50,36,'2019-11-19',54710,41.31,4.721,195.025),(2059,68,57,36,'2019-11-19',52263,40.663,4.721,191.97),(2060,60,62,40,'2019-11-19',63784,50.65,4.699,238.004),(2061,69,48,36,'2019-11-19',NULL,31.986,3.753,120.043),(2062,65,70,36,'2019-11-21',111637,41.86,4.721,197.621),(2063,66,60,39,'2019-11-22',52908,39.04,4.889,190.867),(2064,76,48,39,'2019-11-23',75044,42.52,5.077,215.874),(2065,75,56,40,'2019-11-25',83929,42.141,4.699,198.021),(2066,66,69,36,'2019-11-26',71654,39.225,4.782,187.574),(2067,71,63,40,'2019-11-26',52108,57470,4.699,270052),(2068,68,57,36,'2019-11-27',52723,43.085,4.782,206.032),(2069,63,47,36,'2019-11-28',56613,42.24,4.782,201.992),(2070,62,70,39,'2019-11-28',104417,48.24,4.889,235.845),(2071,60,62,40,'2019-11-28',64243,47.2,4.789,226.041),(2072,76,48,39,'2019-11-29',75274,32.28,4.949,159.754),(2073,64,50,39,'2019-11-29',55025,35.36,4.949,174.997),(2074,70,51,40,'2019-11-30',56326,37.571,4.899,184.06),(2075,75,56,40,'2019-12-02',84306,41.491,4.789,198.7),(2076,72,68,40,'2019-12-03',50963,35.93,4.899,176.021),(2077,65,42,39,'2019-12-03',112094,45.1,4.949,223.2),(2078,66,60,36,'2019-12-04',53288,38.687,4.782,185.001),(2079,59,67,39,'2019-12-05',119061,48.03,4.999,240.102),(2080,63,47,36,'2019-12-06',57,34.493,4.881,168.36),(2081,71,62,40,'2019-12-06',52604,55.551,4.789,266.034),(2082,65,42,39,'2019-12-06',112639,46,4.999,229.954),(2083,68,57,36,'2019-12-06',53161,42.66,4.782,204),(2084,60,63,40,'2019-12-06',64694,50.151,4.789,240.173),(2085,76,48,39,'2019-12-06',75539,39.32,4.999,196.561),(2086,64,50,36,'2019-12-09',55369,36.625,4.861,178.034),(2087,75,56,40,'2019-12-10',84714,39.05,4.789,187.01),(2088,75,56,40,'2019-12-10',84306,5.02,4.789,24.0408),(2089,76,48,39,'2019-12-11',75882,39.03,5.159,201.356),(2090,72,68,40,'2019-12-12',51324,38.38,4.899,188.024),(2091,60,62,40,'2019-12-13',65191,57340,4.789,274601),(2092,76,48,39,'2019-12-13',76167,30.24,4.861,146.997),(2093,70,51,40,'2019-12-14',56739,40.36,4.899,197.724),(2096,71,66,40,'2019-12-14',52604,46.15,4.789,221.012),(2097,66,60,36,'2019-12-16',53649,39.206,4.861,190.58),(2098,64,50,39,'2019-12-18',55794,41.25,4.999,206.209),(2099,76,48,36,'2019-12-19',76509,55.158,4.861,268.123),(2100,59,59,39,'2019-12-20',119549,46.81,4.999,234.003),(2101,71,63,40,'2019-12-20',53436,47.12,4.839,228.014),(2102,75,56,40,'2019-12-16',85038,35.231,4.799,169.074),(2103,72,68,40,'2019-12-23',51692,39.571,4.979,197.024),(2104,63,67,36,'2019-12-23',57252,42.99,4.861,208.974),(2105,75,56,40,'2019-12-24',85490,45.471,4.839,220.034),(2106,60,62,40,'2019-12-24',65652,47.831,4.839,231.454),(2107,76,48,36,'2019-12-24',76950,55.08,4.861,267.744),(2109,64,70,39,'2019-12-27',56110,34.88,4.999,174.365),(2110,65,44,36,'2019-12-27',112998,51.426,4.861,249.982),(2111,62,63,40,'2019-12-23',104751,46.711,4.839,226.035),(2112,76,48,39,'2019-12-30',77375,49.75,4.999,248.7),(2113,62,63,40,'2019-12-30',105044,38.25,4.839,185.092),(2115,68,57,36,'2019-12-31',NULL,NULL,NULL,0),(2116,66,60,36,'2019-12-31',54064,39.503,4.861,192.024),(2117,70,54,40,'2020-01-02',57110,38.01,4.999,190.012),(2118,75,56,40,'2020-01-04',85895,43.87,4.879,214.042),(2119,76,59,39,'2020-01-04',NULL,NULL,NULL,0),(2120,80,45,39,'2020-01-06',NULL,NULL,NULL,0),(2122,62,66,40,'2020-01-07',105378,42.64,4.879,208.041),(2123,60,51,40,'2020-01-09',66070,52.011,4.999,260.003),(2124,76,59,39,'2020-01-09',NULL,NULL,NULL,0),(2125,72,68,40,'2020-01-09',52036,35.82,4.999,179.064),(2126,67,50,39,'2020-01-09',NULL,NULL,NULL,0),(2127,65,42,40,'2020-01-10',NULL,NULL,NULL,0),(2128,64,50,39,'2020-01-11',NULL,NULL,NULL,0),(2129,68,57,39,'2020-01-13',NULL,NULL,NULL,0),(2130,75,56,40,'2020-01-13',86312,43.47,4.879,212.09),(2131,76,59,39,'2020-01-13',NULL,NULL,NULL,0),(2132,63,47,39,'2020-01-14',NULL,NULL,NULL,0),(2133,70,63,40,'2020-01-14',57504,36.58,4.879,178.474),(2134,59,67,39,'2020-01-15',NULL,NULL,NULL,0),(2135,76,59,39,'2020-01-15',NULL,NULL,NULL,0),(2136,72,68,40,'2020-01-20',52391,38.521,4.989,192.181),(2137,76,59,39,'2020-01-21',NULL,NULL,NULL,0),(2138,60,62,40,'2020-01-22',66487,46.161,4.879,225.22),(2139,64,50,36,'2020-01-22',NULL,NULL,NULL,0),(2140,75,54,40,'2020-01-23',86713,43.6,4.989,217.52),(2141,59,44,39,'2020-01-24',NULL,NULL,NULL,0),(2142,63,47,39,'2020-01-24',NULL,NULL,NULL,0),(2143,80,42,39,'2020-01-24',NULL,NULL,NULL,0),(2144,68,57,39,'2020-01-25',NULL,NULL,NULL,0),(2145,72,68,40,'2020-01-27',52772,37.09,4.989,185.042),(2146,76,48,39,'2020-01-27',NULL,NULL,NULL,0),(2147,66,60,39,'2020-01-28',NULL,NULL,NULL,0),(2148,70,51,40,'2020-01-29',57896,39.491,4.989,197.021),(2149,63,47,39,'2020-01-29',NULL,NULL,NULL,0),(2150,79,44,39,'2020-01-30',NULL,NULL,NULL,0),(2151,60,62,40,'2020-01-30',66900,48.56,4.879,236.924),(2152,64,50,39,'2020-01-31',NULL,NULL,NULL,0),(2153,64,50,39,'2020-01-31',NULL,NULL,NULL,0),(2154,76,48,39,'2020-01-31',NULL,NULL,NULL,0),(2155,59,59,39,'2020-01-31',NULL,NULL,NULL,0),(2156,75,56,40,'2020-02-01',87151,40.181,4.879,196.043),(2157,61,43,39,'2020-02-03',NULL,NULL,NULL,0),(2158,76,48,39,'2020-02-04',NULL,NULL,NULL,0),(2160,62,69,39,'2020-02-04',NULL,NULL,NULL,0),(2161,68,57,39,'2020-02-04',NULL,NULL,NULL,0),(2162,80,42,39,'2020-02-05',NULL,NULL,NULL,0),(2163,76,48,39,'2020-02-06',NULL,NULL,NULL,0),(2164,72,68,40,'2020-02-06',53129,38.09,4.989,190.031),(2165,63,47,39,'2020-02-06',NULL,NULL,NULL,0),(2166,75,56,40,'2020-02-06',87563,43.661,4.879,213.022),(2167,76,48,39,'2020-02-07',NULL,NULL,NULL,0),(2168,65,42,39,'2020-02-07',NULL,NULL,NULL,0),(2169,66,60,39,'2020-02-07',NULL,NULL,NULL,0),(2170,62,44,39,'2020-02-10',NULL,NULL,NULL,0),(2171,60,62,40,'2020-02-10',67310,45.87,4.799,220.13),(2172,70,51,40,'2020-02-10',58310,40.821,4.899,199.982),(2173,64,50,39,'2020-02-11',NULL,NULL,NULL,0),(2174,72,54,40,'2020-02-11',53586,38.15,4.799,183.082),(2175,79,69,39,'2020-02-11',NULL,NULL,NULL,0),(2176,82,44,39,'2020-02-11',NULL,NULL,NULL,0),(2177,76,48,39,'2020-02-13',NULL,NULL,NULL,0),(2178,75,56,40,'2020-02-13',87975,41.68,4.799,200.022),(2179,68,57,39,'2020-02-14',NULL,NULL,NULL,0),(2180,72,68,40,'2020-02-15',53924,34.181,4.799,164.035),(2181,59,63,40,'2020-02-17',123323,47.281,4.799,226.902),(2182,66,60,39,'2020-02-19',NULL,NULL,NULL,0),(2183,75,56,40,'2020-02-19',88329,38.55,4.799,185.001),(2184,64,70,39,'2020-02-19',NULL,NULL,NULL,0),(2185,62,70,39,'2020-02-19',NULL,NULL,NULL,0),(2187,76,48,39,'2020-02-20',NULL,NULL,NULL,0),(2188,60,62,40,'2020-02-20',67682,44.66,4.799,214.323),(2189,63,47,39,'2020-02-21',NULL,NULL,NULL,0),(2193,72,68,40,'2020-02-24',54287,37.78,4.899,185.084),(2194,79,44,39,'2020-02-26',NULL,NULL,NULL,0),(2195,75,56,40,'2020-02-27',88710,42.73,4.799,205.061),(2196,68,57,39,'2020-02-27',NULL,NULL,NULL,0),(2197,62,57,39,'2020-02-28',NULL,NULL,NULL,0),(2198,63,47,39,'2020-02-29',NULL,NULL,NULL,0),(2199,60,65,40,'2020-02-29',67682,45.431,4.799,218.023),(2200,66,60,39,'2020-03-02',NULL,NULL,NULL,0),(2201,64,70,39,'2020-03-02',NULL,NULL,NULL,0),(2202,61,63,40,'2020-03-02',77815,37.68,4.799,180.826),(2203,76,48,58,'2020-03-02',NULL,NULL,NULL,0),(2204,79,42,58,'2020-03-03',NULL,NULL,NULL,0),(2206,78,44,39,'2020-03-04',NULL,NULL,NULL,0),(2207,78,47,58,'2020-03-04',NULL,NULL,NULL,0),(2208,70,54,40,'2020-03-04',59161,39.231,4.899,192.193),(2210,72,63,40,'2020-03-06',54699,35.441,4.799,170.081),(2211,75,68,40,'2020-03-06',89158,42.16,4.899,206.542),(2212,70,54,40,'2020-02-22',58732,42.181,4.899,206.645),(2213,61,63,40,'2020-02-22',77484,45.641,4.799,219.031),(2214,61,71,58,'2020-03-06',NULL,NULL,NULL,0),(2215,76,48,58,'2020-03-07',NULL,NULL,NULL,0),(2216,59,59,58,'2020-03-07',NULL,NULL,NULL,0),(2217,68,57,58,'2020-03-09',NULL,NULL,NULL,0),(2218,62,47,58,'2020-03-10',NULL,NULL,NULL,0),(2219,76,48,58,'2020-03-11',NULL,NULL,NULL,0),(2220,60,62,40,'2020-03-11',68495,46.241,4.799,221.911),(2221,62,69,58,'2020-03-13',NULL,NULL,NULL,0),(2222,66,60,58,'2020-03-14',NULL,NULL,NULL,0),(2223,75,72,40,'2020-03-16',89495,34.71,4.799,166.573),(2224,72,68,40,'2020-03-16',55119,41.65,4.899,204.043),(2225,63,47,58,'2020-03-16',NULL,NULL,NULL,0),(2226,70,51,40,'2020-03-16',59577,41.451,4.839,200.581),(2227,64,50,58,'2020-03-17',NULL,NULL,NULL,0),(2228,76,48,58,'2020-03-17',NULL,NULL,NULL,0),(2229,61,67,58,'2020-03-18',NULL,NULL,NULL,0),(2230,60,62,40,'2020-03-18',68928,47.481,4.739,225.012),(2231,62,42,58,'2020-03-19',NULL,NULL,NULL,0),(2233,68,57,39,'2020-03-19',NULL,NULL,NULL,0),(2234,61,67,39,'2020-03-20',NULL,NULL,NULL,0),(2235,76,48,39,'2020-03-24',NULL,NULL,NULL,0),(2236,72,68,40,'2020-03-25',89819,36.171,4.839,175.031),(2237,63,47,39,'2020-03-26',NULL,NULL,NULL,0),(2238,76,67,58,'2020-03-28',NULL,NULL,NULL,0),(2241,59,44,58,'2020-03-30',NULL,NULL,NULL,0),(2242,70,51,40,'2020-03-30',59984,37.881,4.699,178.003),(2243,72,68,40,'2020-03-31',55903,41.901,4.699,196.893),(2244,66,60,58,'2020-03-31',NULL,NULL,NULL,0),(2245,60,62,40,'2020-03-31',69301,42.19,4.559,192.344),(2246,76,48,58,'2020-03-31',NULL,NULL,NULL,0),(2247,75,71,40,'2020-04-02',90117,33.93,4.599,156.044),(2248,76,48,58,'2020-04-03',NULL,NULL,NULL,0),(2249,68,57,58,'2020-04-06',NULL,NULL,NULL,0),(2250,72,68,40,'2020-04-07',5640,40.451,4.599,186.034),(2251,64,70,58,'2020-04-07',NULL,NULL,NULL,0),(2252,76,48,58,'2020-04-08',NULL,NULL,NULL,0),(2253,72,63,40,'2020-03-21',55405,28.15,4.739,133.403),(2254,59,59,58,'2020-04-09',NULL,NULL,NULL,0),(2255,60,62,40,'2020-04-09',69744,42.622,4.499,191.756),(2256,78,59,58,'2020-04-11',NULL,NULL,NULL,0),(2257,70,51,40,'2020-04-11',60393,40.341,4.499,181.494),(2258,63,47,58,'2020-04-13',NULL,NULL,NULL,0),(2259,66,60,58,'2020-04-13',NULL,NULL,NULL,0),(2260,75,71,40,'2020-04-13',90473,37.701,4.379,165.093),(2261,76,48,58,'2020-04-14',NULL,NULL,NULL,0),(2262,72,68,40,'2020-04-14',56772,40.241,4.499,181.044),(2263,68,57,58,'2020-04-16',NULL,NULL,NULL,0),(2264,79,44,58,'2020-04-16',NULL,NULL,NULL,0),(2265,76,48,58,'2020-04-17',NULL,NULL,NULL,0),(2266,62,59,58,'2020-04-20',NULL,NULL,NULL,0),(2267,64,50,58,'2020-04-20',NULL,NULL,NULL,0),(2268,62,67,58,'2020-04-22',NULL,NULL,NULL,0),(2269,75,71,40,'2020-04-22',90748,31.42,3.979,125.02),(2270,60,62,40,'2020-04-22',70123,49631,3.979,197482),(2271,59,59,58,'2020-04-23',NULL,NULL,NULL,0),(2272,66,60,58,'2020-04-24',NULL,NULL,NULL,0),(2273,76,48,58,'2020-04-24',NULL,NULL,NULL,0),(2274,70,51,40,'2020-04-25',60808,40.62,4.099,166.501),(2275,63,47,58,'2020-04-27',NULL,NULL,NULL,0),(2276,72,68,40,'2020-04-28',57617,39.26,3.999,157.001),(2277,62,69,58,'2020-04-29',NULL,NULL,NULL,0),(2278,76,48,58,'2020-04-29',NULL,NULL,NULL,0),(2279,80,63,40,'2020-04-29',4078,70041,3.199,224061),(2280,68,57,58,'2020-04-30',NULL,NULL,NULL,0),(2281,76,48,39,'2020-05-02',85772,43.01,3.89,167.309),(2283,63,47,58,'2020-05-04',61394,25.23,3.74,94.3602),(2284,64,50,58,'2020-05-05',59769,38.93,38.93,1515.54),(2285,59,67,58,'2020-05-05',NULL,NULL,NULL,0),(2286,60,65,40,'2020-05-05',70523,46.181,3.799,175.442),(2287,66,60,58,'2020-05-06',57573,35.792,3.68,131.715),(2288,70,51,40,'2020-05-08',61224,40.27,3.899,157.013),(2289,72,68,40,'2020-05-08',58013,39.511,3.899,154.053),(2290,75,71,40,'2020-05-09',91410,35.031,3.799,133.083),(2291,76,48,58,'2020-05-09',86157,39,3.74,145.86),(2293,68,57,58,'2020-05-13',57726,40.66,3.69,150.035),(2294,72,62,40,'2020-05-13',58439,40.65,3.789,154.023),(2295,61,45,58,'2020-05-13',80991,50.22,3.69,185.312),(2296,62,44,58,'2020-05-14',112519,44.28,3.84,170.035),(2297,75,63,40,'2020-04-30',91092,37.08,3.599,133.451),(2298,72,63,40,'2020-04-20',57188,40.84,3.979,162.502),(2299,66,60,58,'2020-05-14',57858,28.76,3.84,110.438),(2300,76,48,58,'2020-05-15',86542,39.471,3.69,145.648),(2301,63,47,58,'2020-05-15',61720,44.24,3.69,163.246),(2302,62,44,58,'2020-05-15',112927,31.46,3.69,116.087),(2303,65,42,58,'2020-05-15',117068,20.52,3.69,75.7188),(2304,60,62,40,'2020-05-15',70912,43.462,3.889,169.024),(2305,75,71,40,'2020-05-18',91828,41.171,3.889,160.114),(2306,64,50,58,'2020-05-19',60119,41.74,3.74,156.108),(2307,65,44,58,'2020-05-19',117610,45.401,3.74,169.8),(2308,76,48,58,'2020-05-20',86996,44.62,3.74,166.879),(2309,70,51,40,'2020-05-21',61628,39.79,3.999,159.12),(2310,72,68,40,'2020-05-21',58843,38.51,3.999,154.001),(2311,62,43,58,'2020-05-22',NULL,NULL,NULL,0),(2312,68,57,58,'2020-05-23',58091,40.44,3.84,155.29),(2313,76,48,58,'2020-05-25',87378,36.621,135.79,4972.77),(2314,62,42,58,'2020-05-26',113592,20.452,3.799,77.6972),(2315,60,62,40,'2020-05-26',70912,47.2,3.889,183.561),(2316,66,60,58,'2020-05-26',58264,38.962,3.799,148.017),(2317,63,47,58,'2020-05-26',62142,42.702,3.799,162.225),(2318,75,63,40,'2020-05-26',92157,31.841,3.989,127.014),(2319,59,69,58,'2020-05-27',123873,51.34,3.799,195.041),(2320,62,42,58,'2020-05-27',113955,27.2,3.799,103.333),(2321,64,50,58,'2020-05-28',60388,32.56,3.84,125.03),(2322,72,68,40,'2020-05-28',59251,40.83,4.099,167.362),(2323,76,48,58,'2020-05-28',87693,28.823,3.849,110.94),(2324,62,44,58,'2020-05-28',114239,21.81,3.849,83.9467),(2325,61,57,58,'2020-05-29',NULL,NULL,NULL,0),(2326,70,54,40,'2020-06-01',62045,42.121,4.099,172.654),(2327,62,44,58,'2020-06-03',114685,38.253,3.899,149.148),(2328,68,57,58,'2020-06-03',58442,40.212,3.949,158.797),(2329,72,68,40,'2020-06-04',59655,38.061,4.099,156.012),(2330,76,59,58,'2020-06-04',88087,40.55,3.899,158.104),(2331,60,62,40,'2020-06-04',44821,44.821,3.989,178.791),(2332,66,60,60,'2020-06-06',58650,37.675,3.849,145.011),(2333,59,42,60,'2020-06-09',NULL,NULL,NULL,0),(2334,76,59,58,'2020-06-09',88423,32.821,3.99,130.956),(2335,75,71,40,'2020-06-09',92845,35.651,3.989,142.212),(2336,59,67,58,'2020-06-09',NULL,40.562,3.99,161.842),(2337,64,50,60,'2020-06-12',60738,41.727,3.899,162.694),(2338,76,59,58,'2020-06-12',NULL,31.942,3.999,127.736),(2339,60,62,40,'2020-06-12',72102,47.671,4.099,195.403),(2340,72,68,40,'2020-06-12',60055,39.3,4.199,165.021),(2341,63,47,58,'2020-06-13',62517,44.292,3.999,177.124),(2342,59,59,58,'2020-06-16',124980,39.19,3.999,156.721),(2343,68,57,60,'2020-06-16',58799,40.011,3.899,156.003),(2344,70,51,40,'2020-06-17',62435,39.481,4.199,165.781),(2345,62,44,58,'2020-06-18',115240,47.42,3.999,189.633),(2346,76,48,58,'2020-06-18',89150,46.44,3.999,185.714),(2347,75,71,40,'2020-06-18',92218,37.58,4.099,154.04),(2348,64,50,60,'2020-06-19',61012,28.22,3.899,110.03),(2349,59,59,58,'2020-06-19',125393,34.702,3.999,138.773),(2350,66,60,60,'2020-06-20',59033,39.185,3.999,156.701),(2351,79,67,58,'2020-06-23',115799,47.332,4.099,194.014),(2352,60,62,40,'2020-06-24',72489,46.981,4.179,196.334),(2353,72,68,40,'2020-06-24',60436,38.561,4.279,165.003),(2354,75,71,40,'2020-06-03',92516,39.61,3.989,158.004),(2355,75,71,40,'2020-06-25',93606,40.68,4.179,170.002),(2356,68,57,58,'2020-06-27',59179,43.192,4.001,172.811),(2357,83,42,60,'2020-06-29',80936,24.398,4.099,100.007),(2358,64,50,60,'2020-06-29',NULL,NULL,NULL,0),(2359,70,62,40,'2020-06-30',72901,49.78,4.179,208.031),(2360,63,69,60,'2020-06-30',62882,43.777,3.999,175.064),(2361,60,54,40,'2020-06-30',62839,39.64,4.299,170.412),(2362,65,69,58,'2020-07-01',119151,38.33,4.099,157.115),(2363,75,71,40,'2020-07-01',94032,39.752,4.179,166.124),(2364,76,48,58,'2020-07-01',89489,50.671,4.099,207.7),(2365,59,59,58,'2020-07-02',125840,43.351,4.199,182.031),(2366,66,60,60,'2020-07-02',59407,37.512,3.999,150.01),(2367,72,68,40,'2020-07-02',60838,40.89,4.499,183.964),(2368,60,62,40,'2020-07-08',73286,45.68,4.379,200.033),(2369,75,71,40,'2020-07-08',94383,35.39,4.379,154.973),(2370,64,50,60,'2020-07-09',61752,39.644,4.069,161.311),(2371,68,57,58,'2020-07-09',59555,42.642,4.199,179.054),(2372,76,48,58,'2020-07-09',89818,35.971,4.199,151.042),(2373,72,68,40,'2020-07-10',61254,40.01,4.499,180.005),(2374,59,59,58,'2020-07-10',126207,34.98,4.199,146.881),(2375,66,60,60,'2020-07-13',59764,38.603,4.099,158.234),(2376,63,47,58,'2020-07-14',63245,43.28,4.199,181.733),(2377,76,48,58,'2020-07-14',90161,33.13,4.199,139.113),(2378,72,68,40,'2020-07-20',61640,40.031,4.599,184.103),(2379,75,71,40,'2020-07-20',95121,34.17,4.449,152.022),(2380,68,47,58,'2020-07-21',59935,40.143,4.259,170.969),(2381,70,51,40,'2020-07-23',63619,39.9,4.599,183.5),(2382,66,60,60,'2020-07-23',60145,36.514,4.199,153.322),(2383,65,67,58,'2020-07-24',NULL,31.94,4.259,136.032),(2384,75,71,40,'2020-07-27',95527,37.542,4.449,167.024),(2385,72,68,40,'2020-07-27',62093,40.011,4.599,184.011),(2386,64,50,60,'2020-07-27',62085,39.546,4.199,166.054),(2387,60,62,40,'2020-07-28',74122,47.991,4.449,213.512),(2388,76,59,58,'2020-07-28',90569,49.78,4.259,212.013),(2389,79,44,58,'0000-00-00',NULL,NULL,NULL,0),(2390,79,44,58,'0000-00-00',NULL,NULL,NULL,0),(2391,62,44,58,'2020-07-28',90569,49.78,4.259,212.013),(2392,65,67,58,'2020-07-31',119806,30.032,4.259,127.906),(2393,64,50,58,'2020-08-03',62529,43.37,4.259,184.713),(2394,75,71,40,'2020-08-03',95885,34.84,4.449,155.003),(2395,72,68,40,'2020-08-03',62516,39.19,4.599,180.235),(2396,63,47,60,'2020-08-03',63641,45.58,4.169,190.023),(2397,66,60,60,'2020-08-04',60525,40.264,4.169,167.861),(2398,70,54,40,'2020-08-04',64009,40.511,4.599,186.31),(2399,76,48,58,'2020-08-05',NULL,NULL,NULL,0),(2400,60,62,40,'2020-08-06',74548,47.211,4.449,210.042),(2401,72,68,40,'2020-08-10',62949,39.82,4.599,183.132),(2402,75,71,40,'2020-08-11',96222,32.581,4.449,144.953),(2403,70,51,40,'2020-07-11',63242,41.81,4.499,188.103),(2404,60,62,40,'2020-07-18',73693,48.951,4.449,217.783),(2405,75,63,40,'2020-07-14',94760,38.831,4.379,170.041),(2406,64,50,58,'2020-08-13',NULL,NULL,NULL,0),(2408,65,74,58,'2020-08-13',NULL,NULL,NULL,0),(2409,62,42,58,'2020-08-14',116904,45.663,4.349,198.588),(2411,70,51,40,'2020-08-15',64395,39.8,4.699,187.02),(2412,66,60,60,'2020-08-17',NULL,NULL,NULL,0),(2413,76,48,58,'2020-08-17',NULL,NULL,NULL,0),(2414,72,68,40,'2020-08-18',63375,40.63,4.699,190.92),(2415,60,62,40,'2020-08-18',74936,56.471,4.499,254.063),(2416,61,57,58,'2020-08-18',NULL,NULL,NULL,0),(2417,78,44,58,'2020-08-18',NULL,NULL,NULL,0),(2418,63,47,58,'2020-08-18',NULL,NULL,NULL,0),(2419,64,50,60,'2020-08-19',NULL,NULL,NULL,0),(2420,76,48,58,'2020-08-20',NULL,NULL,NULL,0),(2421,65,67,58,'2020-08-20',NULL,NULL,NULL,0),(2423,79,59,60,'2020-08-21',NULL,NULL,NULL,0),(2424,76,59,60,'2020-08-24',NULL,NULL,NULL,0),(2425,75,71,40,'2020-08-24',96902,32.621,4.599,150.024),(2426,76,48,58,'2020-08-26',NULL,NULL,NULL,0),(2427,82,42,58,'2020-08-26',NULL,NULL,NULL,0),(2428,66,60,58,'2020-08-27',NULL,NULL,NULL,0),(2429,72,68,40,'2020-08-28',63785,40.051,4.749,190.202),(2430,61,57,60,'2020-08-28',NULL,NULL,NULL,0),(2431,63,47,60,'2020-08-28',NULL,NULL,NULL,0),(2432,60,65,40,'2020-08-31',75427,47.411,4.599,218.043),(2433,75,71,40,'2020-08-31',97264,35.56,4.599,163.54),(2434,64,50,60,'2020-09-01',63655,42.436,4.349,184.554),(2435,65,70,58,'2020-09-02',120975,40.991,4.489,184.009),(2436,76,48,58,'2020-09-02',92556,39.651,4.489,177.993),(2437,70,51,40,'2020-09-03',64449,39.6,4.799,190.04),(2438,75,71,40,'2020-09-04',97624,34.141,4.599,157.014),(2439,62,45,58,'2020-09-04',117372,18.64,4.489,83.675),(2440,65,59,58,'2020-09-04',121181,23.152,4.489,103.929),(2441,84,45,60,'2020-09-04',NULL,NULL,NULL,0),(2442,76,48,58,'2020-09-08',NULL,40.101,4.489,180.013),(2443,65,70,60,'2020-09-08',121721,45.093,4.399,198.364),(2444,66,57,58,'2020-09-08',61730,40.202,4.489,180.467),(2445,60,62,40,'2020-09-08',75872,46.761,4.599,215.054),(2446,72,68,40,'2020-09-09',64199,39.221,4.799,188.222),(2447,63,47,58,'2020-09-11',64852,43.39,4.449,193.042),(2448,76,48,58,'2020-09-12',93261,41.28,4.449,183.655),(2449,64,50,58,'2020-09-12',63997,39.54,4.449,175.913),(2450,75,66,40,'2020-09-15',98022,41.101,4.599,189.023),(2451,60,65,40,'2020-09-16',76267,46.15,4.599,212.244),(2453,66,67,60,'2020-09-17',62029,38.866,4.399,170.972),(2454,76,48,58,'2020-09-18',93631,47.44,4.449,211.061),(2455,70,65,40,'2020-09-18',64449,36.972,4.599,170.034),(2456,85,68,40,'2020-09-19',52307,50.63,4.799,242.973),(2457,72,66,40,'2020-09-19',64621,41320,4.599,190031),(2458,75,71,40,'2020-08-15',96583,31.47,4.449,140.01),(2460,65,50,58,'2020-09-21',122058,47.06,4.349,204.664),(2461,75,71,40,'2020-09-22',98452,35.01,4.599,161.011),(2462,64,50,58,'2020-09-22',64353,38.96,4.349,169.437),(2463,63,47,60,'2020-09-23',65266,44.667,4.299,192.023),(2466,86,57,58,'2020-09-24',28948,50.44,4.349,219.364),(2467,NULL,NULL,NULL,NULL,NULL,NULL,NULL,0),(2468,79,45,40,'2020-09-24',119764,23490,4.599,108031),(2469,60,62,40,'2020-09-25',76552,33.301,4.599,153.151),(2470,66,67,60,'2020-09-26',38456,4.299,4.299,18.4814),(2471,65,71,40,'2020-09-26',122373,41.901,4.599,192.703),(2472,79,44,58,'2020-09-26',120426,42.701,4.349,185.707),(2473,68,45,58,'2020-09-28',NULL,NULL,NULL,0),(2474,86,57,58,'0000-00-00',NULL,NULL,NULL,0),(2475,86,57,58,'2020-09-28',29460,39.303,4.349,170.929),(2476,76,59,58,'2020-09-28',94222,29.38,4.349,127.774),(2477,72,65,40,'2020-09-28',65055,39.8,4.599,183.04),(2478,87,60,60,'2020-09-29',27399,54.643,4.299,234.91),(2479,75,71,40,'2020-09-29',98452,36.341,4.599,167.132),(2480,70,51,40,'2020-09-29',64449,37.56,4.799,180.25),(2481,85,68,40,'2020-09-30',52716,50.64,4.799,243.021),(2482,60,62,40,'2020-10-01',73957,45.01,4.599,207.001),(2483,64,50,60,'2020-10-02',64672,39.376,4.419,174.003),(2484,76,48,58,'2020-10-03',94643,45.77,4.449,203.631),(2485,65,71,40,'2020-10-03',122833,47.65,4.599,219.142),(2486,66,67,58,'2020-10-03',62760,40.401,4.449,179.744),(2487,75,63,40,'2020-10-06',99230,38942,4.599,179094),(2488,63,47,58,'2020-10-07',65601,45.46,4.479,203.615),(2489,87,60,60,'2020-10-07',27763,52.055,4.419,230.031),(2490,76,48,58,'2020-10-07',94937,31.931,4.479,143.019),(2491,79,69,60,'2020-10-08',NULL,NULL,NULL,0),(2492,60,65,40,'2020-10-09',77333,44.141,4.599,203.004),(2493,72,68,40,'2020-10-10',65431,37.831,4.799,181.551),(2494,64,50,58,'2020-10-13',95180,27.701,4.479,124.073),(2495,70,51,40,'2020-10-13',64449,42.111,4.799,202.091),(2496,76,48,60,'2020-10-13',NULL,NULL,NULL,0),(2497,65,70,60,'2020-10-14',123265,41.863,4.499,188.342),(2498,62,70,58,'2020-10-14',NULL,NULL,NULL,0),(2499,66,67,58,'2020-10-14',63087,36.78,4.549,167.312),(2500,76,48,58,'2020-10-15',95454,32.22,4.549,146.569),(2501,85,68,40,'2020-10-15',53830,57.831,4.799,277.531),(2502,75,71,40,'2020-10-19',99952,35.01,4.599,161.011),(2503,65,57,58,'2020-10-20',123557,24.603,4.549,111.919),(2504,87,60,60,'2020-10-20',NULL,NULL,NULL,0),(2505,64,50,60,'2020-10-20',NULL,NULL,NULL,0),(2506,88,44,58,'2020-10-21',27205,23.531,4.549,107.043),(2507,76,48,58,'2020-10-21',95828,43.871,4.549,199.569),(2508,60,62,40,'2020-10-21',77719,45.23,4.599,208.013),(2509,63,47,60,'2020-10-22',NULL,NULL,NULL,0),(2510,70,54,40,'2020-10-22',65870,42.93,4.799,206.021),(2511,66,67,58,'2020-10-22',63444,39.723,4.549,180.7),(2512,76,48,58,'2020-10-23',96163,42.23,4.549,192.104),(2513,85,68,40,'2020-10-23',53830,50.851,4.799,244.034),(2514,78,44,58,'2020-10-23',NULL,NULL,NULL,0),(2515,78,44,58,'2020-10-23',NULL,NULL,NULL,0),(2516,89,50,60,'2020-10-24',NULL,NULL,NULL,0),(2517,79,69,58,'2020-10-24',121835,46.612,4.549,212.038),(2518,75,71,40,'2020-10-26',100333,36.1,4.599,166.024),(2519,63,47,58,'2020-10-26',66236,20.382,4.549,92.7177),(2520,60,51,40,'2020-10-26',77719,41.68,4.799,200.022),(2521,62,45,40,'2020-09-05',117798,36.321,4.599,167.04),(2522,85,68,40,'2020-10-06',53205,54.151,4.599,249.04),(2523,75,71,40,'2020-10-10',99680,34.041,4.599,156.555),(2524,90,48,58,'2020-10-28',27330,31.33,4.549,142.52),(2525,88,44,60,'2020-10-28',NULL,NULL,NULL,0),(2526,60,62,40,'2020-10-29',78005,42.171,4.599,193.944),(2527,87,60,58,'2020-10-29',28548,50.48,4.549,229.634),(2528,85,68,40,'2020-10-29',54694,50.851,4.799,244.034),(2529,91,71,40,'2020-10-30',21494,31.151,4.599,143.263),(2530,59,50,60,'2020-10-30',NULL,NULL,NULL,0),(2531,89,50,58,'2020-10-31',2818,37.372,4.549,170.005),(2532,92,59,60,'2020-10-31',NULL,NULL,NULL,0),(2533,90,48,58,'2020-10-31',27627,40.961,4.549,186.332),(2534,85,63,40,NULL,NULL,NULL,NULL,0),(2535,72,54,40,'2020-11-03',66272,38.281,4.599,176.054),(2536,87,43,58,'2020-11-04',29182,52.61,4.549,239.323),(2537,66,70,60,'2020-11-04',63766,36.415,4.499,163.831),(2538,91,71,40,'2020-11-05',21743,31.97,4.599,147.03),(2539,85,68,40,'2020-11-05',54694,53.041,4.799,254.544),(2540,92,59,58,'2020-11-05',37799,38.431,4.549,174.823),(2541,90,48,58,'2020-11-06',27873,31.251,4.549,142.161),(2542,88,75,58,'2020-11-07',27876,38.472,4.549,175.009),(2543,63,47,60,'2020-11-09',66681,44.24,4.499,199.036),(2544,70,51,40,'2020-11-09',65870,41.89,4.799,201.03),(2546,90,48,58,'2020-11-09',28152,29.813,4.549,135.619),(2547,93,60,60,'2020-11-09',12,57.415,4.499,258.31),(2548,94,44,58,'2020-11-09',NULL,NULL,NULL,0),(2551,87,42,40,'2020-11-09',29809,52.421,4.599,241.084),(2552,92,59,60,'2020-11-10',38261,45.344,4.499,204.003),(2553,89,50,58,'2020-11-10',3188,43.3,4.549,196.972),(2554,60,62,40,'2020-11-10',78332,42.41,4.599,195.044),(2555,91,71,40,'2020-11-10',22028,33.73,4.599,155.124),(2556,72,54,40,'2020-11-12',66683,41.47,4.799,199.015),(2557,90,48,40,'2020-11-12',NULL,NULL,NULL,0),(2558,92,59,58,'2020-11-13',38671,39.661,4.649,184.384),(2559,90,48,60,'2020-11-13',28525,51.742,4.599,237.961),(2560,66,76,58,'2020-11-13',64104,40.082,4.749,190.349),(2561,85,68,40,'2020-11-14',55575,54.81,4.799,263.033),(2562,88,75,58,'2020-11-16',27181,41.692,4.649,193.826),(2563,92,59,58,'2020-11-17',38981,28.921,4.649,134.454),(2564,59,78,60,'2020-11-17',130507,44.017,4.599,202.434),(2565,87,60,58,'2020-11-17',30163,50.862,4.649,236.457),(2566,60,62,40,'2020-11-17',78613,36.241,4.599,166.672),(2567,90,48,58,'2020-11-18',28673,22.521,4.649,104.7),(2568,75,71,40,'2020-11-18',22334,33.49,4.599,154.021),(2569,70,51,40,'2020-11-19',1,40.701,4.799,195.324),(2570,89,50,58,'2020-11-19',3513,41.321,4.649,192.101),(2571,92,48,60,'2020-11-19',39444,52.208,4.579,239.06),(2572,63,47,58,'2020-11-19',67104,44.802,4.649,208.285),(2573,72,65,40,'2020-11-20',67108,41.751,4.599,192.013),(2574,90,48,58,'2020-11-21',28942,32.261,4.649,149.981),(2576,92,59,60,'2020-11-23',39775,37.127,4.579,170.005),(2577,85,54,40,'2020-11-23',55896,52.691,4.799,252.864),(2578,91,71,40,'2020-11-24',22641,31.97,4.599,147.03),(2579,60,62,40,'2020-11-24',78912,35.11,4.599,161.471),(2580,93,70,58,'2020-11-24',539,38.6,4.649,179.451),(2581,66,76,60,'2020-11-24',NULL,NULL,NULL,0),(2582,90,48,58,'2020-11-26',29311,45.751,4.699,214.984),(2583,88,75,60,'2020-11-26',28509,40.41,4.579,185.037),(2584,93,44,60,'2020-11-26',273,39.153,4.579,179.282),(2585,87,60,58,'2020-11-26',30473,49.221,4.699,231.289),(2586,60,62,40,'2020-11-27',79293,4.649,39.981,185.872),(2587,72,65,40,'2020-11-28',67522,40.231,4.649,187.034),(2588,91,71,40,'2020-11-30',22926,32.27,4.649,150.023),(2589,92,59,58,'2020-11-30',40518,37.671,4.699,177.016),(2590,70,80,40,'2020-12-01',64449,40.491,4.649,188.243),(2591,92,59,60,'2020-12-02',40760,36.745,4.629,170.093),(2592,90,48,58,'2020-12-02',28685,42.99,4.699,202.01),(2593,89,47,58,'2020-12-02',3846,43.251,4.699,203.236),(2594,66,76,60,'2020-12-02',64465,40.263,4.579,184.364),(2595,60,62,40,'2020-12-03',79682,43.171,4.649,200.702),(2596,85,68,40,'2020-12-03',56404,52.591,4.849,255.014),(2597,63,47,58,'2020-12-04',67517,43.731,4.699,205.492),(2598,91,71,40,'2020-12-04',23213,30.13,4.649,140.074),(2599,92,59,58,'2020-12-05',41142,44.661,4.699,209.862),(2600,60,62,40,'2020-12-05',79952,32.7,4.649,152.022),(2601,87,60,58,'2020-12-07',30805,51.1111,4.699,240.171),(2602,60,62,40,'2020-12-08',80283,38.09,4.649,177.08),(2603,95,77,58,'2020-12-08',632,46.36,4.799,222.482),(2604,90,48,58,'2020-12-08',30027,43.371,4.699,203.8),(2605,88,75,60,'2020-12-08',28825,39.11,4.629,181.04),(2606,72,65,40,'2020-12-08',67919,40.351,4.649,187.592),(2607,92,59,58,'2020-12-09',NULL,NULL,NULL,0),(2608,91,71,40,'2020-12-11',23501,32.281,4.649,150.074),(2609,93,77,58,'2020-12-11',921,44.9111,4.799,215.528),(2610,78,48,58,'2020-12-11',NULL,0,NULL,0),(2611,90,48,58,'2020-12-11',30214,23.72,4.699,111.46),(2612,70,54,40,'2020-12-11',64449,40.04,4.849,194.154),(2613,92,69,58,'2020-12-11',41307,31.302,4.699,147.088),(2614,89,76,60,'2020-12-12',124574,38.847,4.619,179.434),(2615,87,60,58,'2020-12-14',31102,49.59,4.699,233.023),(2616,85,68,40,'2020-12-12',56827,54.67,4.849,265.095),(2617,91,71,40,'2020-12-15',23748,31.491,4.649,146.402),(2618,95,48,58,'2020-12-16',789,32.932,4.699,154.747),(2619,95,48,58,'2020-12-17',NULL,NULL,NULL,0),(2620,59,78,58,'2020-12-17',131060,44.891,4.699,210.943),(2621,88,75,60,'2020-12-17',29143,40.126,4.619,185.342),(2622,72,65,40,'2020-12-17',68324,40.87,4.649,190.005),(2623,91,71,58,'2020-12-18',24087,27.8,4.699,130.632),(2624,66,76,60,'2020-12-18',NULL,NULL,NULL,0),(2625,93,81,58,'2020-12-18',NULL,NULL,NULL,0),(2626,95,48,58,'2020-12-19',NULL,NULL,NULL,0),(2627,89,50,60,'2020-12-21',4477,43.577,4.619,201.282),(2628,87,82,58,'2020-12-21',NULL,NULL,NULL,0),(2629,95,48,58,'2020-12-21',NULL,NULL,NULL,0),(2630,60,62,40,'2020-12-21',81104,45.37,4.699,213.194),(2631,70,51,40,'2020-12-22',64449,41.301,4.899,202.334),(2632,85,68,40,'2020-12-23',57252,55.12,4.899,270.033),(2633,91,71,40,'2020-12-23',24378,30.65,4.699,144.024),(2634,95,48,58,'2020-12-23',NULL,NULL,NULL,0),(2635,95,59,58,'2020-12-28',NULL,NULL,NULL,0),(2636,66,76,58,'2020-12-28',65082,35.51,4.699,166.861),(2637,90,82,60,'2020-12-28',30679,45.575,4.619,210.511),(2638,72,80,40,'2020-12-28',68729,40.441,4.699,190.032),(2639,87,44,58,'2020-12-28',NULL,NULL,NULL,0),(2640,88,75,60,'2020-12-29',25460,40.147,4.709,189.052),(2641,91,71,40,'2020-12-29',24627,33.331,4.699,156.622),(2642,59,60,58,'2020-12-30',NULL,NULL,NULL,0),(2643,87,82,60,'2020-12-31',NULL,NULL,NULL,0),(2644,93,62,40,'2021-01-02',2162,48.681,4.699,228.752),(2646,95,59,58,'2021-01-04',NULL,NULL,NULL,0),(2647,63,47,58,'2021-01-04',NULL,NULL,NULL,0),(2648,89,50,60,'2021-01-04',NULL,NULL,NULL,0),(2649,70,51,40,'2021-01-05',1,40.26,4.939,198.844),(2650,95,59,58,'2021-01-06',NULL,NULL,NULL,0),(2651,66,76,60,'2021-01-06',NULL,NULL,NULL,0),(2652,91,71,40,'2021-01-06',24950,30.212,4.739,143.175),(2653,93,62,40,'2021-01-06',2579,48.8,4.739,231.263),(2654,87,82,58,'2021-01-07',NULL,NULL,NULL,0),(2655,95,69,60,'2021-01-07',NULL,NULL,NULL,0),(2656,85,68,40,'2021-01-07',57615,54.06,4.939,267.002),(2657,87,82,58,'2021-01-09',NULL,NULL,NULL,0),(2658,88,75,58,'2021-01-11',NULL,NULL,NULL,0),(2659,72,80,40,'2021-01-11',69162,40.771,4.739,193.214),(2660,96,82,60,'2021-01-11',NULL,NULL,NULL,0),(2661,97,75,58,'2021-01-11',16,NULL,NULL,0),(2662,98,50,60,'2021-01-11',NULL,NULL,NULL,0),(2663,95,59,58,'2021-01-11',NULL,NULL,NULL,0),(2664,91,71,40,'2021-01-12',25209,32.32,4.739,153.164),(2665,95,69,60,'2021-01-12',NULL,NULL,NULL,0),(2666,99,71,58,'2021-01-12',NULL,NULL,NULL,0),(2667,95,59,58,'2021-01-13',NULL,NULL,NULL,0),(2668,78,44,58,'2021-01-14',NULL,NULL,NULL,0),(2669,95,59,60,'2021-01-15',NULL,NULL,NULL,0),(2670,93,62,40,'2021-01-15',3903,46.481,4.739,220.273),(2671,60,62,40,'2020-12-15',80695,46.91,4.649,218.085),(2672,93,62,40,'2020-12-23',1707,56.2,4.699,264.084),(2673,93,62,40,'2021-01-08',3022,56.641,4.739,268.422),(2674,93,62,40,'2021-01-11',3502,51.22,4.739,242.732),(2675,96,82,58,'2021-01-16',NULL,NULL,NULL,0),(2676,66,76,58,'2021-01-16',NULL,NULL,NULL,0),(2677,63,47,60,'2021-01-19',NULL,NULL,NULL,0),(2678,98,50,58,'2021-01-19',NULL,NULL,NULL,0),(2679,78,44,60,'2021-01-20',NULL,NULL,NULL,0),(2680,95,59,58,'2021-01-20',NULL,NULL,NULL,0),(2681,95,59,58,'2021-01-19',NULL,NULL,NULL,0),(2682,97,75,60,'2021-01-20',NULL,NULL,NULL,0),(2683,93,65,40,'2021-01-21',4288,45.11,4.869,219.641),(2684,72,80,40,'2021-01-21',69588,41.14,4.869,200.311),(2685,95,69,58,'2021-01-22',NULL,NULL,NULL,0),(2686,95,69,60,'2021-01-22',NULL,NULL,NULL,0),(2687,NULL,44,58,'2021-01-23',NULL,NULL,NULL,0),(2688,99,71,40,'2021-01-25',747,34.35,4.869,167.25),(2689,95,69,58,'2021-01-25',NULL,NULL,NULL,0),(2691,96,82,58,'2021-01-26',NULL,NULL,NULL,0),(2692,95,69,60,'2021-01-26',NULL,NULL,NULL,0),(2693,NULL,44,58,'2021-01-27',NULL,NULL,NULL,0),(2694,93,65,40,'2021-01-28',4588,39.961,4.869,194.57),(2695,95,69,58,'2021-01-28',NULL,NULL,NULL,0),(2696,66,76,60,'2021-01-28',NULL,NULL,NULL,0),(2697,78,48,58,'2021-01-28',NULL,NULL,NULL,0),(2698,98,50,60,'2021-01-29',NULL,NULL,NULL,0),(2699,85,68,40,'2021-01-29',58370,55.511,5.099,283.051),(2700,59,79,58,'2021-01-29',NULL,NULL,NULL,0),(2701,101,77,60,'2021-01-29',NULL,NULL,NULL,0),(2702,95,69,58,'2021-02-01',NULL,NULL,NULL,0),(2703,72,54,40,'2021-02-01',70017,40.71,4.949,201.474),(2704,NULL,44,58,'2021-02-01',NULL,NULL,NULL,0),(2705,63,47,58,'2021-02-02',NULL,NULL,NULL,0),(2706,96,82,58,'2021-02-02',NULL,NULL,NULL,0),(2707,95,69,58,NULL,NULL,NULL,NULL,0),(2708,97,75,60,'2021-02-03',NULL,NULL,NULL,0),(2709,99,71,58,'2021-02-03',NULL,NULL,NULL,0),(2710,78,48,58,'2021-02-04',NULL,NULL,NULL,0),(2711,95,69,58,'2021-02-04',NULL,NULL,NULL,0),(2712,68,76,58,'2021-02-04',NULL,NULL,NULL,0),(2713,95,69,60,'2021-02-05',NULL,NULL,NULL,0),(2714,78,66,58,'2021-02-05',NULL,NULL,NULL,0),(2715,78,48,60,'2021-02-06',NULL,NULL,NULL,0),(2716,85,68,40,'2021-02-09',58753,54.79,5.149,282.114),(2717,99,71,40,'2021-02-09',1745,33.45,5.099,170.562),(2718,99,71,40,'2021-01-29',1109,31.65,4.899,155.053),(2719,85,68,40,'2021-01-19',57989,54.881,4.999,274.35),(2720,70,51,40,'2021-01-29',1,40.601,5.099,207.025),(2721,70,51,40,'2021-01-18',64449,42.001,4.739,199.043),(2722,93,65,40,'2021-02-02',4975,48.311,4.949,239.091),(2723,99,71,40,'2021-01-18',343,34.421,4.739,163.121),(2724,102,60,58,'2021-02-09',NULL,NULL,NULL,0),(2725,78,48,60,'2021-02-10',NULL,NULL,NULL,0),(2726,96,81,58,'2021-02-10',NULL,NULL,NULL,0),(2727,98,67,60,'2021-02-11',NULL,NULL,NULL,0),(2728,93,62,40,'2021-02-11',5214,40.701,5.099,207.534),(2729,95,69,58,'2021-02-11',NULL,NULL,NULL,0),(2730,72,80,40,'2021-02-12',70434,41.381,5.099,211.002),(2731,93,NULL,NULL,NULL,NULL,NULL,NULL,0),(2732,93,62,40,'2021-02-17',6684,36.241,5.099,184.793),(2733,93,62,40,'2021-02-24',7074,48.24,5.299,255.624),(2734,70,51,40,'2021-02-11',1,42.841,5.299,227.014),(2735,70,51,40,'2021-02-24',1,41.54,5.299,220.12),(2738,99,71,40,'2021-02-17',2083,34.85,4.879,170.033),(2739,99,71,40,'2021-02-24',2408,33.601,5.299,178.052),(2740,85,68,40,'2021-02-17',59118,52.001,5.099,265.153),(2741,85,80,40,'2021-02-24',59550,55.86,5.499,307.174),(2742,63,47,58,'2021-02-13',NULL,NULL,NULL,0),(2744,97,75,60,'2021-02-13',NULL,NULL,NULL,0),(2745,103,57,58,'2021-02-13',NULL,NULL,NULL,0),(2746,95,69,58,'2021-02-13',NULL,NULL,NULL,0),(2747,78,48,58,'2021-02-13',NULL,NULL,NULL,0),(2748,96,82,58,'2021-02-15',NULL,NULL,NULL,0),(2749,95,69,58,'2021-02-16',NULL,NULL,NULL,0),(2750,78,48,58,'2021-02-16',NULL,NULL,NULL,0),(2751,68,76,60,'2021-02-17',NULL,NULL,NULL,0),(2752,78,48,60,'2021-02-17',NULL,NULL,NULL,0),(2753,78,44,58,'2021-02-19',NULL,NULL,NULL,0),(2754,96,82,58,'2021-02-19',NULL,NULL,NULL,0),(2755,95,69,58,'2021-02-20',NULL,NULL,NULL,0),(2756,102,76,60,'2021-02-22',NULL,NULL,NULL,0),(2757,103,77,58,'2021-02-22',NULL,NULL,NULL,0),(2758,95,69,58,'2021-02-22',NULL,NULL,NULL,0),(2760,102,47,58,'2021-02-23',NULL,NULL,NULL,0),(2761,95,69,58,'2021-02-24',NULL,NULL,NULL,0),(2762,78,44,60,'2021-02-24',NULL,NULL,NULL,0),(2763,63,67,58,'2021-02-24',NULL,NULL,NULL,0),(2764,78,44,58,'2021-02-24',NULL,NULL,NULL,0),(2765,95,69,58,'2021-02-25',NULL,NULL,NULL,0),(2766,98,50,58,'2021-02-25',NULL,NULL,NULL,0),(2767,97,75,58,'2021-02-25',NULL,NULL,NULL,0),(2768,78,44,58,'2021-02-26',NULL,NULL,NULL,0),(2769,96,82,60,'2021-02-26',NULL,NULL,NULL,0),(2770,95,69,58,'2021-02-27',NULL,NULL,NULL,0),(2771,78,50,60,'2021-03-01',NULL,NULL,NULL,0),(2772,68,78,58,'2021-03-01',NULL,NULL,NULL,0),(2773,78,44,60,'2021-03-01',NULL,NULL,NULL,0),(2774,98,50,58,'2021-03-03',NULL,NULL,NULL,0),(2775,78,44,58,'2021-03-03',NULL,NULL,NULL,0),(2776,95,59,58,'2021-03-04',NULL,NULL,NULL,0),(2777,78,44,58,'2021-03-04',NULL,NULL,NULL,0),(2778,78,44,58,'2021-03-04',NULL,NULL,NULL,0),(2779,97,75,58,'2021-03-05',NULL,NULL,NULL,0),(2780,95,69,58,'2021-03-05',NULL,NULL,NULL,0),(2781,66,76,60,'2021-03-05',NULL,NULL,NULL,0),(2782,96,82,58,'2021-03-08',NULL,NULL,NULL,0),(2783,99,71,40,'2021-03-08',NULL,NULL,NULL,0),(2784,78,44,58,'2021-03-08',NULL,NULL,NULL,0),(2785,95,69,58,'2021-03-09',NULL,NULL,NULL,0),(2786,93,62,40,'2021-03-11',9119,42.341,5.699,241.301),(2787,78,79,58,'2021-03-11',NULL,NULL,NULL,0),(2788,78,44,58,'2021-03-12',NULL,NULL,NULL,0),(2789,93,62,40,'2021-03-13',9323,30.541,5.699,174.053),(2790,85,68,40,'2021-03-13',59926,54.27,5.699,309.285),(2791,96,82,60,'2021-03-15',NULL,NULL,NULL,0),(2792,95,69,58,'2021-03-15',NULL,NULL,NULL,0),(2793,98,81,58,'2021-03-15',NULL,NULL,NULL,0),(2794,95,69,58,'2021-03-17',NULL,NULL,NULL,0),(2795,97,75,58,'2021-03-17',NULL,NULL,NULL,0),(2796,59,57,58,'2021-03-18',NULL,NULL,NULL,0),(2797,95,69,58,'2021-03-19',NULL,NULL,NULL,0),(2798,72,80,40,'2021-03-19',71660,40.75,5.989,244.052),(2799,93,62,58,'2021-03-19',NULL,NULL,NULL,0),(2800,96,82,58,'2021-03-22',NULL,NULL,NULL,0),(2801,95,69,58,'2021-03-22',NULL,NULL,NULL,0),(2802,63,47,58,'2021-03-23',NULL,NULL,NULL,0),(2803,66,76,58,'2021-03-23',NULL,NULL,NULL,0),(2804,85,68,40,'2021-03-24',60348,52.401,5.879,308.065),(2805,107,63,40,'2021-02-26',923,19.921,5.299,105.561),(2806,93,62,40,'2021-02-17',6389,36.09,5.099,184.023),(2807,93,62,40,'2021-02-26',7431,44.25,5.299,234.481),(2808,99,71,40,'2021-03-24',3806,32.661,5.879,192.014),(2809,93,62,40,'2021-03-02',8122,47.5,5.499,261.203),(2810,93,62,40,'2021-03-01',7669,28.01,5.299,148.425),(2811,93,62,40,'2021-03-05',8520,46591,5.599,260863),(2812,99,71,40,'2021-03-01',2761,33.22,5.299,176.033),(2813,99,71,40,'2021-03-16',3467,33.351,5.999,200.073),(2814,70,51,40,'2021-03-09',1,38.7,5.599,216.681),(2815,93,62,40,'2021-03-09',8813,42.721,5.899,252.011),(2816,107,54,40,'2021-03-16',1058,36.69,5.999,220.103),(2817,107,54,40,'2021-03-19',1640,28.16,5.989,168.65),(2818,70,51,40,'2021-03-19',1,41.75,5.989,250.041),(2819,107,54,40,'2021-03-17',1263,17.02,5.999,102.103),(2820,93,62,40,'2021-03-24',10714,46.791,5.879,275.084),(2821,95,69,58,'2021-03-25',NULL,NULL,NULL,0),(2822,59,79,58,'2021-03-25',NULL,NULL,NULL,0),(2823,98,50,60,'2021-03-25',NULL,NULL,NULL,0),(2824,72,80,40,'2021-03-27',72068,41530,5.779,240002),(2825,107,54,40,'2021-03-27',1814,23411,5.779,135292),(2826,106,67,58,NULL,NULL,NULL,NULL,0),(2827,103,67,58,'2021-03-29',NULL,NULL,NULL,0),(2828,95,69,58,'2021-03-29',NULL,NULL,NULL,0),(2829,93,62,40,'2021-03-29',11048,44.591,5.779,257.691),(2830,108,44,58,'2021-03-29',NULL,NULL,NULL,0),(2831,96,82,58,'2021-03-30',NULL,NULL,NULL,0),(2832,95,59,58,'2021-04-01',NULL,NULL,NULL,0),(2833,60,79,58,'2021-04-01',NULL,NULL,NULL,0),(2834,NULL,44,58,'2021-04-01',NULL,NULL,NULL,0),(2835,110,47,58,'2021-04-03',NULL,NULL,NULL,0),(2836,97,75,60,'2021-04-03',NULL,NULL,NULL,0),(2837,68,82,58,NULL,NULL,NULL,NULL,0),(2838,68,82,58,'2021-04-05',NULL,NULL,NULL,0),(2839,66,76,58,'2021-04-05',NULL,NULL,NULL,0),(2840,85,68,40,'2021-04-05',60875,53.61,5.959,319.462),(2841,59,78,60,'2021-04-05',NULL,NULL,NULL,0),(2842,109,44,58,NULL,NULL,NULL,NULL,0),(2843,109,44,58,'2021-04-06',NULL,NULL,NULL,0),(2845,63,67,60,'2021-04-06',NULL,NULL,NULL,0),(2846,95,69,58,'2021-04-07',NULL,NULL,NULL,0),(2847,109,44,58,'2021-04-07',NULL,NULL,NULL,0),(2848,98,50,58,'2021-04-08',NULL,NULL,NULL,0),(2849,93,62,40,'2021-04-08',47780,47.78,5.779,276.121),(2850,110,47,58,'2021-04-09',NULL,NULL,NULL,0),(2851,60,79,58,'2021-04-09',NULL,NULL,NULL,0),(2852,68,82,58,'2021-04-12',NULL,NULL,NULL,0),(2853,95,59,58,'2021-04-12',NULL,NULL,NULL,0),(2854,99,71,40,'2021-04-12',4471,31.151,5.779,180.022),(2855,109,44,58,'2021-04-13',NULL,NULL,NULL,0),(2856,66,76,58,'2021-04-14',NULL,NULL,NULL,0),(2857,63,67,58,'2021-04-14',NULL,NULL,NULL,0),(2858,95,59,58,'2021-04-14',NULL,NULL,NULL,0),(2859,85,68,40,'2021-04-14',61275,55.721,5.779,322.012),(2860,109,44,58,'2021-04-14',NULL,NULL,NULL,0),(2861,72,54,40,'2021-04-15',72740,30.381,5.779,175.572),(2862,97,75,58,'2021-04-16',NULL,NULL,NULL,0),(2863,95,69,58,'2021-04-16',NULL,NULL,NULL,0),(2864,59,79,58,'2021-04-16',NULL,NULL,NULL,0),(2865,95,69,58,'2021-04-17',NULL,NULL,NULL,0),(2866,109,44,58,'2021-04-19',NULL,NULL,NULL,0),(2867,68,82,60,'2021-04-19',NULL,NULL,NULL,0),(2868,93,62,40,'2021-04-19',13039,44.6,5.779,257.743),(2869,98,50,58,'2021-04-20',NULL,NULL,NULL,0),(2870,95,69,58,'2021-04-20',NULL,NULL,NULL,0),(2871,99,71,40,'2021-04-20',4775,31.57,5.779,182.443),(2872,93,62,40,'2021-04-20',13292,32.88,5.779,190.014),(2873,108,44,58,'2021-04-22',NULL,NULL,NULL,0),(2874,110,47,58,'2021-04-22',NULL,NULL,NULL,0),(2875,95,69,58,'2021-04-23',NULL,NULL,NULL,0),(2876,59,79,58,'2021-04-23',NULL,NULL,NULL,0),(2877,66,76,58,'2021-04-23',NULL,NULL,NULL,0),(2878,95,59,58,'2021-04-26',NULL,NULL,NULL,0),(2879,63,67,58,'2021-04-26',NULL,NULL,NULL,0),(2880,60,75,58,'2021-04-26',NULL,NULL,NULL,0),(2881,85,68,40,'2021-04-26',61684,52.62,5.779,304.091),(2882,72,54,40,'2021-04-27',73173,41.53,5.779,240.002),(2883,68,82,58,'2021-04-28',NULL,NULL,NULL,0),(2884,95,59,58,'2021-04-28',NULL,NULL,NULL,0),(2885,99,71,40,'2021-04-28',5090,33.231,5.779,192.042),(2886,111,44,58,'2021-04-30',NULL,NULL,NULL,0),(2887,95,59,58,'2021-04-30',NULL,NULL,NULL,0),(2888,59,78,58,'2021-04-30',NULL,NULL,NULL,0),(2889,95,69,60,'2021-05-03',NULL,NULL,NULL,0),(2890,112,50,60,'2021-05-03',NULL,NULL,NULL,0),(2891,109,44,58,'2021-05-04',NULL,NULL,NULL,0),(2892,113,76,58,'2021-05-05',NULL,NULL,NULL,0),(2893,114,62,58,'2021-05-05',NULL,NULL,NULL,0),(2894,115,47,58,'2021-05-05',NULL,NULL,NULL,0),(2895,116,62,58,'2021-05-05',NULL,NULL,NULL,0),(2896,109,44,58,'2021-05-05',NULL,NULL,NULL,0),(2897,117,75,60,'2021-05-06',NULL,NULL,NULL,0),(2898,63,81,60,'2021-05-06',NULL,NULL,NULL,0),(2899,95,59,60,'2021-05-06',NULL,NULL,NULL,0),(2900,59,79,58,'2021-05-06',NULL,NULL,NULL,0),(2901,109,44,58,'2021-05-07',NULL,NULL,NULL,0),(2902,109,88,58,'2021-05-07',NULL,0,NULL,0),(2903,110,82,60,'2021-05-07',NULL,NULL,NULL,0),(2904,118,67,60,'2021-05-07',NULL,NULL,NULL,0),(2905,119,66,58,'2021-05-08',NULL,NULL,NULL,0),(2906,95,59,58,'2021-05-10',NULL,NULL,NULL,0),(2907,72,54,40,'2021-05-10',73536,37.801,5.779,218.452),(2908,70,51,40,'2021-05-10',0,41230,5.879,242391),(2909,97,89,58,'2021-05-10',NULL,NULL,NULL,0),(2910,95,69,58,'2021-05-10',NULL,NULL,NULL,0),(2911,98,90,58,'2021-05-07',NULL,NULL,NULL,0),(2912,59,60,58,'2021-05-12',NULL,NULL,NULL,0),(2913,113,76,58,'2021-05-12',NULL,NULL,NULL,0),(2914,95,59,58,'2021-05-12',NULL,NULL,NULL,0),(2915,112,50,60,'2021-05-13',NULL,NULL,NULL,0),(2916,95,59,58,'2021-05-14',NULL,NULL,NULL,0),(2917,59,57,58,'2021-05-14',NULL,NULL,NULL,0),(2918,60,78,60,'2021-05-14',NULL,NULL,NULL,0),(2919,115,47,58,'2021-05-14',NULL,NULL,NULL,0),(2920,66,77,60,'2021-05-15',NULL,NULL,NULL,0),(2921,110,82,58,'2021-05-17',NULL,NULL,NULL,0),(2922,117,75,58,'2021-05-17',NULL,NULL,NULL,0),(2923,85,68,40,'2021-05-17',62621,52.67,5.929,312.28),(2924,95,59,58,'2021-05-18',NULL,NULL,NULL,0),(2925,120,91,58,'2021-05-20',NULL,NULL,NULL,0),(2926,59,79,58,'2021-05-21',NULL,NULL,NULL,0),(2927,95,59,58,'2021-05-21',NULL,NULL,NULL,0),(2928,113,76,58,'2021-05-22',NULL,NULL,NULL,0),(2929,63,81,58,'2021-05-24',0,0,0,0),(2930,110,82,58,'2021-05-24',NULL,NULL,NULL,0),(2931,115,47,58,'2021-05-24',NULL,NULL,NULL,0),(2932,59,48,58,'2021-05-24',NULL,NULL,NULL,0),(2933,119,54,40,'2021-05-21',2140,32.05,5.929,190.024),(2934,93,62,40,'2021-03-17',10096,34.671,5.999,207.991),(2935,70,51,40,'2021-04-05',0,39.25,5.959,233.891),(2936,99,71,40,'2021-04-01',4140,34.1,5.779,197.064),(2937,93,62,40,'2021-04-06',11722,47.01,5.959,280.133),(2938,107,54,40,'2021-05-24',2191,28.421,5.779,164.245),(2939,121,54,40,'2021-05-04',1438,32.71,5.779,189.031),(2940,93,62,40,'2021-05-03',14866,22.15,5.779,128.005),(2941,93,62,40,'2021-05-03',14687,35.83,5.779,207.062),(2942,93,62,40,'2021-04-29',14307,50.701,5.779,293.001),(2943,93,62,40,'2021-05-05',15260,45.811,5.779,264.742),(2944,93,62,40,'2021-04-27',13872,54.42,5.779,314.493),(2945,93,62,40,'2021-04-13',12303,33.081,5.779,191.175),(2946,121,54,40,'2021-05-12',1778,34.911,5.879,205.242),(2947,70,51,40,'2021-04-15',0,39.21,5.779,226.595),(2948,93,62,40,'2021-03-31',11301,42.92,5.779,248.035),(2949,72,54,40,'2021-04-08',72467,42.15,5.779,243.585),(2950,93,62,40,'2021-04-21',13571,31.331,5.779,181.062),(2951,93,62,40,'2021-04-14',12695,45.46,5.779,262.713),(2952,70,51,40,'2021-05-21',0,NULL,NULL,0),(2953,70,51,40,'2021-04-27',0,41.061,5.779,237.292),(2954,97,54,40,'2021-04-29',3281,34.621,5.779,200.075),(2955,116,54,40,'2021-05-08',329,29.95,5.779,173.081),(2956,119,54,40,'2021-05-14',347,33.23,5.929,197.021),(2957,107,54,40,'2021-05-18',3497,30.37,5.929,180.064),(2958,99,71,40,'2021-05-03',16060,16.06,5.779,92.8107),(2959,93,62,40,'2021-05-18',15975,48.921,5.929,290.053),(2960,93,62,40,'2021-05-15',15551,42.281,5.929,250.684),(2961,120,54,40,'2021-05-18',412,34.59,5.929,205.084),(2962,73,54,40,'2021-02-17',70871,40.44,5.299,214.292),(2963,107,54,40,'2021-02-13',359,33.97,5.099,173.213),(2964,72,54,40,'2021-05-24',NULL,NULL,NULL,0),(2965,111,44,58,'2021-05-24',NULL,NULL,NULL,0),(2966,112,50,58,'2021-05-24',NULL,NULL,NULL,0),(2967,120,80,40,'2021-05-25',NULL,NULL,NULL,0),(2968,59,79,58,'2021-05-27',NULL,NULL,NULL,0),(2969,121,71,40,'2021-05-31',NULL,NULL,NULL,0),(2970,95,59,58,'2021-05-31',NULL,NULL,NULL,0),(2971,111,44,58,'2021-06-01',NULL,NULL,NULL,0),(2972,115,47,58,'2021-06-01',NULL,NULL,NULL,0),(2973,118,67,60,'2021-06-01',NULL,NULL,NULL,0),(2974,108,44,58,'2021-06-01',NULL,NULL,NULL,0),(2975,110,82,58,'2021-06-02',NULL,NULL,NULL,0),(2976,112,50,58,'2021-06-04',NULL,NULL,NULL,0),(2977,113,76,60,'2021-06-04',NULL,NULL,NULL,0),(2978,95,59,58,'2021-06-04',NULL,NULL,NULL,0),(2979,72,54,40,'2021-06-05',NULL,NULL,NULL,0),(2980,59,79,58,'2021-06-10',NULL,NULL,NULL,0),(2981,108,44,58,'2021-06-15',NULL,NULL,NULL,0),(2982,123,57,58,'2021-06-17',27680,NULL,NULL,0),(2983,108,44,58,'2021-06-22',NULL,NULL,NULL,0),(2984,60,77,60,'2021-06-29',NULL,NULL,NULL,0),(2985,108,44,58,'2021-06-30',NULL,NULL,NULL,0),(2986,117,75,58,'2021-07-01',NULL,NULL,NULL,0),(2987,95,59,58,'2021-07-02',NULL,NULL,NULL,0),(2988,95,59,58,'2021-07-03',NULL,NULL,NULL,0),(2989,108,44,58,'2021-07-05',NULL,NULL,NULL,0),(2990,112,50,58,'2021-07-07',NULL,NULL,NULL,0),(2991,110,82,58,'2021-07-07',NULL,NULL,NULL,0),(2992,123,57,58,'2021-07-09',NULL,NULL,NULL,0),(2993,117,75,58,'2021-07-13',NULL,NULL,NULL,0),(2994,66,92,60,'2021-07-13',NULL,NULL,NULL,0),(2995,95,59,58,'2021-07-14',NULL,NULL,NULL,0),(2996,108,44,NULL,'2021-07-14',NULL,NULL,NULL,0);

--
-- Table structure for table `fornecedor`
--

CREATE TABLE `fornecedor` (
  `id_fornecedor` int(10) NOT NULL AUTO_INCREMENT,
  `nome` varchar(50) DEFAULT NULL,
  `endereco` varchar(100) DEFAULT NULL,
  `telefone` varchar(50) DEFAULT NULL,
  `id_tipofornecedor` int(10) DEFAULT NULL,
  PRIMARY KEY (`id_fornecedor`)
) ENGINE=InnoDB AUTO_INCREMENT=73 DEFAULT CHARSET=latin1;

--
-- Dumping data for table `fornecedor`
--

INSERT INTO `fornecedor` VALUES (35,'Daronco Lavacar','Rua carvalinho, nº','055 9 91197852',3),(37,'Mecanica do Osvaldo','R. Pinheiro Machado, 61','3332 6755',3),(40,'Posto do Alemão','Av. Antônio Manoel, 1407 - Centro, Santo Ângelo - RS, 98801-690','(55) 3312-3474',1),(41,'Bellenzier Pneus','Av. Ipiranga, 500 - Santo Angelo - RS','55 9 9917-2935',3),(42,'Posto Buffon','BR 285, km 456','33329077',1),(43,'M.S. Eletronica','R. Barão do Rio Branco, 1365, B. Gloria','55 9 91186923',3),(44,'Lojas Fricke LTDA','Alvaro Chaves, 286, Centro','3305 0500',3),(46,'Roda Bem Auto Center','Av. 21 de Abril, 1484, Lulu Ilgenfritz','3332 4345',3),(47,'Outros - Geral','XXXX','XXXX',3),(48,'Eucatrat ','Rua Waldemar Rangrab, 77, Empresa MKANET','4936313900',4),(49,'MECANICA NOREMBERG',' Rua São Borja, 42 - Santo Ângelo','55-9 84548457',3),(50,'Eucatrat ','SMO',NULL,NULL),(51,'LAVAGEM MARTINS','Rua Osvaldo aranha','55992018993, 55991572476',3),(52,'ARILSON BUENO DE OLIVEIRA - MEI','Rua Santo Antonio, 660 - Sao Carlos','55 9 9644-3639',3),(53,'Casa dos Parafusos','R. Gen. Flôres da Cunha, 78 - Centro, Ijuí - RS, 98700-000','(55) 3332-3615',3),(54,'Souza Pneus',' Av. Salgado Filho 343 - Dornelles','3313-3270',3),(56,'ELDAIR RODNEI NOREMBERG','Rua São Borja, 42 - Centro','553313-2695',3),(57,'MGA Centro Automotivo',NULL,' (55) 3333-1888',3),(58,'REDE DE POSTOS PARATI - POSTO FOX','13 de maio número 693, Centro',' 55991712462 5533329170',1),(59,'LAVAGEM PIT STOP','Rua São Carlos, 323 - São Carlos','(55) 99700-7269',3),(60,'Auto Posto Central','R. Venâncio Aíres, 34 - Centro, Ijuí - RS',' (55) 3333-8441 - (55) 9 8458-5989 ',1),(61,'Posto do Alemão','Av. Antônio Manoel, 1407 - Santo Ângelo','(55) 3312-3474',3),(62,'AUTO ELETRICA 21','Av. 21 de Abril, 1022 - Centro, Ijuí ','3333-0763',3),(63,'SHIRMANN PRO','Av. Getúlio Vargas, 111 - Sol Nascente, Ijuí - RS, 98700-000','3332-0700',3),(64,'Lojas taQi','R. do Comércio, 502 - Centro, Ijuí - RS, 98700-000','3333-4991',3),(65,'fricke',NULL,NULL,NULL),(66,'Perfect Car Estética Automotiva','AV. Ipiranga, 315 - Kurtz','55996476128',3),(67,'Livraria e Papelaria Clip S LTDA','RUA BENJAMIN CONSTANT',NULL,3),(68,'LOJAS CAMPEA','RUA CORONEL FICO',NULL,3),(69,'ELETRONICA MARTINHO','RUA CORONEL DICO',NULL,NULL),(70,'ACQUAMIX LAVACAR ','CEL PILLAR 0340','55997334446',3),(71,'ARNO MAQUINAS','AV GETULIO VARGAS',NULL,3),(72,'Baterias Goi','Rua Carvalinho, 430 Bairro Prograsso Ijuí - RS',NULL,2);

--
-- Table structure for table `motorista`
--

CREATE TABLE `motorista` (
  `id_motorista` int(10) NOT NULL AUTO_INCREMENT,
  `motorista` varchar(30) DEFAULT NULL,
  PRIMARY KEY (`id_motorista`)
) ENGINE=InnoDB AUTO_INCREMENT=94 DEFAULT CHARSET=latin1;

--
-- Dumping data for table `motorista`
--

INSERT INTO `motorista` VALUES (42,'Geverson Rodrigues'),(43,'Diogo Andreatta'),(44,'Gustavo Palese'),(45,'Julian dos Santos'),(47,'Carlos Roberto Beck Gomes'),(48,'Fabiano Gomes'),(50,'Marciel Terra'),(51,'Marcos Scholles'),(52,'Adriano Franco'),(53,'Ricardo Cassol'),(54,'Eleandro Cargnin'),(56,'Eduardo Torres Ruschel'),(57,'Alex Lopes'),(58,'Fabiano Hoppen'),(59,'Felipe Zimmermann'),(60,'Henrique Baldissera'),(62,'PEDRO HENRIQUE KOWALSKI'),(63,'Dieisson Suliman'),(65,'MATEUS ESCOBAR MAYER'),(66,'Daniel Medina '),(67,'Jean Eduardo Gonçalves'),(68,'TAYRONE CARNEIRO ROCKENBACH'),(69,'Samuel Bueno da Rocha'),(70,'José Valmir Anjos dos Santos'),(71,'Diogo Cunha Lorentz'),(73,'Caroline Endler'),(74,'Rosimeri da Rosa'),(75,'JEFERSON'),(76,'RODRIGO BORBA'),(77,'MAICON FIGUEIRO'),(78,'PAULO BECK'),(79,'RAFAEL NOGUEIRA'),(80,'Cristiano Silva dos Santos'),(81,'VANDERLEI G. DA LUZ'),(82,'Rodrigo Stroher'),(83,'LUIS FELIPE PIVA'),(84,'MARCELO TOLEDO'),(85,NULL),(86,'MARCOS NECKEL'),(87,'CLIC RAPIDO TELECOMUNICAÇÃO LT'),(88,'DIAIMES RODRIGUES'),(89,'ANDREW'),(90,'Maicon Pohl'),(91,'MARIO CEZAR DOS SANTOS'),(92,'GUILHERME GOMES'),(93,'JONAS');

--
-- Table structure for table `relatorios`
--

CREATE TABLE `relatorios` (
  `id_relatorio` int(10) NOT NULL AUTO_INCREMENT,
  `nome` varchar(255) DEFAULT NULL,
  `link` varchar(255) DEFAULT NULL,
  PRIMARY KEY (`id_relatorio`)
) ENGINE=InnoDB AUTO_INCREMENT=5 DEFAULT CHARSET=latin1;

--
-- Dumping data for table `relatorios`
--

INSERT INTO `relatorios` VALUES (1,'Veiculos','pdf/relatorios.php?tipo=tecnico'),(2,'Motorista','pdf/relatorios.php?tipo=motorista'),(3,'Fornecedor','pdf/relatorios.php?tipo=fornecedor'),(4,'Veiculo','pdf/relatorios.php?tipo=veiculo');

--
-- Table structure for table `requisicoes`
--

CREATE TABLE `requisicoes` (
  `id_requisicao` int(10) NOT NULL AUTO_INCREMENT,
  `id_motorista` int(10) DEFAULT NULL,
  `id_empresa` int(10) DEFAULT NULL,
  `data` date DEFAULT NULL,
  `descricao` text,
  `valor` float DEFAULT NULL,
  PRIMARY KEY (`id_requisicao`)
) ENGINE=InnoDB DEFAULT CHARSET=latin1;

--
-- Dumping data for table `requisicoes`
--


--
-- Table structure for table `servico`
--

CREATE TABLE `servico` (
  `id_servico` int(10) NOT NULL AUTO_INCREMENT,
  `id_tiposervico` int(10) DEFAULT NULL,
  `id_fornecedor` int(10) DEFAULT NULL,
  `id_veiculo` int(11) DEFAULT NULL,
  `id_motorista` int(10) DEFAULT NULL,
  `dia` date DEFAULT NULL,
  `km` float DEFAULT NULL,
  `preco` float DEFAULT NULL,
  `descricao` varchar(255) DEFAULT NULL,
  PRIMARY KEY (`id_servico`)
) ENGINE=InnoDB AUTO_INCREMENT=1646 DEFAULT CHARSET=latin1;

--
-- Dumping data for table `servico`
--

INSERT INTO `servico` VALUES (608,4,35,63,47,'2018-06-23',NULL,NULL,'Lavagem automotiva completa'),(609,4,35,62,42,'2018-06-23',NULL,NULL,'LAvagem automotiva completa'),(610,4,35,65,45,'2018-06-27',NULL,NULL,'Lavagem automotiva completa'),(611,4,35,65,45,'2018-07-02',NULL,NULL,'Lavagem automotiva'),(612,2,41,70,53,'2018-07-06',41337,358,'Troca dos 2 Pneus Traseiros, balanceamento, montagem e                                        geometria.'),(613,5,37,62,42,'2018-07-09',NULL,NULL,'Verificar falhas no arranque, pane eletrica ou problemas de injeção; FEITO VERIFICAÇÕES SEM CUSTOS'),(614,2,46,76,44,'2018-07-11',NULL,NULL,'Troca de Pneus Dianteiros'),(615,4,35,62,45,'2018-07-11',NULL,NULL,'Lavagem completa'),(616,1,44,78,42,'2018-07-11',NULL,544.5,'Cabo 3 x 2.5, Tomada 3 pinos 20Ah'),(617,1,44,78,42,'2018-07-11',NULL,17.25,'5 Tomadas 20Ah '),(618,5,37,68,42,'2018-07-12',NULL,NULL,'ARRUMAR FREIOS'),(619,5,43,65,44,'2018-07-13',NULL,0,'Instalação de GPS (rastreador);'),(620,4,35,64,50,'2018-07-16',NULL,NULL,'lavagem geral dentro e fora '),(622,1,44,78,44,'2018-07-17',NULL,30,'Fita, ou Borracha de impacto para Porta'),(623,1,47,72,52,'2018-07-17',NULL,NULL,'CAIXA DE PASSAGEM, E UM ``T``'),(624,1,47,70,53,'2018-07-19',NULL,NULL,'Botina com biqueira de aco, 41'),(625,1,47,64,50,'2018-07-20',NULL,NULL,'instalacao rastreador'),(626,5,37,66,48,'2018-07-23',NULL,NULL,'REVISAO '),(628,4,35,61,50,'2018-07-23',NULL,NULL,'lavagem dentro e fora'),(629,4,35,76,44,'2018-07-23',NULL,NULL,'lavagem dentro e fora'),(630,1,47,78,44,'2018-07-23',NULL,NULL,'bancada para baterias '),(631,5,47,66,48,'2018-07-25',NULL,NULL,'COMPRA DE BOTINA PARA FELIPE'),(632,2,41,73,54,'2018-07-25',NULL,NULL,'Fazer Geometria, balanceamento e rodizio de pneus'),(633,1,47,73,54,'2018-07-25',NULL,NULL,'BOTINA'),(634,4,47,63,47,'2018-07-26',NULL,NULL,'COMPRA DE FITA GUIA '),(635,4,35,66,48,'2018-07-26',NULL,NULL,NULL),(636,1,47,72,52,'2018-07-26',NULL,NULL,'COMPRA DE CANALETAS'),(637,4,35,63,47,'2018-07-28',NULL,NULL,NULL),(638,1,47,64,50,NULL,NULL,NULL,'saco de lixo preto grande , plastico para OS'),(640,1,47,64,50,'2018-07-31',NULL,NULL,'saco de lixo grande preto, plastico para OS'),(641,1,47,73,54,'2018-07-31',NULL,NULL,'LUVA DE VAQUETA'),(642,1,47,70,53,'2018-07-31',NULL,NULL,'FIOS PARALELOS, E CAIXA DE PASSAGEM 50X50'),(643,1,47,72,52,'2018-07-31',NULL,NULL,'CONCERTO DE PARAFUSADEIRA'),(644,1,47,71,51,'2018-08-01',NULL,NULL,'CAIXA DE PASSAGEM '),(645,1,47,63,47,'2018-08-01',NULL,NULL,'CORDA PARA ESCADA '),(646,1,47,73,54,'2018-08-01',NULL,NULL,'CONCERTO DE PNEU'),(647,3,41,73,54,'2018-08-03',NULL,NULL,'FAZER TROCA DOS 2 PNEUS DE TRÁS, FAZER RODIZIO, BALANCEAMENTO E GEOMETRIA'),(648,2,46,60,55,'2018-08-03',NULL,NULL,'TROCA DE PNEUS TRASEIROS, GEOMETRIA E BALANCEAMENTO'),(649,4,35,68,50,'2018-08-06',NULL,NULL,NULL),(650,1,44,66,50,NULL,NULL,NULL,NULL),(651,1,44,61,50,'2018-08-06',NULL,NULL,'TINTA 1 KG BCO FOSC, 3,6 VDE LAGARTA DA CORAL'),(652,1,47,66,50,'2018-08-07',NULL,NULL,'Colocacao de GPS'),(654,4,35,64,46,'2018-08-08',NULL,NULL,'lavagem dentro e fora'),(655,4,35,67,46,'2018-08-08',NULL,NULL,'lavagem dentro e fora'),(656,5,37,67,46,'2018-08-09',NULL,NULL,'Revisao (oleo,filtro,correia dentada,vela,freio......)'),(657,1,47,78,42,'2018-08-09',NULL,15500,'Compra de 70 postes 9x12-15 e 40 postes 9X15-17 com valor ja acertado totalizando RS15500,00, Deposito em Conta sendo a metade para confirmação do Material e o Restante com Boleto para 30 Dias'),(659,4,35,60,55,'2018-08-10',NULL,NULL,'lavagem dentro e fora'),(660,4,35,59,39,'2018-08-10',NULL,NULL,NULL),(661,1,47,71,51,'2018-08-13',NULL,NULL,'VASELINA'),(662,1,47,67,44,'2018-08-13',NULL,NULL,'BARULHO AO GIRAR TODA DIRECAO '),(663,1,44,60,43,'2018-08-13',NULL,NULL,'CORRUGADO ,CABO DE ENERGIA '),(664,4,35,62,45,'2018-08-13',NULL,NULL,'lavagem dentro e fora'),(665,1,47,59,54,'2018-08-13',NULL,NULL,'3 CHAVE ``10``'),(666,1,47,60,55,'2018-08-13',NULL,NULL,'LAMPADA PARA FAROL DIANTEIRO'),(667,1,47,70,53,'2018-08-14',NULL,NULL,'CAIXA DE PASSAGEM'),(668,1,47,61,41,'2018-08-14',NULL,NULL,'CABO USB SERIAL'),(669,1,47,71,51,'2018-08-14',NULL,NULL,'Caixa de Passagem '),(670,1,44,61,44,'2018-08-14',NULL,NULL,'cabos de energia'),(671,5,47,67,50,'2018-08-14',NULL,NULL,'GPS'),(672,1,47,76,50,'2018-08-17',NULL,NULL,'FIXA FIO'),(673,1,47,61,50,'2018-08-17',NULL,NULL,'3 UN SUPORTE BASE PARA NOTBOOK'),(674,1,47,62,50,'2018-08-17',NULL,NULL,'CONCERTO FECHADURA TAMPA SAVEIRO FSL 9347'),(676,1,47,62,41,'2018-08-17',NULL,NULL,'INTERRUPTOR '),(677,1,47,67,50,'2018-08-21',NULL,NULL,'FITA GUIA '),(678,1,47,71,51,'2018-08-21',38493,187.5,'TROCA DE OLÉO, E FILTRO DO OLÉO'),(679,1,44,78,42,'2018-08-21',NULL,NULL,'COMPRA DE TRENA, FIO 6MM, CONECTOR'),(681,1,47,63,47,'2018-08-22',NULL,NULL,'COMPRA DE BOTINA '),(683,4,35,61,50,'2018-08-23',NULL,NULL,'lavagem dentro e fora'),(684,1,47,78,50,'2018-08-23',NULL,NULL,'recarga chip rastreadores 5 '),(685,1,47,78,48,'2018-08-24',NULL,NULL,'COMPRA BOTINA FABIANO'),(686,4,35,65,50,'2018-08-27',NULL,NULL,NULL),(687,5,47,67,50,'2018-08-27',NULL,NULL,'TROCA E PINTURA PARA-CHOQUE DIANT , E PINTURA PARA-LAMA DIANT LADO DIREITO '),(688,1,47,59,39,'2018-08-28',NULL,NULL,'COLOCACAO DE RASTREADOR '),(689,1,47,72,52,'2018-08-29',NULL,NULL,'BROCA DE FERRO'),(690,1,47,71,51,'2018-08-30',NULL,NULL,'BROCA DE FERRO'),(691,1,47,78,41,'2018-08-31',NULL,NULL,'COMPRA SSD PARA NOTBOOKS PARA TECNICOS, LEITOR COD BARRAS'),(692,4,35,63,48,'2018-09-01',NULL,NULL,NULL),(694,1,46,59,61,'2018-09-01',NULL,NULL,'TROCA DE OLEO'),(695,5,47,66,50,'2018-09-03',NULL,NULL,'TROCA BATERIA FKN5559'),(697,5,37,62,50,'2018-09-03',NULL,NULL,'TROCA MOTOR DE ARANQUE '),(699,5,37,63,46,'2018-09-04',NULL,NULL,'MANUTENCAO DE SEGURO'),(700,1,47,63,48,NULL,NULL,NULL,'compra botina '),(701,5,47,66,48,'2018-09-05',NULL,NULL,'COMPRA DE BOTINA'),(702,5,46,65,50,'2018-09-06',NULL,NULL,'TROCA COXIM AMORT, BARA AXIAL, PIVO, GEOMETRIA'),(703,5,47,64,50,'2018-09-06',NULL,NULL,'CHAPEAMENTO PINTURA LATERAL DIR , PARACHOQUE DIANT. TIRADO ADESIVO, PARALAMA DIANT ESQ. POLIMENTO GERAL, AEOPFOLIO TRAZEIRO'),(704,4,35,65,47,'2018-09-06',NULL,NULL,'lavagem dentro e fora'),(705,1,47,70,58,'2018-09-10',NULL,NULL,'CORDA PARA ESCADA, E LAMPADA DO FAROL DIANTEIRO DO PALIO..'),(706,1,47,78,42,'2018-09-10',NULL,NULL,'Compra de 125 Postes de Madeira - Eucatrat - Obra Ijui / Santo Augusto'),(707,1,44,78,44,'2018-09-10',NULL,NULL,'FIOS DE ENERGIA, LAMPADA LED PCP'),(709,1,44,63,47,'2018-09-12',NULL,NULL,'rolo corrugado'),(710,1,46,61,46,'2018-09-12',NULL,NULL,'TROCA 2 PNEUS DIANTEIROS'),(711,5,47,75,50,'2018-09-13',NULL,NULL,'pintura lateral direita, para-choque direito, remocao dos adesivos, polimento geral'),(712,1,46,60,55,'2018-09-14',NULL,NULL,'TROCA DE OLEO'),(713,4,35,66,58,'2018-09-15',NULL,NULL,'lavagem dentro e fora'),(714,1,47,78,50,'2018-09-15',NULL,NULL,NULL),(715,1,47,78,50,'2018-09-18',NULL,NULL,'COMPRA DE GASES PARA A FUSAO '),(716,1,47,76,52,'2018-09-18',NULL,NULL,'CORDA PARA ESCADA'),(717,1,47,71,51,'2018-09-18',NULL,NULL,'CAIXA DE PASSAGEM'),(718,1,47,78,50,'2018-09-19',NULL,NULL,'COMPRA CORDA ELASTICA PARA AMARRAR AS ESCADAS'),(719,1,47,73,54,'2018-09-19',NULL,NULL,'COMPRA DE PILHAS PARA OS EQUIPAMENTOS'),(720,1,47,78,50,'2018-09-21',NULL,NULL,'COMPRA 2 CHIPS VIRGENS SEM NUMERO'),(721,1,47,72,58,'2018-04-24',NULL,NULL,'FEITO O CONCERTO DO VELOCIMETRO '),(722,1,47,72,58,'2018-09-24',NULL,NULL,'FEITO O CONCERTO DO VELOCIMETRO'),(723,1,47,67,42,'2018-09-24',NULL,NULL,'COMPRA DE SACOLA PRETA PARA OS INSTALADORES '),(724,1,47,66,48,'2018-09-24',NULL,NULL,'COMPRA DE CHIP VIRGEM SEM NUMERO'),(725,1,47,78,50,'2018-09-25',NULL,NULL,'COMPRA PARAFUSO DO TERMINAL '),(726,1,47,63,47,'2018-09-25',NULL,NULL,'GANCHO VARA MANOBRA'),(727,1,47,64,50,'2018-09-25',NULL,NULL,'COMPRA BATERIA PARA O CARRO'),(728,1,47,75,56,'2018-09-27',NULL,NULL,'COMPRA DE MOUSE'),(729,1,47,75,56,'2018-09-28',NULL,NULL,'COMPRA DE CANETAS PARA O TOUCH DO CELULAR'),(730,1,47,75,56,'2018-09-28',NULL,NULL,'BARBANTE ( PARA AS CANETAS )'),(731,1,44,78,42,'2018-09-28',NULL,NULL,'COMPRA DE TRENA'),(732,4,35,60,55,'2018-09-29',NULL,NULL,'lavagem dentro e fora'),(733,5,47,61,60,'2018-09-28',NULL,NULL,'TROCA DE LAMPADAS LANTERNA'),(734,1,44,78,41,'2018-09-29',NULL,NULL,'BARRA DE FERRO '),(736,1,47,67,46,'2018-10-01',NULL,NULL,'PONTEIRA VARA DE MANOBRA'),(738,5,47,70,50,NULL,NULL,NULL,'PINTURA E CHAPEAM. TAMPA TRAS. PORTA TRAS. ESQUER. TROCA E PINTURA PARACHOQUE DIANT. PINT. RACK LADO ESQ. TRAS.'),(739,5,47,70,50,'2018-10-01',NULL,NULL,'PINTURA E CHAPEAM. TAMPA TRAS. PORTA TRAS. ESQUER. TROCA E PINTURA PARACHOQUE DIANT. PINT. RACK LADO ESQ. TRAS. RETIRADA DOS ADESIVOS E POLIMENTO'),(740,4,35,70,59,'2018-10-01',NULL,NULL,'LAVAGEM INTERNA'),(741,1,47,67,46,'2018-10-01',NULL,NULL,'CANETAS ASSINATURA DIGITAL'),(742,1,47,76,52,'2018-10-01',NULL,NULL,'COMPRA DE GUIAS'),(743,1,47,71,51,'2018-10-02',NULL,NULL,'COMPRA DE CORRUGADO '),(744,1,47,72,52,'2018-10-02',NULL,NULL,'COMPRA DE GUIA'),(745,1,47,78,48,'2018-10-04',NULL,NULL,'FITA GUIA'),(748,1,47,70,47,'2018-10-04',NULL,NULL,'saco plastico, caneta retroprojetor, tenaz, fita larga, '),(750,1,47,73,54,'2018-10-05',NULL,NULL,'COMPRA DE LUVAS'),(751,1,47,72,52,'2018-10-05',NULL,NULL,'concerto de peca de granito do Cliente Gean Jesse..'),(752,4,35,68,46,'2018-10-06',NULL,NULL,'LAVAGEM INTERNA E EXTERNA'),(753,4,35,59,39,'2018-10-06',NULL,NULL,'LAVAGEM INTERNA E EXTERNA'),(754,4,35,69,44,'2018-10-09',NULL,NULL,'LAVAGEM INTERNA EXTERNA STRADA'),(755,1,47,59,39,'2018-10-09',NULL,NULL,'CONSERTO ESCADA'),(756,1,47,59,39,'2018-10-09',NULL,NULL,'CONSERTO DO RACK'),(757,1,44,78,42,'2018-10-09',NULL,NULL,'rodape para piso'),(758,1,47,76,52,'2018-10-10',NULL,NULL,'CONCERTO DE PNEU '),(759,4,35,66,48,'2018-10-10',NULL,NULL,'LAVAGEM EXTERNA E INTERNA E OS BANCOS'),(760,1,44,78,42,NULL,NULL,NULL,'Painel LED'),(761,1,44,78,42,'2018-10-10',NULL,NULL,'Painel Led'),(763,1,44,77,42,'2018-10-11',NULL,NULL,'SUPORTE PARA TELEVISÃO'),(764,4,35,68,41,'2018-10-11',NULL,NULL,'LAVAGEM INTERNA E EXTERNA'),(765,1,47,70,NULL,'2018-10-11',NULL,NULL,'PARAFUSOS, BUCHAS E SUPORTE AR CONDICIONADO'),(766,1,47,71,51,'2018-10-13',NULL,NULL,'FITA DUPLA FACE'),(767,1,44,NULL,50,'2018-10-15',NULL,NULL,'brocas 6\" '),(768,4,35,69,NULL,'2018-10-15',NULL,NULL,'CARRO MILTON'),(769,1,47,72,58,'2018-10-08',NULL,NULL,'FOI FEITO A TROCA DA BATERIA DO CARRO'),(770,1,47,72,58,'2018-10-15',NULL,NULL,'VASELINA'),(771,4,35,62,55,'2018-10-17',NULL,NULL,'LAVAGEM INTERNA E EXTERNA'),(772,1,47,77,57,NULL,NULL,NULL,'SACOS PLASTICOS'),(773,1,47,NULL,57,'2018-10-22',NULL,NULL,'SACOS PLASTICOS'),(774,1,47,75,56,'2018-10-22',NULL,NULL,'COMPRA DE PACOTES PARA EMBALAGEM'),(775,1,47,75,56,'2018-10-22',NULL,NULL,'COMPRA DE PACOTES PARA EMBALAGEM'),(776,1,47,76,52,'2018-10-23',NULL,NULL,'PILHA ALCALINA E GRAMPO PARA GRAMPEADEIRA'),(777,1,47,76,52,'2018-10-23',NULL,NULL,'CONCERTO DE PNEU'),(778,1,47,59,40,'2018-10-23',NULL,NULL,'FITAS PASSA FIO CHAVE CACHIMBO 6\"'),(779,1,47,71,51,'2018-10-25',NULL,NULL,'FIO PARALELO '),(780,1,44,77,42,'2018-10-29',NULL,NULL,'Espia Galvanizada, Esticador, Presilha para espia'),(781,1,47,75,56,'2018-10-29',NULL,NULL,'COMPRA DE FITA DUPLA FACE'),(782,1,44,77,40,'2018-10-29',NULL,NULL,'Pincel para limpeza fuzora'),(783,4,35,70,61,'2018-10-30',NULL,NULL,'Lavagem interna, externa, carpete, motor, bancos'),(784,5,37,67,61,'2018-10-30',NULL,NULL,'Embreagem'),(786,5,46,62,42,'2018-10-30',NULL,NULL,'Pneu dianteiro direito'),(788,5,37,78,42,'2018-10-30',NULL,NULL,'Conserto Ranger'),(789,5,47,64,50,'2018-10-31',NULL,NULL,'compra de lâmpada para farol'),(790,1,47,65,45,'2018-10-31',NULL,NULL,'concerto de pneu'),(791,1,47,75,56,'2018-10-31',NULL,NULL,'NOVA CHAVE PRO CARRO A DELE QUEBROU'),(792,5,47,60,40,'2018-11-03',NULL,NULL,'Compra e instalação de reboque(Menegon)'),(793,4,35,62,48,'2018-11-05',NULL,NULL,'Lavagem interna e externa'),(794,4,35,62,48,'2018-11-05',NULL,NULL,'Lavagem interna e externa'),(795,1,47,73,54,'2018-11-05',NULL,NULL,'REPELENTE(CAIXAS COM FORMIGA)'),(796,2,46,59,46,'2018-11-06',NULL,NULL,NULL),(797,1,47,71,51,'2018-11-08',NULL,NULL,'CAIXA DE PASSAGEM'),(798,1,47,66,48,'2018-11-09',NULL,NULL,'Pinça para fusora'),(799,4,35,63,47,'2018-11-09',NULL,NULL,'lavagem interna e externa'),(800,4,35,61,60,'2018-11-10',NULL,NULL,'Lavagem interna e externa'),(801,1,47,75,56,'2018-11-12',NULL,NULL,'CONCERTO DOS FREIOS DO UNO'),(802,1,47,72,52,'2018-11-12',NULL,NULL,'COMPRA DE MARTELO'),(803,1,44,66,48,'2018-11-14',NULL,NULL,'Pistola e bastão cola quente, organizador de cabos'),(804,1,47,66,48,'2018-11-14',NULL,NULL,'Pistola e bastão para cola quente'),(805,1,47,78,42,'2018-11-14',NULL,NULL,'Compra de 65 peças de postes de madeira de 9 metros - Eucatrat'),(806,1,47,73,54,'2018-11-12',NULL,NULL,'UMA CALOTA PRO PNEU'),(807,1,47,70,58,'2018-11-16',NULL,NULL,'CONCERTO DE FURADEIRA'),(808,1,47,71,51,'2018-11-16',NULL,NULL,'CAIXA DE PASSAGEM'),(809,4,35,64,46,'2018-11-17',NULL,NULL,NULL),(810,1,47,75,56,'2018-11-20',NULL,NULL,'CONCERTO DA LATERAL DO CARRO ( CHAPEAMENTO)'),(811,5,47,67,61,'2018-11-21',NULL,NULL,'bateria nova'),(812,1,47,62,61,'2018-11-21',NULL,NULL,'parafusos e polcas para suporte de CTO'),(813,5,37,60,55,'2018-11-21',NULL,NULL,'óleo da caixa, calço motor lado direito, motor partida, geometria'),(814,1,47,71,51,'2018-11-21',NULL,NULL,'FIXA FIO'),(815,1,47,77,61,'2018-11-21',NULL,NULL,'cópia de chaves'),(816,1,47,66,48,'2018-11-21',NULL,NULL,'compra de pistola de cola quente'),(817,4,35,60,55,'2018-11-26',NULL,NULL,'Lavagem interna e externa'),(818,1,47,66,48,'2018-11-28',NULL,NULL,'compra de bastão para cola quente'),(819,1,47,75,56,'2018-11-28',NULL,NULL,'CONCERTO DO PNEU '),(820,1,47,70,58,'2018-11-29',NULL,NULL,'BOTINA, 41 - 40'),(821,1,47,72,52,'2018-11-30',NULL,NULL,'FIXA FIO'),(822,1,47,72,52,'2018-11-30',NULL,NULL,'FIXA FIO'),(823,4,35,66,48,'2018-11-30',NULL,NULL,'lavagem interna e externa'),(824,4,35,67,61,'2018-12-01',NULL,NULL,'lavagem interna e externa'),(825,4,35,76,44,'2018-12-01',NULL,NULL,'lavagem interna e externa'),(826,1,44,63,47,'2018-12-03',NULL,NULL,'broca SSD 50 cm'),(827,1,47,71,51,'2018-12-03',NULL,NULL,'CANALETAS E FIO DE ENERGIA'),(828,4,35,62,42,'2018-12-05',NULL,NULL,'lavagem interna e externa'),(830,4,35,59,46,'2018-12-06',NULL,NULL,'lavagem interna e externa'),(831,1,47,71,51,'2018-12-06',NULL,NULL,'CANALETAS'),(832,5,47,66,48,'2018-12-07',NULL,NULL,'parte elétrica UNO'),(833,1,47,72,52,'2018-12-07',NULL,NULL,'CAIXA DE PASSAGEM, FIO DE ENERGIA'),(834,4,35,63,47,'2018-12-07',NULL,NULL,'lavagem interna e externa'),(835,4,35,68,57,'2018-12-07',NULL,NULL,'lavagem interna e externa'),(836,1,47,72,52,'2018-12-08',NULL,NULL,'PILHAS E BATERIAS PARA EQUIPAMENTOS'),(838,5,46,61,60,'2018-12-10',NULL,NULL,'pneu traseiro'),(839,1,47,72,52,'2018-12-10',NULL,NULL,'BOTINA PRO MATHEUS'),(840,1,43,76,61,'2018-12-11',NULL,NULL,'HUB USB'),(841,1,47,75,56,'2018-12-11',NULL,NULL,'CONCERTO DA CAIXA DE DIRECAO'),(842,1,47,71,51,'2018-12-12',NULL,NULL,'DIESEL, PARA MATAR FORMIGAS EM UMA CAIXA'),(843,1,47,73,54,'2018-12-14',NULL,NULL,'CHAPEAMENTO'),(844,4,35,64,50,'2018-12-15',NULL,NULL,'lavagem interna e externa'),(845,1,47,71,51,'2018-12-14',NULL,NULL,'CAIXA DE PASSAGEM'),(846,1,47,68,52,'2018-12-14',NULL,NULL,'COMPRA DE BROCAS PRA INSTALACAO'),(847,1,44,69,61,'2018-12-14',NULL,NULL,'joelho de 50 e 100'),(848,1,47,72,52,'2018-12-15',NULL,NULL,'CAIXA DE PASSAGEM'),(849,1,47,59,46,'2018-12-17',NULL,NULL,'chave catraca 10\" 15\"'),(850,3,46,61,60,'2018-12-17',NULL,NULL,NULL),(851,2,47,65,45,'2018-12-17',NULL,NULL,'TROCA DOS PNEUS DIANTEIROS'),(852,1,44,76,42,'2018-12-18',NULL,NULL,'organizador de material'),(853,1,47,60,55,'2018-12-18',NULL,NULL,'chave catraca 10\" 15\"'),(854,5,37,59,46,'2018-12-18',NULL,NULL,'Freio'),(855,1,44,60,55,'2018-12-18',NULL,NULL,'telhas'),(858,5,37,60,55,'2018-12-18',NULL,NULL,'palhetas limpador parabrisa'),(861,1,47,65,45,'2018-12-18',NULL,NULL,'CONSERTO DO PARA-CHOQUE  '),(862,1,44,79,44,'2018-12-19',NULL,NULL,'organizador de material'),(863,1,44,62,44,'2018-12-19',NULL,NULL,NULL),(865,1,47,63,47,'2018-12-19',NULL,NULL,'conserto furadeira'),(866,1,47,73,54,'2018-12-19',NULL,NULL,'CINTA CATRACA'),(867,1,47,72,52,'2018-12-20',NULL,NULL,'ALICATE'),(868,1,47,72,52,'2018-12-20',NULL,NULL,'CONTROLE PARA O PORTAO DA GARAGEM'),(869,1,47,71,51,'2018-12-21',NULL,NULL,'TROCA DE PALHETAS DO LIMPADOR '),(870,1,47,73,54,'2018-12-21',NULL,NULL,'COMPRA DE PILHAS E BATERIAS'),(871,1,47,65,45,'2018-12-21',92444,178,'TROCA DE OLEO E FILTRO'),(872,4,35,60,55,'2018-12-21',NULL,NULL,'lavagem interna e externa'),(873,1,44,77,61,'2018-12-27',NULL,NULL,'dupla face '),(874,1,47,67,61,'2018-12-27',NULL,NULL,'sacos plásticos'),(875,1,47,62,61,'2018-12-28',NULL,NULL,'serviço de empilhadeira'),(876,4,35,59,46,'2018-12-29',NULL,NULL,'lavagem interna e externa'),(877,5,37,61,60,'2019-01-02',NULL,NULL,'revisão. vela óleo + filtro'),(878,1,47,73,54,'2019-01-02',NULL,NULL,'CHAVE CATRACA `15`'),(879,1,47,73,54,'2019-01-02',NULL,NULL,'LUVA DE VAQUETA'),(880,1,47,73,54,'2019-01-03',NULL,NULL,'LUVA DE VAQUETA'),(881,1,47,71,51,'2019-01-03',NULL,NULL,'TOMADA PARA O PCP'),(882,1,47,72,52,'2019-01-03',NULL,NULL,'CANALETAS'),(883,1,47,70,58,'2019-01-04',NULL,NULL,'ALICATE DE CORTE'),(884,1,47,70,58,'2019-01-04',NULL,NULL,'BOTINA'),(885,4,35,61,60,'2019-01-05',NULL,NULL,'lavagem interna e externa'),(886,4,35,68,57,'2019-01-05',NULL,NULL,'lavagem interna e externa'),(887,1,44,77,42,'2019-01-07',NULL,NULL,'adaptador'),(888,1,44,77,42,'2019-01-07',NULL,NULL,'adaptador'),(889,1,47,70,58,'2019-01-08',NULL,NULL,'CAIXA DE PASSAGEM E TOMADAS'),(890,1,47,69,61,'2019-01-08',NULL,NULL,'galão, funil, mangueira 3m'),(891,2,46,62,61,'2019-01-09',NULL,NULL,'rodízio dos pneus, pneus traseiros novos, balanceamento geometria'),(892,1,44,69,48,'2019-01-09',NULL,NULL,'10m de cabo flexível 6mm azul'),(893,1,47,70,58,'2019-01-10',NULL,NULL,'CONSERTO DE CINTADEIRA'),(894,4,35,66,48,'2019-01-12',NULL,NULL,'lavagem interna e externa'),(895,1,47,76,61,'2019-01-15',NULL,NULL,'Parafusos para isolador'),(896,1,47,75,56,'2019-01-16',NULL,NULL,'CONSERTO DE PIVO'),(897,1,47,72,52,'2019-01-16',NULL,NULL,'CONSERTO DE PNEU'),(898,1,47,70,58,'2019-01-16',NULL,NULL,'COMPRA DE T'),(899,1,47,73,51,'2019-01-16',NULL,NULL,'COMPRAS FIOS PRA PONTO DE ENERGIA'),(900,1,47,73,51,'2019-01-18',NULL,NULL,'BOTINA'),(901,1,44,63,47,'2019-01-18',NULL,NULL,'RJ 11 '),(902,4,35,63,47,'2019-01-18',NULL,NULL,'lavagem interna e externa'),(903,5,47,70,58,'2019-01-21',NULL,NULL,'CONSERTO DE FREIOS'),(904,1,47,75,56,'2019-01-21',NULL,NULL,'SACO PLASTICO PARA AS INSTALACOES'),(905,1,47,73,54,'2019-01-21',NULL,NULL,'FITA DE ALTA FUSAO'),(906,5,37,59,46,'2019-01-21',NULL,NULL,'revisão embreagem e Óleo'),(907,1,44,77,59,'2019-01-22',NULL,NULL,'material hidráulico'),(908,5,37,76,46,'2019-01-22',NULL,NULL,'troca de óleo'),(909,5,37,61,60,'2019-01-22',NULL,NULL,NULL),(910,1,47,70,58,'2019-01-22',NULL,NULL,'ALICATE, CHAVE PHILIPS '),(911,5,47,65,45,'2019-01-22',NULL,NULL,'CONSERTO DE FREIOS'),(912,5,47,72,52,'2019-01-23',NULL,NULL,'CONSERTO DE PARTIDA'),(913,1,44,77,59,'2019-01-23',NULL,NULL,'mangueira para o  bebedor '),(914,5,47,67,52,'2019-01-23',NULL,NULL,'CONCERTO MOTOR DE PARTIDA '),(915,4,35,68,57,'2019-01-24',NULL,NULL,'lavagem interna e externa'),(916,4,35,67,57,'2019-01-24',NULL,NULL,'lavagem interna e externa'),(917,4,35,67,57,'2019-01-24',NULL,NULL,'lavagem interna e externa'),(918,1,44,77,42,'2019-01-28',NULL,NULL,'abraçadeiras de aço'),(919,5,37,68,57,'2019-01-29',NULL,NULL,'revisão suspensão, direção, óleo filtro'),(920,5,37,79,42,'2019-01-30',NULL,NULL,'Carro se desliga enquanto anda'),(921,5,47,60,55,'2019-01-30',NULL,NULL,'iluminação parte traseira Fiorino'),(922,4,35,59,46,'2019-01-30',NULL,NULL,'lavagem interna e externa'),(923,2,46,59,46,'2019-01-30',NULL,NULL,'conserto pneu dianteiro esquerdo'),(924,1,47,69,46,'2019-01-30',NULL,NULL,'cópia das chaves de panambi'),(925,1,47,72,52,'2019-01-31',NULL,NULL,'COMPRA DE FIO E CAIXA DE PASSAGEM'),(926,1,47,75,56,'2019-02-04',NULL,NULL,'FITA DUPLA FACE'),(927,2,46,76,44,'2019-02-04',NULL,NULL,'troca de 2 pneus traseiros'),(928,1,47,70,58,'2019-02-05',NULL,NULL,'COMPRA DE FIO DE ENERGIA'),(929,4,35,76,44,'2019-02-05',NULL,NULL,'lavagem interna e externa'),(930,1,47,69,61,'2019-02-11',NULL,NULL,'COMPRA DE GAZE PARA FUSÃO'),(931,1,47,73,54,'2019-02-07',NULL,NULL,'ORGANIZADOR DE CABOS'),(932,1,44,77,44,'2019-02-08',NULL,NULL,'compra de Botina'),(933,2,47,75,56,'2019-02-08',NULL,NULL,'TROCA DE PNEU E BALANCEAMENTO E GEOMETRIA'),(934,4,35,63,47,'2019-02-09',NULL,NULL,'lavagem interna e externa'),(935,4,35,63,47,'2019-02-09',NULL,NULL,NULL),(936,5,47,75,56,'2019-02-11',NULL,NULL,'TROCA DE LUZ DO FAROL'),(937,1,47,73,54,'2019-02-12',NULL,NULL,'TROCA DA LAMPADA DA SINALEIRA E CALOTA'),(938,1,47,64,50,'2019-02-13',NULL,NULL,NULL),(939,5,47,71,58,'2019-02-14',NULL,NULL,'CONSERTO DA MONTANA EM GERAL'),(940,2,46,68,57,'2019-02-14',NULL,NULL,'troca de 2 pneus traseiros'),(942,1,47,73,54,'2019-02-15',NULL,NULL,'CAIXA DE PASSAGEM E PROTETOR DE CABO'),(943,5,47,64,50,'2019-02-15',NULL,NULL,'limpador para-brisa'),(944,1,44,64,59,'2019-02-15',NULL,NULL,'02 luvas de 20\" pedaço de cano. hidráulico. conserto casa de um cliente'),(945,1,47,73,54,'2019-02-15',NULL,NULL,'COMPRA DE GRAMPOS'),(946,1,47,70,58,'2019-02-16',NULL,NULL,'DUPLA FACE'),(947,4,47,69,61,'2019-02-16',NULL,NULL,'limpeza do pátio'),(948,3,46,63,47,'2019-02-18',NULL,NULL,'conserto pneu dianteiro direito'),(949,1,47,73,54,'2019-02-18',NULL,NULL,'CAIXA DE PASSAGEM E TOMADAS'),(950,1,47,62,61,'2019-02-18',NULL,NULL,'troca de bateria '),(951,4,35,62,61,'2019-02-19',NULL,NULL,'lavagem interna e externa'),(952,1,47,70,58,'2019-02-20',NULL,NULL,'CONSERTO DO CONTROLE DO PORTAO'),(953,1,44,66,48,'2019-02-20',NULL,NULL,'argamassa, balde de pedreiro, colher de pedreiro'),(954,5,35,64,50,'2019-02-23',NULL,NULL,'lavagem interna e externa'),(955,1,47,73,54,'2019-02-26',NULL,NULL,'FITA DUPLA FACE'),(956,1,47,70,58,'2019-02-28',NULL,NULL,'BOTINA E LUVAS'),(957,1,47,73,54,'2019-03-01',NULL,NULL,'TOMADAS PARA PONTO DE ENERGIA'),(958,1,47,75,56,'2019-03-07',NULL,NULL,'PLASTICO'),(959,1,47,72,52,'2019-03-06',NULL,NULL,'FITA DUPLA FACE E T'),(960,1,47,75,56,'2019-03-08',NULL,NULL,'PLASTICO'),(961,2,46,59,48,'2019-03-11',NULL,NULL,'troca de pneu de aro'),(962,1,47,65,45,'2019-03-11',NULL,NULL,'BATERIA'),(963,1,47,75,56,'2019-03-11',NULL,NULL,'TESTADOR DE CABO'),(964,1,44,77,48,'2019-03-12',NULL,NULL,'compra de bota e capa de chuva'),(965,5,47,67,48,'2019-03-13',NULL,NULL,'máquina vidro motorista, maçaneta carona'),(966,4,35,60,48,'2019-03-14',NULL,NULL,'lavagem interna e externa. limpeza dos bancos'),(967,1,47,73,54,'2019-03-14',NULL,NULL,'ABRACADEIRA PRA CONRRUGADO'),(968,1,47,70,58,'2019-03-14',NULL,NULL,'CAIXA DE PASSAGEM'),(969,1,47,73,54,'2019-03-15',NULL,NULL,'MARTELO'),(970,1,47,75,56,'2019-03-15',NULL,NULL,'DUPLA FACE'),(971,1,47,70,58,'2019-03-15',NULL,NULL,'COMPRA DE T'),(972,4,35,63,47,'2019-03-15',NULL,NULL,'lavagem interna e externa'),(973,1,47,70,58,'2019-03-18',NULL,NULL,'CONSERTO DE FECHADURA'),(974,1,47,64,50,'2019-03-19',NULL,NULL,'fitas guia para instalação'),(975,1,47,70,58,'2019-03-19',NULL,NULL,'OCULOS E CAPACETE'),(976,1,44,77,61,'2019-03-19',NULL,NULL,'botina 39'),(977,4,35,76,44,'2019-03-19',NULL,NULL,'lavagem interna e externa'),(978,1,47,62,61,'2019-03-19',NULL,NULL,'parafusos, fixa fio'),(979,1,47,62,61,'2019-03-19',NULL,NULL,'sacos de lixo e sacos para ONU'),(980,1,47,72,52,'2019-03-20',NULL,NULL,'FIXA FIO'),(981,1,47,70,58,'2019-03-20',NULL,NULL,'CAIXA DE PASSAGEM'),(982,1,47,61,60,'2019-03-20',NULL,NULL,'emenda RJ45'),(983,3,47,73,54,'2019-03-20',NULL,NULL,'CONSERTO DE PNEU'),(984,5,37,61,60,'2019-03-21',NULL,NULL,'revisão, luz acessa no painel'),(985,1,47,70,62,'2019-03-20',NULL,NULL,'COMPRA DE `T`'),(986,1,47,70,62,'2019-03-21',NULL,NULL,'COMPRA DE TELHA DE BRASILITE'),(987,4,35,59,48,'2019-03-22',NULL,NULL,'lavagem da carretinha'),(988,1,47,59,48,'2019-03-22',NULL,NULL,'compra de naftalina e fita guia'),(989,4,35,59,48,'2019-03-23',NULL,NULL,'lavagem interna e externa'),(990,2,47,65,45,'2019-03-26',NULL,NULL,'TROCA DE PNEUS'),(991,1,47,70,58,'2019-03-27',NULL,NULL,'VASELINA'),(992,1,47,70,58,'2019-03-27',NULL,NULL,'CAPACETE'),(993,1,47,73,54,'2019-03-27',NULL,NULL,'LUVA E CAPACETE'),(994,1,47,75,56,'2019-03-27',NULL,NULL,'EMENDA CABO'),(995,1,44,77,61,'2019-03-29',NULL,NULL,'maçaneta para porta PCP'),(996,4,35,64,50,'2019-03-30',NULL,NULL,'lavagem interna e externa'),(998,4,35,61,60,'2019-03-29',NULL,NULL,'lavagem interna e externa'),(999,4,35,62,61,'2019-03-29',NULL,NULL,'lavagem interna e externa'),(1000,1,47,73,54,'2019-04-03',NULL,NULL,'CABO PP'),(1001,1,44,69,44,'2019-04-03',NULL,NULL,'ferramentas para Fiorino MLP2519'),(1002,1,47,70,58,'2019-04-04',NULL,NULL,'CAPACETE'),(1003,1,47,73,54,'2019-04-09',NULL,NULL,'CANALETAS'),(1004,1,44,60,48,'2019-04-09',NULL,NULL,'02m cano de 100\" 02 tampão de 100\"'),(1005,3,46,60,48,'2019-04-11',NULL,NULL,'conserto pneu '),(1006,1,47,62,61,'2019-04-12',NULL,0,'manutenção do gerador a gasolina'),(1007,1,47,72,52,'2019-04-12',NULL,NULL,'ALICATE DE GRIMPAR'),(1008,4,35,76,44,'2019-04-12',NULL,NULL,'lavagem interna e externa'),(1009,1,44,77,61,'2019-04-16',NULL,NULL,'Pilhas AAA'),(1010,3,46,60,61,'2019-04-16',NULL,NULL,'conserto pneu dianteiro direito'),(1011,1,47,71,62,'2019-04-18',NULL,NULL,'CHAVE DE FENDA E PHILLIPS'),(1012,1,47,77,61,'2019-04-18',NULL,NULL,'conserto portão eletrônico'),(1013,1,47,77,42,'2019-04-23',NULL,NULL,'17 Disjuntores'),(1016,5,44,77,50,'2019-04-25',NULL,NULL,'Materiais elétricos '),(1017,5,47,77,50,'2019-04-25',NULL,NULL,'Materias elétricos '),(1018,1,44,63,47,'2019-04-26',NULL,NULL,'8 metros de corda'),(1019,5,47,63,47,'2019-04-26',NULL,NULL,'Botina '),(1020,1,47,70,58,'2019-04-26',NULL,NULL,'5 LED, 1 ROLO DE CABO PARALELO'),(1021,4,35,63,47,'2019-04-27',NULL,NULL,NULL),(1022,4,35,68,57,'2019-04-26',NULL,NULL,NULL),(1023,4,35,68,57,'2019-04-27',NULL,NULL,NULL),(1024,1,47,70,58,'2019-04-29',NULL,NULL,'LAMPADA E FIO'),(1025,5,37,60,48,'2019-04-30',NULL,NULL,'conserto Fiorino.'),(1026,1,47,73,54,'2019-04-30',NULL,NULL,'CORDAS PARA LINHA DE VIDA'),(1028,1,47,72,52,'2019-05-03',NULL,NULL,'BROCA PARA MADEIRA E CONCRETO 8, 10'),(1029,4,35,76,64,'2019-05-03',NULL,NULL,'lavagem interna e externa'),(1030,5,37,62,61,'2019-05-06',NULL,NULL,'revisão '),(1031,5,47,72,64,'2019-05-06',NULL,NULL,'instalar amortecedor R$120,00'),(1032,4,35,60,44,'2019-05-07',NULL,NULL,'lavagem interna e externa'),(1033,1,47,71,62,'2019-05-07',NULL,NULL,'BOTINA'),(1034,5,37,60,54,'2019-05-08',NULL,NULL,'repor óleo do Motor'),(1035,1,47,75,56,'2019-05-09',NULL,NULL,'2 FITA DUPLA FACE, 10 PILHAS AAA, 4 BATERIAS 9V, 6 PILHAS AA'),(1036,1,44,78,44,'2019-05-09',NULL,NULL,'lanterna'),(1037,4,35,68,57,'2019-05-10',NULL,NULL,'lavagem interna e externa'),(1038,1,47,73,54,'2019-05-10',NULL,NULL,'BOTINA'),(1039,1,47,75,56,'2019-05-10',NULL,NULL,'FITA DUPLA FACE'),(1040,1,47,70,58,'2019-05-10',NULL,NULL,'CONSERTO DE ESPELHO RETROVISOR'),(1041,1,47,71,62,'2019-05-13',NULL,NULL,'1 ISOLADOR'),(1042,1,47,70,58,'2019-05-13',NULL,NULL,'20 PILHAS AAA, 2 CONTROLES PARA O PORTAO'),(1043,5,37,64,50,'2019-05-15',NULL,NULL,'revisão '),(1044,1,47,62,61,'2019-05-15',NULL,NULL,'parafusos'),(1046,1,47,72,52,'2019-05-15',NULL,NULL,'CONSERTO DE PNEU'),(1047,1,47,70,58,'2019-05-15',NULL,NULL,'CAIXA DE PASSAGEM'),(1048,5,37,61,60,'2019-05-15',NULL,NULL,'troca de carreia'),(1049,4,35,61,60,'2019-05-17',NULL,NULL,NULL),(1050,1,47,71,62,'2019-05-20',NULL,NULL,'PLASTICO'),(1051,1,47,73,54,'2019-05-21',NULL,NULL,'GUARDA CHUVA'),(1052,1,47,60,54,'2019-05-21',NULL,NULL,'PNEU USADO'),(1053,4,35,62,61,'2019-05-22',NULL,NULL,'lavagem interna e externa'),(1054,1,44,77,64,'2019-05-23',NULL,NULL,'corda pra linha de vida e dupla face'),(1055,1,47,70,58,'2019-05-24',NULL,NULL,'CHAVE PHILIPS E FENDA'),(1056,1,47,60,54,'2019-05-24',NULL,NULL,'LIMITADOR DA PORTA TRASEIRA'),(1057,1,44,77,48,'2019-05-24',NULL,NULL,'bonder, tampão 100'),(1058,1,47,73,54,'2019-05-28',NULL,NULL,'TROCA DO GPS DOS CARROS'),(1059,1,47,75,56,'2019-05-29',NULL,NULL,'CONSERTO DE PNEU'),(1060,1,47,60,54,'2019-05-30',NULL,NULL,'VENENO PRA FORMIGA E DESENCRAVANTE '),(1061,5,47,60,54,'2019-05-31',NULL,NULL,'CONSERTO DO EIXO DIANTEIRO DIREITO'),(1062,1,44,77,42,'2019-06-04',NULL,NULL,'Paflon pro edifício Olga/ síndico Ezequiel'),(1063,1,44,77,42,'2019-03-04',NULL,NULL,'cabo PP 2 vias'),(1064,1,44,62,42,'2019-06-04',NULL,NULL,'cabo PP 2 vias 2,5mm'),(1065,1,47,71,65,'2019-06-05',NULL,NULL,'BOTINA'),(1066,1,44,77,61,'2019-06-05',NULL,NULL,'suporte para televisão. CPD'),(1067,1,47,71,62,'2019-06-05',NULL,NULL,'FIO DE ENERGIA'),(1068,1,47,75,56,'2019-06-05',NULL,NULL,'GRIMPADOR'),(1069,4,35,76,48,'2019-06-07',NULL,NULL,'lavagem externa'),(1070,1,47,64,50,'2019-06-07',NULL,NULL,'conserto furadeira UNO Marciel'),(1071,1,47,71,65,'2019-06-11',NULL,NULL,'CAIXA DE PASSAGEM'),(1072,1,47,77,61,'2019-06-12',NULL,NULL,'compra de parafusos, sacos plásticos pra ONU e sacos de Lixo'),(1073,1,47,71,62,'2019-06-12',NULL,NULL,'BROCA 6'),(1074,1,47,69,61,'2019-06-13',NULL,NULL,'cópias de chaves'),(1075,1,47,75,56,'2019-06-14',NULL,NULL,'RJ - 11'),(1076,4,35,76,59,'2019-06-15',NULL,NULL,'lavagem interna e externa'),(1077,4,35,62,61,'2019-06-15',NULL,NULL,'lavagem interna e externa'),(1078,4,35,63,47,'2019-06-15',NULL,NULL,'lavagem interna e externa'),(1079,5,49,70,66,'2019-06-14',NULL,NULL,'CONSERTO DO CARRO (REVISAO)'),(1080,2,47,70,66,'2019-06-14',NULL,NULL,'TROCA DOS 2 PNEUS DIANTEIROS'),(1081,4,47,70,66,'2019-06-15',NULL,NULL,'LAVAGEM COMPLETA DO CARRO'),(1082,1,47,75,56,'2019-06-15',NULL,NULL,'MACANETA DO VIDRO'),(1083,1,47,71,62,'2019-06-17',NULL,NULL,'CAIXA DE PASSAGEM E DUPLA FACE'),(1084,1,47,70,66,'2019-06-17',NULL,NULL,'CONSERTO DO RETROVISOR'),(1085,1,47,77,61,'2019-06-17',NULL,NULL,'cópias de chaves + cadeado'),(1086,1,49,77,61,'2019-06-18',NULL,NULL,'conserto do portão, colocação de porta no portão'),(1087,1,47,70,62,'2019-06-21',NULL,NULL,'CONSERTO DE 2 PNEUS'),(1088,1,47,75,56,'2019-05-15',NULL,NULL,'CONSERTO DE PNEU'),(1089,1,47,70,62,'2019-06-24',NULL,NULL,'GUIA DE ACO'),(1090,1,47,75,56,'2019-06-25',NULL,NULL,'MAQUINA DO VIDRO DIREITO'),(1091,1,47,75,56,'2019-06-25',NULL,NULL,'CONSERTO DO FAROL'),(1092,NULL,47,78,42,'2019-06-25',NULL,NULL,'200 Postes de Madeira'),(1094,1,47,65,63,'2019-06-03',NULL,NULL,'REVISAO COMPLETA '),(1095,5,47,65,63,'2019-06-03',NULL,NULL,'CONSERTO DA CENTRAL DO LIMPADOR DA ESTRADA DE SAO MIGUEL'),(1096,4,35,62,61,'2019-06-26',NULL,NULL,NULL),(1097,1,47,70,62,'2019-06-27',NULL,NULL,'FIXA FIO'),(1098,1,44,59,59,'2019-06-28',NULL,NULL,'compra de botina'),(1099,4,47,59,59,'2019-06-28',NULL,NULL,'compra de pinça pra fusora'),(1100,4,35,64,50,'2019-06-28',NULL,NULL,'lavagem interna e externa'),(1101,5,37,63,47,'2019-07-02',NULL,NULL,'revisão '),(1102,1,47,70,62,'2019-07-03',NULL,NULL,'CAIXA DE PASSAGEM'),(1103,4,51,59,59,'2019-07-06',NULL,NULL,'lavagem interna e externa'),(1104,4,51,68,57,'2019-07-06',NULL,NULL,'lavagem interna e externa'),(1105,4,51,66,60,'2019-07-08',NULL,NULL,'lavagem interna e externa'),(1106,4,51,61,61,'2019-07-09',NULL,NULL,'lavagem interna e externa'),(1107,1,47,66,60,'2019-07-09',NULL,NULL,'envio de material pra STO'),(1108,1,47,63,47,'2019-07-09',NULL,NULL,'GAZE'),(1109,1,47,63,47,'2019-07-09',NULL,NULL,'RECARGA DO CARTÃO DE ESTACIONAMENTO'),(1110,1,47,70,62,'2019-07-09',NULL,NULL,'DUPLA FACE, GUIA E FIXA FIO, ABRACADEIRA'),(1111,4,51,62,61,'2019-07-09',NULL,NULL,'lavagem interna e externa'),(1112,1,47,71,54,'2019-07-11',NULL,NULL,'CHAVE CATRACA'),(1113,1,47,60,54,'2019-07-12',NULL,NULL,'GUINCHO PARA LEVAR NO CONSERTO'),(1114,1,47,60,54,'2019-07-12',NULL,NULL,'TROCA DO KIT DE EMBREAGEM E DAS COIFAS DE HOMOCINETICA'),(1115,4,51,63,47,'2019-07-13',NULL,NULL,'lavagem interna e externa'),(1116,5,47,60,54,'2019-07-13',NULL,NULL,'MANUTENCAO CAIXA DO CAMBIO '),(1117,1,47,60,62,'2019-07-16',NULL,NULL,'PILHAS AAA, E PILHAS 9V'),(1118,1,44,67,50,'2019-07-18',NULL,NULL,'broca '),(1119,1,47,69,61,'2019-07-18',NULL,NULL,'cópias de chaves'),(1120,1,47,70,62,'2019-07-19',NULL,NULL,'FIO DE ENERGIA'),(1121,5,37,63,47,'2019-07-22',NULL,NULL,'revisão '),(1122,1,47,70,62,'2019-07-25',NULL,NULL,'PALHETAS DO LIMPADOR'),(1123,5,37,61,44,'2019-07-26',NULL,NULL,'conserto. está apagando durante percurso.'),(1124,4,51,63,47,'2019-07-27',NULL,NULL,'lavagem interna e externa'),(1125,4,51,59,59,'2019-07-27',NULL,NULL,'lavagem interna e externa'),(1126,1,47,76,48,'2019-07-29',NULL,NULL,'TROCA DE ÓLEO DO MOTOR'),(1127,4,51,62,61,'2019-07-29',NULL,NULL,'lavagem interna e externa'),(1128,1,47,70,62,'2019-07-26',NULL,NULL,'FITA DE PVC '),(1129,1,47,65,63,'2019-07-24',NULL,NULL,'VULCANIZACAO DO PNEU'),(1130,3,46,64,50,'2019-08-03',NULL,NULL,'conserto pneu '),(1132,4,51,61,61,'2019-08-05',NULL,NULL,'lavagem interna e externa'),(1133,4,51,67,61,'2019-08-05',NULL,NULL,'lavagem interna e externa'),(1134,1,44,77,61,'2019-08-07',NULL,NULL,'pacetta, cavadeira'),(1135,1,47,70,62,'2019-08-08',NULL,NULL,'GUIA DE ACO'),(1136,5,47,59,59,'2019-08-09',NULL,NULL,'autoelétrica. conserto tomada do reboque.'),(1137,5,37,68,57,'2019-08-11',NULL,NULL,'revisão '),(1138,5,37,76,48,'2019-08-12',NULL,NULL,'revisão: Engate flouxo - Luz sinaleira traseira queimada - Batida frente provável ponteira de direção - vibração na frente igual chapa de proteção solta ,Vidro motorista trancando'),(1139,2,46,68,57,'2019-08-11',NULL,NULL,'troca de pneus traseiros'),(1140,1,47,75,56,'2019-08-12',NULL,NULL,'PLASTICOS PARA AS ORDENS'),(1141,5,37,62,42,'2019-08-14',NULL,NULL,'TROCA DE ÓLEO DO MOTOR'),(1142,1,47,60,62,'2019-08-14',NULL,NULL,'CHAVE 14 E 15'),(1143,5,47,60,54,'2019-08-14',NULL,NULL,'TROCA DA BOMBA DE COMBS E DA JUNTA DA HOMOCINÉTICA '),(1144,4,51,62,42,'2019-08-16',NULL,NULL,'lavagem interna e externa'),(1145,4,51,64,50,'2019-08-17',NULL,NULL,NULL),(1146,4,51,59,59,'2019-08-17',NULL,NULL,'lavagem interna e externa'),(1147,5,47,78,59,'2019-08-19',NULL,NULL,'MANUTENÇÃO PREVENTIVA CARRETINHA'),(1148,1,47,60,62,'2019-08-19',NULL,NULL,'LUVA E OCULOS'),(1149,1,47,61,61,'2019-08-19',NULL,NULL,'PARAFUSO, PORCAS, ARRUELAS PRA FIXAR TERMINAL'),(1150,1,47,70,54,'2019-08-20',NULL,NULL,'COMPRA DE PARAFUSO LONGO'),(1151,1,47,76,64,'2019-08-22',NULL,NULL,'compra de botina'),(1152,1,47,75,56,'2019-08-22',NULL,NULL,'PARAFUSOS PARA TERMINAIS NA VERA CRUZ'),(1153,4,51,67,61,'2019-08-23',NULL,NULL,'lavagem interna e externa'),(1154,4,51,62,61,'2019-08-23',NULL,NULL,'lavagem interna e externa'),(1155,1,44,77,47,'2019-08-23',NULL,NULL,'compra de botina 40. Carlos'),(1156,5,37,59,48,'2019-08-29',NULL,NULL,'CONSERTO SUSPENSÃO '),(1157,5,37,65,45,'2019-08-30',NULL,NULL,'REVISÃO DA SUSPENSÃO. PASSAR ORÇAMENTO'),(1158,1,47,72,54,'2019-09-02',NULL,NULL,'BATERIA PARA O CARRO'),(1159,1,47,70,54,'2019-09-02',NULL,NULL,'TROCA DE PNEU'),(1160,3,47,72,63,'2019-09-04',NULL,NULL,'CONSERTO DE PNEU'),(1161,1,47,60,62,'2019-09-04',NULL,NULL,'ABRACADEIRA PRETA'),(1162,4,51,65,61,'2019-09-05',NULL,NULL,'lavagem interna e externa'),(1163,4,51,62,61,'2019-09-06',NULL,NULL,'lavagem interna e externa'),(1166,5,47,60,62,'2019-09-12',NULL,NULL,'COMPRA DE BOTAS'),(1167,5,47,72,63,'2019-09-12',NULL,NULL,'COMPRA DE SINALEIRA TRASEIRA '),(1168,4,51,65,61,'2019-09-16',NULL,NULL,'lavagem interna e externa'),(1169,4,51,66,60,'2019-09-16',NULL,NULL,'lavagem interna e externa'),(1170,1,44,59,59,'2019-09-18',NULL,NULL,'2 de led branco 24w sobrepor PAFLON 3 canaletas  1 roda forro de PVC 4 canto de roda forro'),(1171,5,47,70,51,'2019-09-16',NULL,350,'ENDIREITAMENTO EIXO TRASEIRO.'),(1172,5,47,72,56,'2019-09-16',NULL,844,'PNEU VALVULA PNEUMATICA E GEOMETRIA '),(1173,5,47,66,42,NULL,NULL,NULL,'Chapeação Lado Direito Trazeiro e troca do vidro '),(1174,5,47,66,42,'2019-09-19',NULL,1,'Capeação lado Direto Trazeiro e troca de vidro '),(1175,1,47,63,47,'2019-09-24',NULL,NULL,'GAZE, NAFTALINA'),(1176,5,47,75,63,'2019-09-26',NULL,NULL,NULL),(1177,4,51,66,60,'2019-09-27',NULL,NULL,'lavagem interna e externa'),(1178,4,51,65,42,'2019-09-27',NULL,NULL,'lavagem interna e externa'),(1179,5,47,72,63,'2019-09-26',NULL,NULL,'RETOQUE DE PINTURA'),(1180,2,47,71,65,'2019-09-28',NULL,NULL,'TROCA DE PNEUS, GEOMETRIA, BALANCEAMENTO'),(1181,5,47,60,62,'2019-09-28',NULL,NULL,'CONSERTO CALCO CAIXA, TROCA DE BATERIA '),(1182,4,51,63,47,'2019-09-28',NULL,NULL,'lavagem interna e externa'),(1183,4,51,76,48,'2019-09-28',NULL,NULL,'lavagem interna e externa'),(1184,5,37,63,47,'2019-09-30',NULL,NULL,'SUSPENSÃO DIANTEIRA'),(1185,1,47,60,65,'2019-10-02',NULL,NULL,'COMPRA DE CONTROLE PARA O PORTAO'),(1186,1,47,60,65,'2019-10-02',NULL,NULL,'COMPRA DE PROTETOR '),(1187,1,47,72,68,'2019-10-02',NULL,NULL,'Compra de Maçaneta'),(1188,1,44,59,59,'2019-10-04',NULL,NULL,'CABO 2,5mm'),(1189,4,51,68,57,'2019-10-05',NULL,NULL,'lavagem interna e externa'),(1190,4,51,59,59,'2019-10-05',NULL,NULL,'lavagem interna e externa'),(1191,1,44,77,61,'2019-10-07',NULL,NULL,'COMPRA DE LÂMPADAS/PCP'),(1192,1,47,70,51,'2019-10-07',NULL,NULL,'CONSERTO DE PARA-CHOQUE  '),(1193,1,47,60,65,'2019-10-08',NULL,NULL,'PARAFUSOS PRA TERMINAL'),(1194,1,47,67,69,'2019-10-09',NULL,NULL,'CÓPIAS DE CHAVES'),(1196,1,44,77,57,'2019-10-11',NULL,NULL,'RJ11'),(1197,1,44,77,61,'2019-10-11',NULL,NULL,'CABO PARALELO 1,5M'),(1198,4,51,76,48,'2019-10-11',NULL,NULL,'lavagem interna e externa'),(1199,5,47,70,54,'2019-10-11',NULL,NULL,'CHAPEAMENTO DO CARRO'),(1200,1,47,73,54,'2019-10-14',NULL,NULL,'PILHAS AAA'),(1201,1,47,62,61,'2019-10-15',NULL,NULL,'PARAFUSOS E BUCHAS'),(1202,1,47,67,47,'2019-10-16',NULL,NULL,'par de manivela dos vidros'),(1203,1,47,67,47,'2019-10-16',NULL,NULL,'palhetas/limpador do para-brisa '),(1204,NULL,44,78,44,'2019-10-21',NULL,NULL,'Corda para remoção de antena'),(1205,1,47,60,62,'2019-10-21',NULL,NULL,'CONSERTO DE PNEU'),(1206,4,51,63,47,'2019-10-23',NULL,NULL,'lavagem interna e externa'),(1207,1,47,75,56,'2019-10-24',NULL,NULL,'TROCA DE CALOTAS'),(1209,1,47,75,56,'2019-10-24',NULL,NULL,'PINTURA DO CARRO'),(1210,2,47,75,56,'2019-10-24',NULL,NULL,'TROCA DE PNEU, VALVULA GEOMETRIA E BALANCEAMENTO'),(1211,5,37,71,42,NULL,NULL,NULL,'Problema no cambio de marchas'),(1212,5,37,71,42,'2019-10-25',NULL,NULL,'Problema no cambio de marchas'),(1213,4,51,71,42,'2019-10-23',NULL,NULL,NULL),(1221,4,51,71,42,'2019-10-23',NULL,NULL,'Lavegem Especial'),(1222,4,51,71,42,'2019-10-23',NULL,NULL,'lavagem interna e externa. limpeza dos bancos'),(1223,4,51,59,59,'2019-10-26',NULL,NULL,NULL),(1224,4,51,67,69,'2019-10-26',NULL,NULL,NULL),(1225,1,47,75,56,'2019-10-25',NULL,NULL,'MANIVELA'),(1226,1,47,59,59,'2019-10-29',NULL,NULL,'TROCA DE LAMPADA '),(1227,5,37,76,48,'2019-10-31',NULL,NULL,'TROCA DE ÓLEO+CONSERTO SUSPENSÃO'),(1228,1,47,62,66,'2019-10-31',NULL,NULL,'TROCA DE LAMPADA DO CARRO'),(1229,1,47,62,66,'2019-10-31',NULL,NULL,'PILHAS, AA, AAA E 9V'),(1230,4,51,76,48,'2019-11-01',NULL,NULL,'lavagem interna e externa'),(1231,1,44,77,57,'2019-11-05',NULL,NULL,'BATERIA 9v'),(1232,5,37,66,60,'2019-11-06',NULL,NULL,'revisão '),(1234,5,37,65,42,'2019-11-07',NULL,NULL,'Troca de Óleo, limpeza do reservatório de água, velocímetro para de funcionar'),(1236,1,47,75,56,'2019-11-08',NULL,NULL,'CHAVE DE LIGA E DESLIGA'),(1237,4,51,62,61,'2019-11-08',NULL,NULL,'lavagem interna e externa'),(1238,5,51,64,50,'2019-11-08',NULL,NULL,'lavagem interna e externa'),(1239,1,47,71,54,'2019-11-09',NULL,NULL,'MANTA ASFALTICA '),(1240,5,46,62,61,'2019-11-11',NULL,NULL,'CONSERTO ESTEPE, E PNEU TRASEIRO DIRETO'),(1241,5,52,75,56,'2019-11-11',NULL,NULL,'TROCA DE PORTA ESCOVA, EMBUCHAMENTO E REVISAO DO MOTOR DE PARTIDAD'),(1242,1,47,72,68,'0209-11-13',NULL,NULL,'PARAFUSO PRA ISOLADOR'),(1243,1,47,72,68,'2019-11-13',NULL,NULL,'PARAFUSO PRA ISOLADOR'),(1244,2,46,76,48,'2019-11-13',NULL,NULL,'TROCA DE PNEUS+BALANCEAMENTO E GEOMETRIA'),(1245,5,47,76,48,'2019-11-13',NULL,NULL,'TOMADA DO ENGATE DO REBOQUE'),(1246,4,51,76,48,'2019-11-16',NULL,NULL,'lavagem interna e externa'),(1247,4,51,68,57,'2019-11-16',NULL,NULL,'lavagem interna e externa'),(1248,4,35,65,42,'2019-11-18',NULL,NULL,'lavagem interna e externa'),(1249,1,44,77,42,'2019-11-21',NULL,NULL,'CABO 6MM'),(1250,1,44,77,48,'2019-11-22',NULL,NULL,'CINTA CATRACA'),(1251,4,51,63,47,'2019-11-23',NULL,NULL,'lavagem interna e externa'),(1252,4,35,59,59,'2019-11-23',NULL,NULL,'lavagem interna e externa'),(1253,4,51,67,69,'2019-11-23',NULL,NULL,'lavagem interna e externa'),(1254,5,46,65,61,'2019-11-27',NULL,NULL,'TROCAR OS 2 PNEUS DIANTEIROS, CONSERTAR PNEU TRASEIRO. TROCAR ESTEPE'),(1255,1,47,70,51,'2019-11-26',NULL,NULL,'BATERIA PARA O CARRO'),(1256,1,44,77,61,'2019-11-27',NULL,NULL,'SUPER BONDER'),(1257,1,47,77,61,'2019-12-02',NULL,NULL,'cópias de chaves'),(1258,5,37,62,61,'2019-12-03',NULL,NULL,NULL),(1259,1,44,77,61,'2019-12-04',NULL,NULL,'CABO PP,TOMADA,ADAPTADOR T'),(1260,1,44,77,61,'2019-12-05',NULL,NULL,'TECLADO/MOUSE PAD'),(1261,1,47,75,56,'2019-12-06',NULL,NULL,'DUPLICADOR DE RJ 11'),(1262,4,51,67,61,'2019-12-06',NULL,NULL,'lavagem interna e externa'),(1263,4,51,66,60,'2019-12-07',NULL,NULL,'lavagem interna e externa'),(1264,4,51,76,48,'2019-12-07',NULL,NULL,'lavagem interna e externa'),(1265,1,44,77,61,'2019-12-07',NULL,NULL,NULL),(1266,3,46,63,47,'2019-12-11',NULL,NULL,'conserto pneu '),(1267,1,47,60,62,'2019-12-11',NULL,NULL,'PARAFUSO PRO RACK'),(1268,1,47,60,62,'2019-12-11',NULL,NULL,'RACK PARA FIORINO'),(1269,3,46,76,48,'2019-12-16',NULL,NULL,'conserto pneu '),(1270,5,37,68,57,'2019-12-18',NULL,NULL,'revisão '),(1271,1,47,60,62,'2019-12-17',NULL,NULL,'TORNEIRA E VEDA ROSCA'),(1272,1,47,60,65,'2019-12-17',NULL,NULL,'EXTENSOR PRA PIA'),(1273,1,44,77,61,'2019-12-18',NULL,NULL,'CABO PARALELO '),(1274,1,47,77,61,'2019-12-18',NULL,NULL,'recipiente para álcool '),(1275,1,47,60,62,'2019-12-18',NULL,NULL,'COMPRA DE CANALETAS'),(1276,1,47,62,61,'2019-12-19',NULL,NULL,'parafusos/chave philips'),(1277,3,46,59,59,'2019-12-21',NULL,NULL,'conserto pneu '),(1278,1,47,72,68,'2019-12-23',NULL,NULL,'COMPRA DE T'),(1279,5,37,71,66,'2019-12-23',NULL,NULL,'revisão '),(1281,5,37,63,47,'2019-12-30',NULL,NULL,'ARREFECIMENTO'),(1282,4,51,68,61,'2019-12-30',NULL,NULL,'lavagem interna e externa'),(1283,4,51,65,61,'2019-12-31',NULL,NULL,'lavagem interna e externa'),(1284,4,51,71,61,'2019-12-31',NULL,NULL,'lavagem interna e externa'),(1285,NULL,NULL,68,NULL,NULL,NULL,NULL,NULL),(1286,1,54,62,63,'2020-01-02',NULL,NULL,'CONSERTO DE PNEU'),(1287,5,53,71,61,'2020-01-02',NULL,NULL,'PORCAS PARA OS PARAFUSOS \'J\''),(1288,5,52,72,68,'2019-12-30',NULL,NULL,'CONSERTO DO FREIO DE MÃO'),(1289,4,51,63,47,'2020-01-03',NULL,NULL,NULL),(1290,1,47,60,54,'2020-01-06',NULL,NULL,'CAIXA DE PASSAGEM'),(1291,5,37,64,50,'2020-01-07',NULL,NULL,NULL),(1292,1,47,60,54,'2020-01-09',NULL,NULL,'VERA DE MANOBRA,(PINTOR) E PARAFUSO PRA FUSORA'),(1293,1,47,60,54,'2020-01-09',NULL,NULL,'VARA DE MANOBRA, PINTOR'),(1294,NULL,47,NULL,NULL,'2020-01-09',NULL,NULL,'Compra passa fio Laranja. Autorizado pelo Geve. Fornecedor: Fauro Mat. Construção'),(1295,4,51,59,59,'2020-01-11',NULL,NULL,NULL),(1296,5,44,78,43,'2020-01-18',NULL,NULL,'COMPRA DE ADAPTADOR \"T\"'),(1297,4,51,76,59,'2020-01-18',NULL,NULL,NULL),(1298,1,47,75,66,'2020-01-18',NULL,NULL,'COMPRA DE FIO DE ENERGIA E TOMADA'),(1299,1,47,60,65,'2020-01-20',NULL,NULL,'2 LANTERNAS'),(1300,5,37,62,67,'2020-01-21',NULL,NULL,NULL),(1301,1,47,60,62,'2020-01-21',NULL,NULL,'CHAVE 10'),(1302,5,37,64,50,'2020-01-24',NULL,NULL,NULL),(1304,5,47,78,67,'2020-01-24',NULL,NULL,'cópias de chaves'),(1305,1,47,72,68,'2020-01-27',NULL,NULL,'EMENDA DE RJ45'),(1306,5,47,78,67,'2020-01-28',NULL,NULL,'COMPRA SACOS PLASTICOS'),(1307,3,47,75,63,'2020-01-28',NULL,NULL,'CONSERTO DE PNEU'),(1308,5,47,70,54,'2020-01-25',NULL,NULL,'TROCA DE FLANGE DA BOMBA DE COMBUSTÍVEL '),(1309,5,43,78,48,'2020-01-30',NULL,NULL,'CONSERTO FUSORA, ELETRONICA SPITZER'),(1310,4,51,63,47,'2020-02-03',NULL,NULL,NULL),(1311,4,51,62,47,'2020-02-03',NULL,NULL,NULL),(1312,4,51,64,50,'2020-02-04',NULL,NULL,NULL),(1313,NULL,NULL,NULL,NULL,NULL,NULL,NULL,NULL),(1314,4,51,64,50,'2020-02-04',NULL,NULL,NULL),(1315,4,51,80,42,'2020-02-04',NULL,NULL,NULL),(1316,4,51,80,42,'2020-02-04',NULL,NULL,NULL),(1317,5,56,72,68,'2020-02-04',NULL,0,'MOTOR DE PARTIDA REVISADO'),(1318,4,51,76,48,'2020-02-08',NULL,NULL,NULL),(1319,4,51,68,50,'2020-02-04',NULL,NULL,NULL),(1320,1,47,78,63,'2020-02-12',NULL,NULL,'Espuma Espanssiva para vedar buraco na Loja.'),(1321,4,51,59,44,'2020-02-12',NULL,NULL,NULL),(1322,5,44,78,44,'2020-02-14',NULL,NULL,'SILICONE, SUPER BONDER, LAMPADA, DUPLA FACE'),(1323,4,51,65,45,'2020-02-17',NULL,NULL,NULL),(1325,5,57,76,48,'2020-02-21',NULL,NULL,NULL),(1326,5,44,78,57,'2020-02-21',NULL,NULL,'REGUA ELETRICIDADE'),(1327,3,54,61,63,'2020-02-26',NULL,NULL,'CONSERTO DE PNEU'),(1332,5,57,59,48,'2020-02-27',NULL,NULL,'TROCA DE OLEO'),(1333,1,47,73,54,'2020-02-28',NULL,NULL,'EMENDA DE RJ45'),(1334,5,47,59,59,'2020-03-02',NULL,NULL,'CONSERTO, SUPORTE RACK E ESCADA'),(1335,5,57,62,57,'2020-03-02',NULL,NULL,NULL),(1336,5,57,61,69,'2020-03-03',NULL,NULL,NULL),(1337,3,46,62,42,'2020-03-03',NULL,NULL,NULL),(1338,1,47,72,68,'2020-03-05',NULL,NULL,'MAÇANETA PRO VIDRO DO CARRO'),(1339,1,47,72,68,'2020-03-05',NULL,NULL,'SUPER BONDE'),(1340,5,47,78,47,'2020-03-05',NULL,NULL,'CONSERTO FURADEIRA CARLOS'),(1341,4,51,66,60,'2020-03-05',NULL,NULL,NULL),(1342,1,47,70,51,'2020-03-06',NULL,NULL,'FIO DE ENERGIA'),(1343,5,57,67,66,'2020-03-06',NULL,NULL,NULL),(1344,5,57,63,69,'2020-03-09',NULL,NULL,NULL),(1346,5,57,76,48,'2020-03-09',NULL,NULL,'REGULAGEM EMBREAGEM'),(1347,4,51,72,71,'2020-03-09',NULL,NULL,NULL),(1348,5,57,75,67,'2020-03-11',NULL,NULL,NULL),(1349,1,47,60,62,'2020-03-11',NULL,NULL,'BOTINA'),(1350,4,51,63,47,'2020-03-12',NULL,NULL,NULL),(1351,4,51,68,57,'2020-03-13',NULL,NULL,NULL),(1352,4,51,62,70,'2020-03-14',NULL,NULL,NULL),(1353,4,51,59,59,'2020-03-14',NULL,NULL,NULL),(1354,5,57,61,42,NULL,NULL,NULL,'verificar embreagem'),(1355,5,57,61,42,'2020-03-16',NULL,NULL,'conserto embragem'),(1356,5,57,76,48,'2020-03-16',NULL,NULL,NULL),(1357,5,44,78,44,'2020-03-16',NULL,NULL,'CHAVES PHILIPS, PILHAS '),(1358,1,47,60,62,'2020-03-16',NULL,NULL,'BANCO PRA FIORINO'),(1359,5,47,76,48,'2020-03-16',NULL,NULL,'AUTO ELÉTRICA 21 - CONSERTO LED FIORINO'),(1360,3,54,72,68,'2020-03-17',NULL,NULL,'CONSERTO DE PNEU'),(1361,2,46,66,60,'2020-03-17',NULL,NULL,NULL),(1362,1,47,70,54,'2020-03-27',NULL,NULL,'PILHAS, AA, AAA E 9V'),(1363,1,47,60,62,'2020-03-30',NULL,NULL,'PÉ DE CABRA E FITA DUPLA FACE'),(1364,1,47,70,54,'2020-04-01',NULL,NULL,'PARAFUSO E BUCHA'),(1365,1,47,75,71,'2020-04-03',NULL,NULL,'PLASTICOS'),(1366,4,51,64,50,'2020-04-03',NULL,NULL,NULL),(1367,1,47,70,54,'2020-04-06',NULL,NULL,'CANALETAS'),(1368,4,51,61,50,'2020-04-07',NULL,NULL,NULL),(1369,4,51,76,48,'2020-04-07',NULL,NULL,NULL),(1370,1,47,60,62,'2020-04-08',NULL,NULL,'PARAFUSO PRA TERMINAL'),(1371,5,44,78,74,'2020-04-09',NULL,NULL,'Chave, Cinta catraca, Spray Incolor, Pilhas, Silicone, Fita DF'),(1372,1,47,70,54,'2020-04-09',NULL,NULL,'VASELINA'),(1373,5,44,78,48,'2020-04-13',NULL,NULL,'argamassa, talhadeira'),(1374,5,47,78,59,'2020-04-13',NULL,NULL,'Compra veneno para vespa em supermercado'),(1375,5,47,62,73,'2020-04-15',NULL,NULL,'Conserto Saveiro acidente, orçamento R$ 2.500,00'),(1376,5,57,59,59,'2020-04-20',NULL,NULL,'CONSERTO FREIOS'),(1377,4,51,63,69,'2020-04-25',NULL,NULL,NULL),(1378,4,51,66,60,'2020-04-28',NULL,NULL,NULL),(1379,4,35,76,48,'2020-04-28',NULL,NULL,NULL),(1380,5,44,78,44,'2020-04-28',NULL,NULL,'MULTÍMETRO, BADISCO'),(1381,2,46,63,47,'2020-05-04',NULL,NULL,NULL),(1382,5,57,63,47,'2020-05-05',NULL,NULL,NULL),(1383,5,57,76,48,NULL,NULL,NULL,'conserto lampada'),(1384,5,57,76,48,'2020-05-05',NULL,NULL,NULL),(1385,1,47,75,71,'2020-05-06',NULL,NULL,'MOTOR DE PARTIDA '),(1386,5,44,78,50,'2020-05-07',NULL,NULL,'VASELINA '),(1387,1,47,60,66,'2020-05-07',NULL,NULL,'\'\'T\'\''),(1388,2,46,64,50,'2020-05-08',NULL,NULL,NULL),(1389,5,44,78,67,'2020-05-11',NULL,NULL,'compra luz loja'),(1390,1,47,72,68,'2020-05-12',NULL,NULL,'MAÇANETA '),(1391,4,51,61,45,'2020-05-14',NULL,NULL,'Lavagem Saveiro Julian'),(1392,5,44,78,45,'2020-05-14',NULL,NULL,'chaleira térmica, Julian '),(1393,5,44,78,67,'2020-05-15',NULL,NULL,'Leitor de código de barras Rosi - Estoque'),(1394,1,47,72,68,'2020-05-15',NULL,NULL,'VULGANIZAÇÃO DE PNEU'),(1395,4,51,63,47,'2020-05-18',NULL,NULL,NULL),(1396,5,57,65,67,'2020-05-18',NULL,NULL,NULL),(1397,5,57,59,44,'2020-05-18',NULL,NULL,NULL),(1398,5,37,62,66,'2020-05-19',NULL,NULL,NULL),(1399,1,47,72,63,'2020-05-22',NULL,NULL,'FONE PRA TELEFONE'),(1400,5,57,76,48,'2020-05-25',NULL,NULL,'TROCA DE OLEO'),(1401,5,37,68,57,'2020-05-28',NULL,NULL,'TROCA DE OLEO/FILTROS, VERIFICAR PASTILHA DE FREIO, SUSPENSÃO DIANT.'),(1402,4,51,79,44,'2020-05-29',NULL,NULL,NULL),(1403,1,47,60,62,'2020-06-01',NULL,NULL,'CHAVE DE FENDA, E ALICATE DE BICO'),(1404,5,47,75,43,'2020-05-27',NULL,NULL,'REVISÃO E MANUTENÇÃO DA SUSPENSÃO'),(1405,5,49,60,62,'2020-05-29',NULL,NULL,'REVISÃO E MANUTENÇÃO GERAL'),(1406,4,51,68,57,'2020-06-02',NULL,NULL,NULL),(1407,5,44,78,67,'2020-06-02',NULL,NULL,'Conector eletrico'),(1408,4,59,72,68,'2020-06-03',NULL,NULL,'LAVAGEM COMPLETA'),(1409,2,46,61,59,'2020-06-05',NULL,NULL,NULL),(1410,2,46,64,50,'2020-06-08',NULL,NULL,NULL),(1411,5,37,61,67,'2020-06-08',NULL,NULL,'CONSERTO MAÇANETA'),(1412,1,47,75,71,'2020-06-08',NULL,NULL,'CONSERTO DO PARABRISA'),(1413,2,46,61,45,'2020-06-09',NULL,NULL,NULL),(1414,5,57,76,59,'2020-06-09',NULL,NULL,NULL),(1415,3,54,72,68,'2020-06-12',NULL,NULL,'CONSERTO DE PNEU'),(1416,4,51,59,67,'2020-06-12',NULL,NULL,NULL),(1417,4,35,62,67,'2020-06-12',NULL,NULL,NULL),(1418,4,51,76,59,'2020-06-13',NULL,NULL,NULL),(1419,4,35,64,50,'2020-06-16',NULL,NULL,NULL),(1420,5,57,65,67,'2020-06-18',NULL,NULL,NULL),(1421,5,44,78,57,'2020-06-19',NULL,NULL,'REGUA ENERGIA'),(1422,1,47,60,62,'2020-06-19',NULL,NULL,'4 CARTELAS DE PILHAS AAA'),(1423,4,35,76,48,'2020-06-20',NULL,NULL,NULL),(1424,5,57,76,48,'2020-06-22',NULL,NULL,NULL),(1425,5,53,78,67,NULL,NULL,NULL,'COMPRA DE PARAFUSOS '),(1426,5,53,78,67,'2020-06-23',NULL,NULL,'COMPRA DE PARAFUSOS '),(1427,1,47,60,62,'2020-06-24',NULL,NULL,'CORDA PRA ESCADA'),(1428,4,51,78,59,'2020-06-24',NULL,NULL,'QIJ 5114 - LAVAGEM CARRETINHA'),(1429,4,51,59,59,'2020-06-24',NULL,NULL,NULL),(1430,4,51,66,60,'2020-06-27',NULL,NULL,NULL),(1432,1,47,70,54,'2020-07-06',NULL,NULL,'PARAFUSOS'),(1433,5,44,78,48,'2020-07-08',NULL,NULL,'VEDA CALHA'),(1434,1,61,75,71,'2020-07-09',94439,120,'TROCA DE OLEO E FILTRO'),(1435,4,51,68,57,'2020-07-09',NULL,NULL,NULL),(1436,4,47,72,68,'2020-07-10',NULL,NULL,'LAVAGEM COMPLETA'),(1437,4,47,75,71,'2020-07-10',NULL,NULL,'LAVAGEM COMPLETA'),(1438,1,47,60,62,'2020-07-17',NULL,NULL,'SILICONE'),(1439,5,44,78,47,'2020-07-17',NULL,NULL,'broca de 50'),(1440,4,51,76,48,'2020-07-20',NULL,NULL,NULL),(1441,5,57,64,50,'2020-07-20',NULL,NULL,'TROCAR OLEO'),(1442,4,51,63,47,'2020-07-21',NULL,NULL,NULL),(1443,4,51,65,67,'2020-07-21',NULL,NULL,NULL),(1444,1,47,60,62,'2020-07-21',NULL,NULL,'PILHAS '),(1445,5,47,60,62,'2020-07-21',NULL,NULL,'TROCA DE PNEUS, E OLEO'),(1446,5,49,75,71,'2020-07-17',NULL,NULL,'Ponteira Homocinetica, Mangueira Respiro, '),(1447,NULL,NULL,NULL,NULL,'2020-07-17',NULL,NULL,'MANUTENÇÃO NA SUSPENSÃO'),(1448,3,46,76,59,'2020-07-29',NULL,NULL,NULL),(1449,4,51,61,67,'2020-07-31',NULL,NULL,NULL),(1450,4,51,62,67,'2020-07-31',NULL,NULL,NULL),(1451,4,51,59,59,'2020-08-03',NULL,NULL,NULL),(1452,4,51,66,60,'2020-08-06',NULL,NULL,NULL),(1453,5,37,79,42,'2020-08-07',NULL,NULL,'VISTORIA'),(1454,5,44,78,44,'2000-08-11',NULL,NULL,'FITA ZEBRADA'),(1455,5,44,78,44,'2020-08-11',NULL,NULL,'FITA ZEBRADA'),(1456,1,47,70,54,'2020-08-12',NULL,NULL,'VASELINA E DESENGRIPANTE '),(1457,5,57,61,42,'2020-08-14',NULL,NULL,'VISTORIA'),(1458,1,47,75,71,'2020-08-17',NULL,NULL,'CONSERTO DO VIDRO DO CARRO'),(1459,5,44,78,44,'2020-08-18',NULL,NULL,'FIO PARA A EXTENSÃO '),(1460,3,54,72,68,'2020-08-19',NULL,NULL,'CONSERTO DE PNEU'),(1461,4,51,64,50,'2020-08-21',NULL,NULL,NULL),(1462,1,47,60,62,'2020-08-25',NULL,NULL,'CABO DE ENERGIA'),(1463,5,44,78,42,'2020-08-25',NULL,NULL,'CONECTOR PARA CABO ELÉTRICO '),(1464,5,44,78,42,'2020-08-25',NULL,NULL,'CONECTOR ELÉTRICO '),(1465,1,47,73,54,'2020-08-28',NULL,NULL,'FIO DE ENERGIA'),(1466,4,51,63,73,'2020-08-28',NULL,NULL,NULL),(1467,2,46,63,69,'2020-08-29',NULL,NULL,'TROCA DE DUAS RODAS '),(1468,1,57,76,48,'2020-08-29',NULL,NULL,'Acrescentar Óleo '),(1469,5,57,76,48,'2020-08-31',NULL,NULL,'COMPLETAR OLÉO '),(1470,5,57,79,67,'2020-09-01',NULL,NULL,'MANUTENÇÃO '),(1471,4,44,78,67,'2020-09-02',NULL,NULL,NULL),(1472,5,57,76,48,'2020-09-02',NULL,NULL,NULL),(1473,5,57,76,48,'2020-09-04',NULL,NULL,'Conserto Engate reboque'),(1474,4,51,78,67,'0000-00-00',NULL,NULL,'Lavagem cinto de segurança'),(1475,4,51,78,67,'2020-09-04',NULL,NULL,'Lavagem cinto de segurança'),(1476,1,47,70,54,'2020-09-14',NULL,NULL,'\'\'T\'\''),(1477,1,47,60,62,'2020-09-15',NULL,NULL,'PILHA PRA CONTROLE'),(1478,4,51,76,48,'2020-09-16',NULL,NULL,NULL),(1479,4,51,76,48,'2020-09-17',NULL,NULL,NULL),(1480,4,51,63,47,'2020-09-17',NULL,NULL,NULL),(1481,1,47,70,54,'2020-09-19',NULL,NULL,'MASSA CORRIDA E DUPLA FACE'),(1482,3,46,87,50,'2020-09-21',NULL,NULL,NULL),(1483,4,47,62,45,'2020-09-24',NULL,NULL,'LAVAGEM COMPLETA'),(1484,3,46,62,48,'2020-09-28',NULL,NULL,NULL),(1485,5,44,78,48,'2020-10-02',NULL,NULL,NULL),(1486,5,44,78,57,'2020-10-05',NULL,NULL,'Pilhas, lampadas, capacete EPI'),(1487,5,47,78,57,'2020-10-07',NULL,NULL,'STAR CITY - MOUSE - TECLADO'),(1488,5,44,78,67,'2020-10-07',NULL,NULL,'chave de mandrio, flecha macho energia, desingripante'),(1489,4,51,76,48,'2020-10-10',NULL,NULL,NULL),(1490,5,57,62,NULL,'2020-10-14',NULL,NULL,NULL),(1491,4,51,76,48,'2020-10-16',NULL,NULL,NULL),(1492,4,51,64,50,'2020-10-20',NULL,NULL,NULL),(1493,5,47,68,59,'2020-10-23',NULL,NULL,'MARTELINHO - CHAPEAMENTO'),(1494,5,47,78,44,'2020-10-23',NULL,NULL,'CLIMATIZADOR SCHIRMANN PRÓ '),(1495,5,44,78,57,'2020-10-24',NULL,NULL,'materiais elétricos climatizador '),(1496,NULL,44,78,59,'2020-10-26',NULL,NULL,'Chaves Philips, fenda, Spray, licha'),(1497,NULL,44,78,59,'2020-10-29',NULL,NULL,'PARAFUSO, BROCA FERRO, VEDA CALHA, SPRAY, POLCA'),(1498,5,62,90,48,NULL,NULL,NULL,'ELETRICA REBOQUE '),(1499,5,62,90,48,'2020-10-29',NULL,NULL,'ELETRICA REBOQUE '),(1500,5,53,78,67,NULL,NULL,NULL,'parafuso e porca'),(1501,5,53,78,67,'2020-10-29',NULL,NULL,NULL),(1502,5,62,60,59,'2020-10-29',NULL,NULL,NULL),(1503,5,44,78,70,'2020-10-30',NULL,NULL,'BRASILITE'),(1504,1,47,70,51,'2020-10-30',NULL,NULL,'6 UN DE CINTADEIRA'),(1505,5,57,92,59,'2020-11-03',NULL,NULL,NULL),(1506,5,44,78,44,'2020-11-03',NULL,NULL,'CONECTORES ENERGIA'),(1507,5,44,78,44,NULL,NULL,NULL,'DUPLA FACE, FITA ZEBRADA, CHAVE DE TESTE, CAIXA DE FERRAMENTAS, FIO FLEXIVEL 6MM, BROCA, FIXA FIO'),(1508,5,44,78,44,'2020-11-09',NULL,NULL,'DUPLA FACE, FITA ZEBRADA, CHAVE DE TESTE, CAIXA DE FERRAMENTAS, FIO FLEXIVEL 6MM, BROCA, FIXA FIO'),(1509,1,47,72,54,'2020-11-13',NULL,NULL,'VASELINA'),(1510,5,53,78,NULL,'2020-11-16',NULL,NULL,'RAFAEL-  COMPRA DE ARUELAS'),(1511,4,51,78,48,'2020-11-17',NULL,NULL,NULL),(1512,NULL,44,78,79,'2020-11-18',NULL,NULL,'FITA LARGA E ESTREIRA, SACOS DE LIXO, FUNIL, L...'),(1513,4,35,87,60,'2020-11-23',NULL,NULL,NULL),(1514,NULL,63,78,57,'2020-11-23',NULL,NULL,'AR CONDICIONADO 12MIL BTU GREE'),(1515,5,44,78,79,'2020-11-25',NULL,NULL,'FECHADURA'),(1516,5,64,78,57,'2020-11-25',NULL,0,'PALETEIRA'),(1517,5,44,78,79,'2020-12-01',NULL,NULL,'TINTA PARA PINTAR ESTOQUE '),(1518,4,35,89,50,'2020-12-02',NULL,NULL,NULL),(1519,4,35,63,47,'2020-12-02',NULL,NULL,NULL),(1520,5,44,78,79,'2020-12-03',NULL,NULL,'TINTA PCP'),(1521,4,35,66,76,'2020-12-04',NULL,NULL,NULL),(1522,4,35,87,60,'2020-12-04',NULL,NULL,NULL),(1523,NULL,44,78,57,'2020-12-05',NULL,NULL,'TINTA 3,6L E SILICONE PU'),(1524,5,44,78,57,'2020-12-08',NULL,NULL,'COMPRAS REFERENTE PARTE ELETRICA - AUTORIZADO TIAGO.'),(1525,1,47,60,62,'2020-12-09',NULL,NULL,'- COMPRAR EMENDA E LONA'),(1526,1,47,73,54,'2020-12-10',NULL,NULL,'VASELINA'),(1527,4,35,59,79,'2020-12-11',NULL,NULL,NULL),(1529,4,35,95,79,'2020-12-11',NULL,NULL,NULL),(1530,1,44,78,79,'2020-12-11',NULL,NULL,NULL),(1531,4,35,93,59,'2020-12-12',NULL,0,NULL),(1532,5,57,78,48,'2020-12-14',NULL,NULL,'RETIRADA E COLOCAÇÃO DE ENGATE REBOQUE'),(1533,5,62,78,48,'2020-12-14',NULL,NULL,'ELETRICA REBOQUE'),(1534,1,47,72,65,'2020-12-15',NULL,NULL,'FIXA FIO'),(1535,5,62,93,48,'2020-12-17',NULL,NULL,'ILUMINAÇÃO ELETRICA INTERNA'),(1536,3,47,70,51,'2020-12-21',NULL,NULL,'conserto de pneu'),(1537,5,46,66,76,'2020-12-21',NULL,NULL,'TROCA 4 PNEUS E ESPETE SE NECESSARIO!'),(1538,4,35,88,75,'2020-12-22',NULL,NULL,NULL),(1539,4,35,59,79,'2020-12-18',NULL,NULL,NULL),(1540,4,35,68,76,'2020-12-15',NULL,NULL,NULL),(1541,1,47,75,66,'2020-12-23',NULL,NULL,'SOQUETE PARA PARAFUSADEIRA'),(1542,1,47,91,71,'2020-12-23',NULL,NULL,'TROCA DE ÓLEO'),(1543,4,35,92,59,'2020-12-28',NULL,0,NULL),(1544,4,35,87,82,'2020-12-28',NULL,NULL,NULL),(1545,4,35,63,47,'2020-12-29',NULL,NULL,NULL),(1546,4,66,85,68,'2021-01-07',NULL,0,'LAVAGEM COMPLETA'),(1547,4,66,91,71,'2021-01-07',NULL,0,'LAVAGEM COMPLETA'),(1548,4,35,95,69,'2021-01-09',NULL,NULL,NULL),(1550,4,66,72,54,'2021-01-09',NULL,0,'LAVAGEM COMPLETA'),(1551,4,66,93,62,'2021-01-09',NULL,0,'LAVAGEM COMPLETA'),(1552,4,66,70,51,'2021-01-09',NULL,0,'LAVAGEM COMPLETA'),(1553,4,66,93,62,'2021-01-13',NULL,0,'LAVAGEM COMPLETA'),(1554,5,44,78,79,'2021-01-14',NULL,NULL,NULL),(1555,5,62,95,59,'2021-01-15',NULL,NULL,NULL),(1556,1,61,72,65,'2020-12-15',69162,40,'OLEO LUBRAX'),(1557,4,35,63,47,'2021-01-19',NULL,NULL,NULL),(1558,5,44,78,44,'2021-01-19',NULL,NULL,'CABO ENERGIA E AFINS'),(1559,2,46,68,82,'2021-01-20',NULL,NULL,'TROCA DE PNEUS'),(1560,5,44,78,44,'2021-01-21',NULL,NULL,'MATERIAIS DE PINTURA POP SÃO LUIS GONZAGA'),(1561,5,53,78,76,'2021-01-22',NULL,NULL,'ESLASTICO DE CARGA'),(1562,2,67,78,79,'2021-01-23',NULL,NULL,NULL),(1563,1,47,93,65,'2021-01-25',NULL,NULL,'CAIXA DE PASSAGEM'),(1564,1,47,93,65,'2021-01-25',NULL,NULL,'BROCA DE FERRO \'\'10\'\''),(1565,5,44,78,69,'2021-01-26',NULL,NULL,NULL),(1566,5,44,78,82,'2021-01-29',NULL,NULL,NULL),(1567,4,35,NULL,NULL,'2021-01-29',NULL,NULL,NULL),(1568,5,53,78,69,'2021-02-01',NULL,NULL,'CHAVES DE BOCA. CAPACETE COMPLETO, LUVA DE VAQUETA (8UND)'),(1569,2,46,68,76,'2021-02-02',NULL,NULL,NULL),(1570,2,46,95,69,NULL,NULL,NULL,NULL),(1571,2,46,95,69,'2021-02-03',NULL,NULL,NULL),(1572,1,47,93,65,'2021-02-04',NULL,NULL,'ASPIRAL'),(1573,5,68,78,79,'2021-02-06',NULL,NULL,NULL),(1574,1,47,93,62,'2021-02-09',NULL,NULL,'CAIXA DE PASSAGEM'),(1575,5,44,78,69,'2021-02-12',NULL,NULL,'SPRAY PRETO'),(1576,4,35,63,47,'2021-02-17',NULL,NULL,NULL),(1577,4,35,95,69,'2021-02-18',NULL,NULL,NULL),(1578,4,35,96,82,'2021-02-20',NULL,NULL,NULL),(1579,4,35,NULL,NULL,NULL,NULL,0,'UNO PLACA IZA 3F99'),(1580,4,35,78,44,'2021-02-20',NULL,0,'IZA 3F99'),(1581,5,44,78,79,'2021-02-23',NULL,NULL,NULL),(1582,4,35,63,47,'2021-02-26',NULL,NULL,NULL),(1583,4,35,66,76,'2021-02-26',NULL,NULL,NULL),(1584,4,35,98,50,'2021-02-27',NULL,NULL,NULL),(1585,5,62,95,69,'2021-03-01',NULL,NULL,NULL),(1586,3,47,70,51,'2021-03-04',NULL,NULL,'CONSERTO DE PNEU'),(1587,5,53,78,76,'2021-03-04',NULL,NULL,NULL),(1588,5,44,78,79,'2021-03-06',NULL,NULL,NULL),(1589,4,35,95,69,'2021-03-08',NULL,NULL,NULL),(1590,5,68,78,75,'2021-03-08',NULL,NULL,NULL),(1591,5,44,78,69,'2021-03-12',NULL,NULL,NULL),(1592,1,47,72,54,'2021-03-15',NULL,NULL,'COMPRA CINTADEIRA  E CORDA'),(1593,5,44,78,66,'2021-03-15',NULL,NULL,'2 furadeiras'),(1594,4,70,101,84,'2021-03-16',NULL,NULL,NULL),(1595,3,46,96,82,'2021-03-17',NULL,NULL,NULL),(1596,5,44,NULL,79,'2021-03-17',NULL,NULL,'lona preta'),(1597,4,70,103,86,NULL,NULL,NULL,NULL),(1598,4,70,106,86,'2021-03-18',NULL,NULL,NULL),(1599,4,70,105,83,'2021-03-19',NULL,NULL,NULL),(1600,1,47,93,65,'2021-03-20',NULL,NULL,'CHAVE CANHÃO'),(1601,5,47,95,59,'2021-03-23',NULL,NULL,'PINÇA HOSPITALAR E 2 GASE '),(1602,4,70,106,86,'2021-03-25',NULL,NULL,NULL),(1603,4,70,105,83,'2021-03-26',NULL,NULL,NULL),(1604,4,70,101,84,'2021-03-26',NULL,NULL,NULL),(1605,4,44,NULL,44,'2021-03-26',NULL,NULL,'LONA, DUPLA FACE, CONECTORES E CORDA'),(1606,1,47,107,54,'2021-03-27',NULL,NULL,'BROCA E CHAVE PHILLPS'),(1607,4,70,106,86,'2021-03-29',NULL,NULL,NULL),(1608,5,44,NULL,69,'2021-03-31',NULL,NULL,NULL),(1609,4,70,106,86,'2021-03-31',NULL,NULL,NULL),(1610,4,35,NULL,44,'2021-04-01',NULL,NULL,NULL),(1611,5,63,109,66,'2021-04-01',NULL,NULL,NULL),(1612,4,35,109,47,'2021-04-03',NULL,NULL,NULL),(1613,4,70,103,86,'2021-04-06',NULL,NULL,NULL),(1614,4,70,101,84,'2021-04-06',NULL,NULL,NULL),(1615,5,53,95,69,'2021-04-06',NULL,NULL,'1 lança chamas para gas butano'),(1616,4,70,105,83,'2021-04-09',NULL,NULL,NULL),(1617,4,35,95,69,'2021-04-09',NULL,NULL,NULL),(1618,3,46,59,78,'2021-04-10',NULL,NULL,'CONSERTO DE 2 PNEUS '),(1619,5,53,109,76,'2021-04-16',NULL,NULL,NULL),(1620,5,62,59,79,'2021-04-16',NULL,NULL,'conserto dos piscas'),(1621,4,35,95,69,'2021-04-19',NULL,NULL,NULL),(1622,5,63,109,76,'2021-04-20',NULL,NULL,'Três Furaderias, 02 pe de cabra e duas garrafa termica'),(1623,5,71,109,76,'2021-04-20',NULL,NULL,'ROTULADORA BROTHER PT80'),(1624,5,44,109,79,'2021-04-28',NULL,NULL,NULL),(1625,4,35,110,47,'2021-04-30',NULL,NULL,NULL),(1626,5,46,95,69,'2021-05-03',NULL,NULL,NULL),(1627,4,35,98,81,'2021-05-04',NULL,NULL,NULL),(1628,5,44,109,59,'2021-05-06',NULL,NULL,'BOTINA DE SETE LEGUA 2 PARES'),(1629,5,64,109,75,'2021-05-07',NULL,119.9,'CHALEIRA ELETRICA BRITANIA INOX 1,8L (R$119,90) - CNPJ:89.237.911/0075-87'),(1630,1,47,73,80,'2021-05-08',NULL,NULL,'PILHAS AA, AAA, 8V'),(1631,4,35,66,77,'2021-05-14',NULL,NULL,NULL),(1632,5,44,109,69,'2021-05-14',NULL,NULL,'ARGAMASSA PRONTA 20KG'),(1633,5,47,109,44,'2021-05-17',NULL,NULL,'BATERIAS PARA O GERADOR '),(1634,4,35,95,59,'2021-05-24',NULL,NULL,NULL),(1635,4,35,59,79,'2021-05-25',NULL,NULL,NULL),(1636,4,35,95,59,'2021-06-01',NULL,NULL,'LAVAGEM'),(1637,2,46,59,79,'2021-06-04',NULL,NULL,'TROCA DE 2 PNEUS DIANTEIROS'),(1638,4,35,108,44,'2021-06-04',NULL,NULL,NULL),(1639,4,35,115,47,'2021-06-05',NULL,NULL,NULL),(1640,4,35,63,81,'2021-06-05',NULL,NULL,NULL),(1641,5,44,109,44,'2021-06-07',NULL,NULL,NULL),(1642,4,35,110,82,'2021-06-17',NULL,NULL,NULL),(1643,1,47,70,51,'2021-07-02',NULL,NULL,'BROCA PARA FERRO'),(1644,4,35,108,44,'2021-07-02',NULL,NULL,NULL),(1645,4,35,123,79,'2021-07-02',NULL,NULL,NULL);

--
-- Table structure for table `tipofornecedor`
--

CREATE TABLE `tipofornecedor` (
  `id_tipofornecedor` int(10) NOT NULL AUTO_INCREMENT,
  `tipo` varchar(255) DEFAULT NULL,
  PRIMARY KEY (`id_tipofornecedor`)
) ENGINE=InnoDB AUTO_INCREMENT=5 DEFAULT CHARSET=latin1;

--
-- Dumping data for table `tipofornecedor`
--

INSERT INTO `tipofornecedor` VALUES (1,'Combustível'),(2,'Peças'),(3,'Serviços'),(4,'Outros');

--
-- Table structure for table `tiposervico`
--

CREATE TABLE `tiposervico` (
  `id_tiposervico` int(10) NOT NULL AUTO_INCREMENT,
  `tipo` varchar(255) DEFAULT NULL,
  PRIMARY KEY (`id_tiposervico`)
) ENGINE=InnoDB AUTO_INCREMENT=6 DEFAULT CHARSET=latin1;

--
-- Dumping data for table `tiposervico`
--

INSERT INTO `tiposervico` VALUES (1,'Lubrificação'),(2,'Troca de Pneus'),(3,'Conserto Pneus'),(4,'Lavagem'),(5,'Mecânica');

--
-- Table structure for table `veiculo`
--

CREATE TABLE `veiculo` (
  `id_veiculo` int(10) NOT NULL AUTO_INCREMENT,
  `marca` varchar(30) DEFAULT NULL,
  `modelo` varchar(30) DEFAULT NULL,
  `motor` varchar(30) DEFAULT NULL,
  `ano_modelo` char(9) DEFAULT NULL,
  `placa` varchar(30) DEFAULT NULL,
  `cidade` varchar(50) DEFAULT NULL,
  `renavam` varchar(255) DEFAULT NULL,
  `kminicial` int(10) DEFAULT NULL,
  PRIMARY KEY (`id_veiculo`)
) ENGINE=InnoDB AUTO_INCREMENT=125 DEFAULT CHARSET=latin1;

--
-- Dumping data for table `veiculo`
--

INSERT INTO `veiculo` VALUES (59,'FIAT','Fiorino ','1.4','2014','AYD 7034','IJUI','00998977829',99336),(60,'FIAT','Fiorino','1.4','2015','MLP 2519','IJUI','1028079254',48235),(61,'VOLKSWAGEM','Saveiro ','1.6','2013','PVA 9454','IJUI','01026464029',53775),(62,'VOLKSWAGEM','Saveiro','1.6','2013','FSL 9347','IJUI','545958717',71893),(63,'Ford','Fiesta','1.0','2013/2014','MKS 0074','IJUI','545958717',44246),(64,'FIAT','Uno','1.0','2014','AYS 4034','IJUI','01015754560',45329),(65,'FIAT','Fiorino','1.4','2014','FQA 0753','Santo Angelo',NULL,82209),(66,'FIAT','Uno','1.0','2014/2015','FKN 5559','IJUI','1034331881',43013),(67,'FIAT','Uno ','1.0','2014','AYT 9415','IJUI','01018228095',65639),(68,'FIAT','Uno ','1.0','2015/2016','QHF 0245','IJUI','1054786558',36312),(69,'GERADOR','Gerador',NULL,'2017',NULL,'IJUI',NULL,NULL),(70,'FIAT','Palio','1.0','2015','MLM - 2669','Santo Angelo','1027703736',40964),(72,'FIAT','Uno - Tayrone','1.0','2014','AYT7703','Santo Angelo','1017836555',40750),(73,'FIAT','Fiorino - Eleandro','1.4','2013','AXT4370','Santo Angelo ','00595837808',43098),(75,'FIAT','UNO - Diogo',NULL,'2014/2014','AYL - 0695','Santo Ângelo','01011373278',60009),(76,'FIAT','FIORINO','1.4','2014','OXJ 6167','IJUÍ','01007458566',55757),(77,'LOJA','MATERIAIS - FERRAMENTAS',NULL,NULL,NULL,'Ijuí',NULL,NULL),(79,'VOLKSWAGEM ','Saveiro','CCRT40603','2014/ 201','FSL-9347','Ijuí','01027057613',73505),(80,'RENAULT','MASTER',NULL,'2020','EJU3240','IJUÍ',NULL,620),(81,'VOLSKWAGEM','Amarok',NULL,'2019','QTM2I12','IJUÍ',NULL,NULL),(82,'FIAT','STRADA',NULL,NULL,'PWN2588','IJUÍ',NULL,NULL),(83,'HYUNDAI','HB20',NULL,NULL,'IUW3778','IJUÍ',NULL,NULL),(85,'Volkswagen','VW/ GOL - MB5 - Tayrone','1.6L','2019','QQB-1682','Santo Ângelo','01180534597',52306),(86,'WOLSKWAGEM','GOL',NULL,NULL,'QUD 8444',NULL,NULL,NULL),(87,'VOLSKWAGEM','GOL',NULL,NULL,'QQX 7888 ',NULL,NULL,NULL),(88,'FIAT','ARGO',NULL,NULL,'QXL3098','Ijuí',NULL,NULL),(89,'FIAT','UNO',NULL,NULL,'RFL4I68',NULL,NULL,NULL),(90,'FIAT','FIORINO',NULL,NULL,'QPW-9602',NULL,NULL,NULL),(91,'RENAULT','KWID ZEN 10MT','05L/ 070CV','2019/2020','QXA-0915','Santo Ângelo','01213724756',21483),(92,'FIAT','FIORINO',NULL,NULL,'QQH-1967',NULL,NULL,NULL),(93,'FIAT','FIORINO',NULL,NULL,'RFQ9G24',NULL,NULL,NULL),(95,'FIAT','FIORINO',NULL,'2020','RFG9G23','IJUÍ',NULL,NULL),(96,'RENAULT','KWID ','1.0','2020/2021','BEP-8F70','IJUÍ','01246938054',19),(97,'RENAULT','KWID ','1.0','2020/2021','BEP-8F73','IJUÍ','01246937201',16),(98,'RENAULT','KWID ','1.0','2020/2021','BEP-8H03','IJUÍ','01246938666',19),(99,'RENAULT','KWID - Diogo','1.0','2020/2021','BEP-8H08','SANTO ANGELO','01246940164',19),(100,'RENAULT','KWID ZEN 10MT - Tayrone','70cv','2020/2021','BEP8H08','Santo Ângelo','01246940164',19),(101,NULL,'KWID',NULL,'2020','BEP8H12','CRUZ ALTA ',NULL,NULL),(102,'RENAULT','KWID',NULL,'2020','BEP-8H10',NULL,NULL,NULL),(103,'VW','GOL',NULL,'2020','RFL4E69','IJUI',NULL,NULL),(104,'Renault','kwid',NULL,NULL,'BEP 8H12','CRUZ ALTA ',NULL,NULL),(105,'volkswagen','GOL',NULL,NULL,'QUD 8444','CRUZ ALTA ',NULL,NULL),(106,'volkswagen','GOL',NULL,NULL,'RFL 4E69',NULL,NULL,NULL),(107,'RENAULT','KWID ZEN 10MT','1.0','2020/2021','BEP8H06','São Luiz Gonzaga','01246938860',0),(108,'FIAT ','UNO',NULL,NULL,'IZA-3F99','IJUÍ',NULL,NULL),(109,NULL,NULL,NULL,NULL,'CLIC RAPIDO TELECOMUNICAÇÃO LT',NULL,NULL,NULL),(110,'VW','GOL',NULL,NULL,'RFO4I08',NULL,NULL,NULL),(111,'FIAT','UNO',NULL,'2020','IZA3F99',NULL,NULL,NULL),(112,'RENAULT','KWID',NULL,'2020','RMS2I06',NULL,NULL,NULL),(113,'RENAULT','KWID',NULL,'2020','RMX5H82',NULL,NULL,NULL),(114,'RENAULT','KWID',NULL,'2020','RMX5H90',NULL,NULL,NULL),(115,'RENAULT','KWID',NULL,'2020','RMS2I15',NULL,NULL,NULL),(116,'RENAULT','KWID',NULL,'2020','RMX5H87',NULL,NULL,NULL),(117,'RENAULT','KWID',NULL,'2020','RMS2H94',NULL,NULL,NULL),(118,'RENAULT','KWID ','1.0','2020/2021','RMS2I17','IJUÍ','01259094496',19),(119,'RENAULT','KWID',NULL,'2020','RMS2I00',NULL,NULL,NULL),(120,'RENAULT','KWID',NULL,NULL,'RMX5H91',NULL,NULL,NULL),(121,'RENAUT - KWID 0 RMS2102',' KWID 0 RMS2102',NULL,'2020/2021',NULL,NULL,NULL,NULL),(122,'RENAUT ',' KWID',NULL,NULL,'RMX5H95',NULL,NULL,NULL),(123,'FIAT ','FIORINO','1.4','2020','RFK1H33','IJUÍ','01236350950',27213),(124,'RENAULT','KWID ','1.0','2021','RMN5IR8','SANTIAGO',NULL,NULL);


